{"id":348986,"date":"2026-03-08T01:31:48","date_gmt":"2026-03-08T00:31:48","guid":{"rendered":"https:\/\/grupotextil.es\/producto\/cartera-sublimacion\/"},"modified":"2026-03-08T01:31:48","modified_gmt":"2026-03-08T00:31:48","slug":"cartera-sublimacion","status":"publish","type":"product","link":"https:\/\/grupotextil.es\/ca\/product\/cartera-sublimacion\/","title":{"rendered":"Cartera sublimaci\u00f3n"},"content":{"rendered":"<ul>\n<li>100% poli\u00e9ster (600D\/300D)<\/li>\n<li>Compartimento para billetes y para tarjetas<\/li>\n<li>Ideal para sublimaci\u00f3n<\/li>\n<li>Facil personalizaci\u00f3n<\/li>\n<li>Parte delantera y trasera personalizables<\/li>\n<li>Tama\u00f1o: 24,5 x 9,5 cm (abierta); 12 x 9,5 cm (cerrada)<\/li>\n<li>\u00c1rea m\u00e1xima de impresi\u00f3n: 11 x 9,5 cm (2x)<\/li>\n<\/ul>","protected":false},"excerpt":{"rendered":"<p>100% poli\u00e9ster (600D\/300D)Compartimento para billetes y para tarjetasIdeal para sublimaci\u00f3nFacil personalizaci\u00f3nParte delantera y trasera personalizablesTama\u00f1o: 24,5 x 9,5 cm (abierta); 12 x 9,5 cm (c<\/p>","protected":false},"featured_media":406035,"comment_status":"open","ping_status":"closed","template":"","meta":{"_acf_changed":false},"product_brand":[11668],"product_cat":[13974,13975,13973],"product_tag":[],"class_list":{"0":"post-348986","1":"product","2":"type-product","3":"status-publish","4":"has-post-thumbnail","6":"product_brand-bag-base","7":"product_cat-ropa-hombre","8":"product_cat-ropa-mujer","9":"product_cat-ropa","10":"tm-no-options","12":"first","13":"instock","14":"taxable","15":"shipping-taxable","16":"product-type-variable"},"acf":[],"_links":{"self":[{"href":"https:\/\/grupotextil.es\/ca\/wp-json\/wp\/v2\/product\/348986","targetHints":{"allow":["GET"]}}],"collection":[{"href":"https:\/\/grupotextil.es\/ca\/wp-json\/wp\/v2\/product"}],"about":[{"href":"https:\/\/grupotextil.es\/ca\/wp-json\/wp\/v2\/types\/product"}],"replies":[{"embeddable":true,"href":"https:\/\/grupotextil.es\/ca\/wp-json\/wp\/v2\/comments?post=348986"}],"wp:featuredmedia":[{"embeddable":true,"href":"https:\/\/grupotextil.es\/ca\/wp-json\/wp\/v2\/media\/406035"}],"wp:attachment":[{"href":"https:\/\/grupotextil.es\/ca\/wp-json\/wp\/v2\/media?parent=348986"}],"wp:term":[{"taxonomy":"product_brand","embeddable":true,"href":"https:\/\/grupotextil.es\/ca\/wp-json\/wp\/v2\/product_brand?post=348986"},{"taxonomy":"product_cat","embeddable":true,"href":"https:\/\/grupotextil.es\/ca\/wp-json\/wp\/v2\/product_cat?post=348986"},{"taxonomy":"product_tag","embeddable":true,"href":"https:\/\/grupotextil.es\/ca\/wp-json\/wp\/v2\/product_tag?post=348986"}],"curies":[{"name":"wp","href":"https:\/\/api.w.org\/{rel}","templated":true}]}}

Cartera sublimación

<ul>
<li>100% poliéster (600D/300D)</li>
<li>Compartimento para billetes y para tarjetas</li>
<li>Ideal para sublimación</li>
<li>Facil personalización</li>
<li>Parte delantera y trasera personalizables</li>
<li>Tamaño: 24,5 x 9,5 cm (abierta); 12 x 9,5 cm (cerrada)</li>
<li>Área máxima de impresión: 11 x 9,5 cm (2x)</li>
</ul>

<p>100% poliéster (600D/300D)Compartimento para billetes y para tarjetasIdeal para sublimaciónFacil personalizaciónParte delantera y trasera personalizablesTamaño: 24,5 x 9,5 cm (abierta); 12 x 9,5 cm (c</p>
