{"id":349960,"date":"2026-03-08T01:32:41","date_gmt":"2026-03-08T00:32:41","guid":{"rendered":"https:\/\/grupotextil.es\/producto\/bolsa-mensajero-sublimacion\/"},"modified":"2026-03-08T01:32:41","modified_gmt":"2026-03-08T00:32:41","slug":"bolsa-mensajero-sublimacion","status":"publish","type":"product","link":"https:\/\/grupotextil.es\/ca\/product\/bolsa-mensajero-sublimacion\/","title":{"rendered":"Bag mensajero sublimaci\u00f3n"},"content":{"rendered":"<ul>\n<li>100% poli\u00e9ster (600D\/300D)<\/li>\n<li>Correa de hombro ajustable<\/li>\n<li>Compartimento principal con cremallera<\/li>\n<li>Bolsillo de malla con cierre Rip-Strip\u2122<\/li>\n<li>Ideal para sublimaci\u00f3n<\/li>\n<li>Facil personalizaci\u00f3n<\/li>\n<li>Capacidad: 4 litros<\/li>\n<li>Tama\u00f1o: 36 x 30 x 11,5 cm<\/li>\n<li>\u00c1rea m\u00e1xima de impresi\u00f3n: 36 x 26 cm<\/li>\n<\/ul>","protected":false},"excerpt":{"rendered":"<p>100% poli\u00e9ster (600D\/300D)Correa de hombro ajustableCompartimento principal con cremalleraBolsillo de malla con cierre Rip-Strip\u2122Ideal para sublimaci\u00f3nFacil personalizaci\u00f3nCapacidad: 4 litrosTama\u00f1o: 3<\/p>","protected":false},"featured_media":406362,"comment_status":"open","ping_status":"closed","template":"","meta":{"_acf_changed":false},"product_brand":[11668],"product_cat":[13977,13974,13975,13973],"product_tag":[],"class_list":{"0":"post-349960","1":"product","2":"type-product","3":"status-publish","4":"has-post-thumbnail","6":"product_brand-bag-base","7":"product_cat-h-camisetas-manga-corta","8":"product_cat-ropa-hombre","9":"product_cat-ropa-mujer","10":"product_cat-ropa","11":"tm-no-options","13":"first","14":"instock","15":"taxable","16":"shipping-taxable","17":"product-type-variable"},"acf":[],"_links":{"self":[{"href":"https:\/\/grupotextil.es\/ca\/wp-json\/wp\/v2\/product\/349960","targetHints":{"allow":["GET"]}}],"collection":[{"href":"https:\/\/grupotextil.es\/ca\/wp-json\/wp\/v2\/product"}],"about":[{"href":"https:\/\/grupotextil.es\/ca\/wp-json\/wp\/v2\/types\/product"}],"replies":[{"embeddable":true,"href":"https:\/\/grupotextil.es\/ca\/wp-json\/wp\/v2\/comments?post=349960"}],"wp:featuredmedia":[{"embeddable":true,"href":"https:\/\/grupotextil.es\/ca\/wp-json\/wp\/v2\/media\/406362"}],"wp:attachment":[{"href":"https:\/\/grupotextil.es\/ca\/wp-json\/wp\/v2\/media?parent=349960"}],"wp:term":[{"taxonomy":"product_brand","embeddable":true,"href":"https:\/\/grupotextil.es\/ca\/wp-json\/wp\/v2\/product_brand?post=349960"},{"taxonomy":"product_cat","embeddable":true,"href":"https:\/\/grupotextil.es\/ca\/wp-json\/wp\/v2\/product_cat?post=349960"},{"taxonomy":"product_tag","embeddable":true,"href":"https:\/\/grupotextil.es\/ca\/wp-json\/wp\/v2\/product_tag?post=349960"}],"curies":[{"name":"wp","href":"https:\/\/api.w.org\/{rel}","templated":true}]}}

Bag mensajero sublimación

<ul>
<li>100% poliéster (600D/300D)</li>
<li>Correa de hombro ajustable</li>
<li>Compartimento principal con cremallera</li>
<li>Bolsillo de malla con cierre Rip-Strip™</li>
<li>Ideal para sublimación</li>
<li>Facil personalización</li>
<li>Capacidad: 4 litros</li>
<li>Tamaño: 36 x 30 x 11,5 cm</li>
<li>Área máxima de impresión: 36 x 26 cm</li>
</ul>

<p>100% poliéster (600D/300D)Correa de hombro ajustableCompartimento principal con cremalleraBolsillo de malla con cierre Rip-Strip™Ideal para sublimaciónFacil personalizaciónCapacidad: 4 litrosTamaño: 3</p>
