{"id":349964,"date":"2026-03-08T01:32:42","date_gmt":"2026-03-08T00:32:42","guid":{"rendered":"https:\/\/grupotextil.es\/producto\/camiseta-active\/"},"modified":"2026-03-08T01:32:42","modified_gmt":"2026-03-08T00:32:42","slug":"camiseta-active","status":"publish","type":"product","link":"https:\/\/grupotextil.es\/ca\/product\/camiseta-active\/","title":{"rendered":"T-Shirt Active"},"content":{"rendered":"<ul>\n<li>140 g\/m\u00b2<\/li>\n<li>Malla ojo de p\u00e1jaro 100 % poli\u00e9ster, reciclada, con certificaci\u00f3n RCS<\/li>\n<li>Ajuste contempor\u00e1neo verdaderamente neutral en cuanto al g\u00e9nero<\/li>\n<li>Mangas ragl\u00e1n<\/li>\n<li>Costuras laterales<\/li>\n<li>Lavable a 60\u00ba<\/li>\n<li>Mangas de ragl\u00e1n<\/li>\n<li>Con costuras laterales<\/li>\n<li>Sin etiqueta, f\u00e1cil de rebrandear<\/li>\n<\/ul>","protected":false},"excerpt":{"rendered":"<p>140 g\/m\u00b2Malla ojo de p\u00e1jaro 100 % poli\u00e9ster, reciclada, con certificaci\u00f3n RCSAjuste contempor\u00e1neo verdaderamente neutral en cuanto al g\u00e9neroMangas ragl\u00e1nCosturas lateralesLavable a 60\u00baMangas de ragl\u00e1n<\/p>","protected":false},"featured_media":406381,"comment_status":"open","ping_status":"closed","template":"","meta":{"_acf_changed":false},"product_brand":[11653],"product_cat":[13977,13974,13975,13973],"product_tag":[],"class_list":{"0":"post-349964","1":"product","2":"type-product","3":"status-publish","4":"has-post-thumbnail","6":"product_brand-b-c","7":"product_cat-h-camisetas-manga-corta","8":"product_cat-ropa-hombre","9":"product_cat-ropa-mujer","10":"product_cat-ropa","11":"tm-no-options","13":"first","14":"instock","15":"taxable","16":"shipping-taxable","17":"product-type-variable"},"acf":[],"_links":{"self":[{"href":"https:\/\/grupotextil.es\/ca\/wp-json\/wp\/v2\/product\/349964","targetHints":{"allow":["GET"]}}],"collection":[{"href":"https:\/\/grupotextil.es\/ca\/wp-json\/wp\/v2\/product"}],"about":[{"href":"https:\/\/grupotextil.es\/ca\/wp-json\/wp\/v2\/types\/product"}],"replies":[{"embeddable":true,"href":"https:\/\/grupotextil.es\/ca\/wp-json\/wp\/v2\/comments?post=349964"}],"wp:featuredmedia":[{"embeddable":true,"href":"https:\/\/grupotextil.es\/ca\/wp-json\/wp\/v2\/media\/406381"}],"wp:attachment":[{"href":"https:\/\/grupotextil.es\/ca\/wp-json\/wp\/v2\/media?parent=349964"}],"wp:term":[{"taxonomy":"product_brand","embeddable":true,"href":"https:\/\/grupotextil.es\/ca\/wp-json\/wp\/v2\/product_brand?post=349964"},{"taxonomy":"product_cat","embeddable":true,"href":"https:\/\/grupotextil.es\/ca\/wp-json\/wp\/v2\/product_cat?post=349964"},{"taxonomy":"product_tag","embeddable":true,"href":"https:\/\/grupotextil.es\/ca\/wp-json\/wp\/v2\/product_tag?post=349964"}],"curies":[{"name":"wp","href":"https:\/\/api.w.org\/{rel}","templated":true}]}}

<ul>
<li>140 g/m²</li>
<li>Malla ojo de pájaro 100 % poliéster, reciclada, con certificación RCS</li>
<li>Ajuste contemporáneo verdaderamente neutral en cuanto al género</li>
<li>Mangas raglán</li>
<li>Costuras laterales</li>
<li>Lavable a 60º</li>
<li>Mangas de raglán</li>
<li>Con costuras laterales</li>
<li>Sin etiqueta, fácil de rebrandear</li>
</ul>

<p>140 g/m²Malla ojo de pájaro 100 % poliéster, reciclada, con certificación RCSAjuste contemporáneo verdaderamente neutral en cuanto al géneroMangas raglánCosturas lateralesLavable a 60ºMangas de raglán</p>
