{"id":350268,"date":"2026-03-08T01:33:16","date_gmt":"2026-03-08T00:33:16","guid":{"rendered":"https:\/\/grupotextil.es\/producto\/mochila-para-portatil-jerusalen\/"},"modified":"2026-03-08T01:33:16","modified_gmt":"2026-03-08T00:33:16","slug":"mochila-para-portatil-jerusalen","status":"publish","type":"product","link":"https:\/\/grupotextil.es\/ca\/product\/mochila-para-portatil-jerusalen\/","title":{"rendered":"Mochila para port\u00e1til Jerusal\u00e9n"},"content":{"rendered":"<ul>\n<li>100% poli\u00e9ster (m\u00e9lange 600D, jacquard 420D)<\/li>\n<li>Mochila ligera y funcional para port\u00e1til<\/li>\n<li>Asa de manos<\/li>\n<li>Tirantes acolchados ajustables<\/li>\n<li>Respaldo acolchado de malla<\/li>\n<li>Compartimento principal con cremallera apto para port\u00e1tiles de hasta 15,6<\/li>\n<li>Bolsillo superior de malla para iPad<\/li>\n<li>Compartimento frontal con cremallera con bolsillo interior organizador<\/li>\n<li>Peque\u00f1o bolsillo con cremallera en el panel frontal<\/li>\n<li>2 bolsillos laterales el\u00e1sticos<\/li>\n<li>Capacidad: 18 Litros<\/li>\n<li>Medidas: 27 x 16 x 43 cm<\/li>\n<li>Adecuado para serigraf\u00eda, transfer o bordado<\/li>\n<li>M\u00e1x. bordado: 14 aro tubular<\/li>\n<li>M\u00e1x. \u00e1rea de impresi\u00f3n: 14 x 17 cm<\/li>\n<\/ul>","protected":false},"excerpt":{"rendered":"<p>100% poli\u00e9ster (m\u00e9lange 600D, jacquard 420D)Mochila ligera y funcional para port\u00e1tilAsa de manosTirantes acolchados ajustablesRespaldo acolchado de mallaCompartimento principal con cremallera apto &#8230;<\/p>","protected":false},"featured_media":406474,"comment_status":"open","ping_status":"closed","template":"","meta":{"_acf_changed":false},"product_brand":[11660],"product_cat":[13977,13974,13975,13973],"product_tag":[],"class_list":{"0":"post-350268","1":"product","2":"type-product","3":"status-publish","4":"has-post-thumbnail","6":"product_brand-shugon","7":"product_cat-h-camisetas-manga-corta","8":"product_cat-ropa-hombre","9":"product_cat-ropa-mujer","10":"product_cat-ropa","11":"tm-no-options","13":"first","14":"instock","15":"taxable","16":"shipping-taxable","17":"product-type-variable"},"acf":[],"_links":{"self":[{"href":"https:\/\/grupotextil.es\/ca\/wp-json\/wp\/v2\/product\/350268","targetHints":{"allow":["GET"]}}],"collection":[{"href":"https:\/\/grupotextil.es\/ca\/wp-json\/wp\/v2\/product"}],"about":[{"href":"https:\/\/grupotextil.es\/ca\/wp-json\/wp\/v2\/types\/product"}],"replies":[{"embeddable":true,"href":"https:\/\/grupotextil.es\/ca\/wp-json\/wp\/v2\/comments?post=350268"}],"wp:featuredmedia":[{"embeddable":true,"href":"https:\/\/grupotextil.es\/ca\/wp-json\/wp\/v2\/media\/406474"}],"wp:attachment":[{"href":"https:\/\/grupotextil.es\/ca\/wp-json\/wp\/v2\/media?parent=350268"}],"wp:term":[{"taxonomy":"product_brand","embeddable":true,"href":"https:\/\/grupotextil.es\/ca\/wp-json\/wp\/v2\/product_brand?post=350268"},{"taxonomy":"product_cat","embeddable":true,"href":"https:\/\/grupotextil.es\/ca\/wp-json\/wp\/v2\/product_cat?post=350268"},{"taxonomy":"product_tag","embeddable":true,"href":"https:\/\/grupotextil.es\/ca\/wp-json\/wp\/v2\/product_tag?post=350268"}],"curies":[{"name":"wp","href":"https:\/\/api.w.org\/{rel}","templated":true}]}}

Mochila para portátil Jerusalén

<ul>
<li>100% poliéster (mélange 600D, jacquard 420D)</li>
<li>Mochila ligera y funcional para portátil</li>
<li>Asa de manos</li>
<li>Tirantes acolchados ajustables</li>
<li>Respaldo acolchado de malla</li>
<li>Compartimento principal con cremallera apto para portátiles de hasta 15,6</li>
<li>Bolsillo superior de malla para iPad</li>
<li>Compartimento frontal con cremallera con bolsillo interior organizador</li>
<li>Pequeño bolsillo con cremallera en el panel frontal</li>
<li>2 bolsillos laterales elásticos</li>
<li>Capacidad: 18 Litros</li>
<li>Medidas: 27 x 16 x 43 cm</li>
<li>Adecuado para serigrafía, transfer o bordado</li>
<li>Máx. bordado: 14 aro tubular</li>
<li>Máx. área de impresión: 14 x 17 cm</li>
</ul>

<p>100% poliéster (mélange 600D, jacquard 420D)Mochila ligera y funcional para portátilAsa de manosTirantes acolchados ajustablesRespaldo acolchado de mallaCompartimento principal con cremallera apto &#8230;</p>
