{"id":350439,"date":"2026-03-08T01:33:36","date_gmt":"2026-03-08T00:33:36","guid":{"rendered":"https:\/\/grupotextil.es\/producto\/maleta-tungsten-business\/"},"modified":"2026-03-08T01:33:36","modified_gmt":"2026-03-08T00:33:36","slug":"maleta-tungsten-business","status":"publish","type":"product","link":"https:\/\/grupotextil.es\/ca\/product\/maleta-tungsten-business\/","title":{"rendered":"Maleta Tungsten\u2122 Business"},"content":{"rendered":"<ul>\n<li>100% poli\u00e9ster (1680D)<\/li>\n<li>Mango acolchado, mango retr\u00e1ctil de doble tubo<\/li>\n<li>Bolsillo principal con cierre<\/li>\n<li>Bolsillo interior de malla con cremallera<\/li>\n<li>Bolsillo para port\u00e1til, compatible hasta 15.6<\/li>\n<li>Bolsillo delantero<\/li>\n<li>Secci\u00f3n para tarjeta identificativa<\/li>\n<li>Ruedas y base resistentes<\/li>\n<li>Medidas compatibles con equipaje de cabina<\/li>\n<li>Capacidad: 29 Litros<\/li>\n<li>Dimensiones: 38 x 55 x 20 cm<\/li>\n<li>\u00c1rea personalizaci\u00f3n: 22 x 26 cm.<\/li>\n<\/ul>","protected":false},"excerpt":{"rendered":"<p>100% poli\u00e9ster (1680D)Mango acolchado, mango retr\u00e1ctil de doble tuboBolsillo principal con cierreBolsillo interior de malla con cremalleraBolsillo para port\u00e1til, compatible hasta 15.<\/p>","protected":false},"featured_media":406544,"comment_status":"open","ping_status":"closed","template":"","meta":{"_acf_changed":false},"product_brand":[11657],"product_cat":[13977,13974,13975,13973],"product_tag":[],"class_list":{"0":"post-350439","1":"product","2":"type-product","3":"status-publish","4":"has-post-thumbnail","6":"product_brand-quadra","7":"product_cat-h-camisetas-manga-corta","8":"product_cat-ropa-hombre","9":"product_cat-ropa-mujer","10":"product_cat-ropa","11":"tm-no-options","13":"first","14":"instock","15":"taxable","16":"shipping-taxable","17":"product-type-variable"},"acf":[],"_links":{"self":[{"href":"https:\/\/grupotextil.es\/ca\/wp-json\/wp\/v2\/product\/350439","targetHints":{"allow":["GET"]}}],"collection":[{"href":"https:\/\/grupotextil.es\/ca\/wp-json\/wp\/v2\/product"}],"about":[{"href":"https:\/\/grupotextil.es\/ca\/wp-json\/wp\/v2\/types\/product"}],"replies":[{"embeddable":true,"href":"https:\/\/grupotextil.es\/ca\/wp-json\/wp\/v2\/comments?post=350439"}],"wp:featuredmedia":[{"embeddable":true,"href":"https:\/\/grupotextil.es\/ca\/wp-json\/wp\/v2\/media\/406544"}],"wp:attachment":[{"href":"https:\/\/grupotextil.es\/ca\/wp-json\/wp\/v2\/media?parent=350439"}],"wp:term":[{"taxonomy":"product_brand","embeddable":true,"href":"https:\/\/grupotextil.es\/ca\/wp-json\/wp\/v2\/product_brand?post=350439"},{"taxonomy":"product_cat","embeddable":true,"href":"https:\/\/grupotextil.es\/ca\/wp-json\/wp\/v2\/product_cat?post=350439"},{"taxonomy":"product_tag","embeddable":true,"href":"https:\/\/grupotextil.es\/ca\/wp-json\/wp\/v2\/product_tag?post=350439"}],"curies":[{"name":"wp","href":"https:\/\/api.w.org\/{rel}","templated":true}]}}

<ul>
<li>100% poliéster (1680D)</li>
<li>Mango acolchado, mango retráctil de doble tubo</li>
<li>Bolsillo principal con cierre</li>
<li>Bolsillo interior de malla con cremallera</li>
<li>Bolsillo para portátil, compatible hasta 15.6</li>
<li>Bolsillo delantero</li>
<li>Sección para tarjeta identificativa</li>
<li>Ruedas y base resistentes</li>
<li>Medidas compatibles con equipaje de cabina</li>
<li>Capacidad: 29 Litros</li>
<li>Dimensiones: 38 x 55 x 20 cm</li>
<li>Área personalización: 22 x 26 cm.</li>
</ul>

<p>100% poliéster (1680D)Mango acolchado, mango retráctil de doble tuboBolsillo principal con cierreBolsillo interior de malla con cremalleraBolsillo para portátil, compatible hasta 15.</p>
