{"id":350517,"date":"2026-03-08T01:33:48","date_gmt":"2026-03-08T00:33:48","guid":{"rendered":"https:\/\/grupotextil.es\/producto\/mochila-icon\/"},"modified":"2026-03-08T01:33:48","modified_gmt":"2026-03-08T00:33:48","slug":"mochila-icon","status":"publish","type":"product","link":"https:\/\/grupotextil.es\/ca\/product\/mochila-icon\/","title":{"rendered":"Mochila Icon"},"content":{"rendered":"<ul>\n<li>150 g\/m\u00b2<\/li>\n<li>100% poli\u00e9ster (300D)<\/li>\n<li>Cord\u00f3n resistente (blanco bolsas de un color \/ contrastado bolsas bicolor)<\/li>\n<li>Bolsillo oculto<\/li>\n<li>Etiqueta extra\u00edble<\/li>\n<li>Capacidad: 15 Litros<\/li>\n<li>Tama\u00f1o: 40 x 49 cm<\/li>\n<li>M\u00e1ximo bordado: aro tubular 18<\/li>\n<li>\u00c1rea personalizaci\u00f3n: 36 x 42 cm<\/li>\n<\/ul>","protected":false},"excerpt":{"rendered":"<p>150 g\/m\u00b2100% poli\u00e9ster (300D)Cord\u00f3n resistente (blanco bolsas de un color \/ contrastado bolsas bicolor)Bolsillo ocultoEtiqueta extra\u00edbleCapacidad: 15 LitrosTama\u00f1o: 40 x 49 cmM\u00e1ximo bordado: aro tubula<\/p>","protected":false},"featured_media":406588,"comment_status":"open","ping_status":"closed","template":"","meta":{"_acf_changed":false},"product_brand":[11668],"product_cat":[13977,13974,13975,13973],"product_tag":[14009],"class_list":{"0":"post-350517","1":"product","2":"type-product","3":"status-publish","4":"has-post-thumbnail","6":"product_brand-bag-base","7":"product_cat-h-camisetas-manga-corta","8":"product_cat-ropa-hombre","9":"product_cat-ropa-mujer","10":"product_cat-ropa","11":"product_tag-top-ventas","12":"tm-no-options","14":"first","15":"instock","16":"taxable","17":"shipping-taxable","18":"product-type-variable"},"acf":[],"_links":{"self":[{"href":"https:\/\/grupotextil.es\/ca\/wp-json\/wp\/v2\/product\/350517","targetHints":{"allow":["GET"]}}],"collection":[{"href":"https:\/\/grupotextil.es\/ca\/wp-json\/wp\/v2\/product"}],"about":[{"href":"https:\/\/grupotextil.es\/ca\/wp-json\/wp\/v2\/types\/product"}],"replies":[{"embeddable":true,"href":"https:\/\/grupotextil.es\/ca\/wp-json\/wp\/v2\/comments?post=350517"}],"wp:featuredmedia":[{"embeddable":true,"href":"https:\/\/grupotextil.es\/ca\/wp-json\/wp\/v2\/media\/406588"}],"wp:attachment":[{"href":"https:\/\/grupotextil.es\/ca\/wp-json\/wp\/v2\/media?parent=350517"}],"wp:term":[{"taxonomy":"product_brand","embeddable":true,"href":"https:\/\/grupotextil.es\/ca\/wp-json\/wp\/v2\/product_brand?post=350517"},{"taxonomy":"product_cat","embeddable":true,"href":"https:\/\/grupotextil.es\/ca\/wp-json\/wp\/v2\/product_cat?post=350517"},{"taxonomy":"product_tag","embeddable":true,"href":"https:\/\/grupotextil.es\/ca\/wp-json\/wp\/v2\/product_tag?post=350517"}],"curies":[{"name":"wp","href":"https:\/\/api.w.org\/{rel}","templated":true}]}}

<ul>
<li>150 g/m²</li>
<li>100% poliéster (300D)</li>
<li>Cordón resistente (blanco bolsas de un color / contrastado bolsas bicolor)</li>
<li>Bolsillo oculto</li>
<li>Etiqueta extraíble</li>
<li>Capacidad: 15 Litros</li>
<li>Tamaño: 40 x 49 cm</li>
<li>Máximo bordado: aro tubular 18</li>
<li>Área personalización: 36 x 42 cm</li>
</ul>

<p>150 g/m²100% poliéster (300D)Cordón resistente (blanco bolsas de un color / contrastado bolsas bicolor)Bolsillo ocultoEtiqueta extraíbleCapacidad: 15 LitrosTamaño: 40 x 49 cmMáximo bordado: aro tubula</p>
