{"id":350603,"date":"2026-03-08T01:33:59","date_gmt":"2026-03-08T00:33:59","guid":{"rendered":"https:\/\/grupotextil.es\/producto\/mochila-para-portatil-amber-chic\/"},"modified":"2026-03-08T01:33:59","modified_gmt":"2026-03-08T00:33:59","slug":"mochila-para-portatil-amber-chic","status":"publish","type":"product","link":"https:\/\/grupotextil.es\/ca\/product\/mochila-para-portatil-amber-chic\/","title":{"rendered":"Mochila para port\u00e1til Amber Chic"},"content":{"rendered":"<ul>\n<li>100% Poliuretano<\/li>\n<li>Respaldo de tela de poli\u00e9ster<\/li>\n<li>Mochila elegante para port\u00e1til<\/li>\n<li>Impermeable, incluso la cremallera es impermeable<\/li>\n<li>Asa acolchada y correas para los hombros<\/li>\n<li>Cierre \u00fanico y f\u00e1cil<\/li>\n<li>Compartimento trasero para port\u00e1til y iPad<\/li>\n<li>Compartimento principal con bolsillos interiores: bolsillo de malla con cremallera, bolsillo de malla el\u00e1stica para botella, 2 bolsillos para accesorios, llavero<\/li>\n<li>Capacidad: 12 Litros<\/li>\n<li>Medidas: 27 x 12 x 40 cm<\/li>\n<li>Apto para serigraf\u00eda o estampado<\/li>\n<li>M\u00e1x. \u00e1rea de impresi\u00f3n: 12 x 16 cm<\/li>\n<\/ul>","protected":false},"excerpt":{"rendered":"<p>100% PoliuretanoRespaldo de tela de poli\u00e9sterMochila elegante para port\u00e1tilImpermeable, incluso la cremallera es impermeableAsa acolchada y correas para los hombrosCierre \u00fanico y f\u00e1cilCompartimento&#8230;<\/p>","protected":false},"featured_media":406683,"comment_status":"open","ping_status":"closed","template":"","meta":{"_acf_changed":false},"product_brand":[11660],"product_cat":[13954],"product_tag":[],"class_list":{"0":"post-350603","1":"product","2":"type-product","3":"status-publish","4":"has-post-thumbnail","6":"product_brand-shugon","7":"product_cat-acc-bolsas-y-mochilas","8":"tm-no-options","10":"first","11":"instock","12":"taxable","13":"shipping-taxable","14":"product-type-variable"},"acf":[],"_links":{"self":[{"href":"https:\/\/grupotextil.es\/ca\/wp-json\/wp\/v2\/product\/350603","targetHints":{"allow":["GET"]}}],"collection":[{"href":"https:\/\/grupotextil.es\/ca\/wp-json\/wp\/v2\/product"}],"about":[{"href":"https:\/\/grupotextil.es\/ca\/wp-json\/wp\/v2\/types\/product"}],"replies":[{"embeddable":true,"href":"https:\/\/grupotextil.es\/ca\/wp-json\/wp\/v2\/comments?post=350603"}],"wp:featuredmedia":[{"embeddable":true,"href":"https:\/\/grupotextil.es\/ca\/wp-json\/wp\/v2\/media\/406683"}],"wp:attachment":[{"href":"https:\/\/grupotextil.es\/ca\/wp-json\/wp\/v2\/media?parent=350603"}],"wp:term":[{"taxonomy":"product_brand","embeddable":true,"href":"https:\/\/grupotextil.es\/ca\/wp-json\/wp\/v2\/product_brand?post=350603"},{"taxonomy":"product_cat","embeddable":true,"href":"https:\/\/grupotextil.es\/ca\/wp-json\/wp\/v2\/product_cat?post=350603"},{"taxonomy":"product_tag","embeddable":true,"href":"https:\/\/grupotextil.es\/ca\/wp-json\/wp\/v2\/product_tag?post=350603"}],"curies":[{"name":"wp","href":"https:\/\/api.w.org\/{rel}","templated":true}]}}

Mochila para portátil Amber Chic

<ul>
<li>100% Poliuretano</li>
<li>Respaldo de tela de poliéster</li>
<li>Mochila elegante para portátil</li>
<li>Impermeable, incluso la cremallera es impermeable</li>
<li>Asa acolchada y correas para los hombros</li>
<li>Cierre único y fácil</li>
<li>Compartimento trasero para portátil y iPad</li>
<li>Compartimento principal con bolsillos interiores: bolsillo de malla con cremallera, bolsillo de malla elástica para botella, 2 bolsillos para accesorios, llavero</li>
<li>Capacidad: 12 Litros</li>
<li>Medidas: 27 x 12 x 40 cm</li>
<li>Apto para serigrafía o estampado</li>
<li>Máx. área de impresión: 12 x 16 cm</li>
</ul>

<p>100% PoliuretanoRespaldo de tela de poliésterMochila elegante para portátilImpermeable, incluso la cremallera es impermeableAsa acolchada y correas para los hombrosCierre único y fácilCompartimento&#8230;</p>
