{"id":350605,"date":"2026-03-08T01:34:00","date_gmt":"2026-03-08T00:34:00","guid":{"rendered":"https:\/\/grupotextil.es\/producto\/camiseta-con-cuello-en-v-de-mujer-e150\/"},"modified":"2026-03-08T01:34:00","modified_gmt":"2026-03-08T00:34:00","slug":"camiseta-con-cuello-en-v-de-mujer-e150","status":"publish","type":"product","link":"https:\/\/grupotextil.es\/ca\/product\/camiseta-con-cuello-en-v-de-mujer-e150\/","title":{"rendered":"Camiseta con Cuello en V de mujer #E150"},"content":{"rendered":"<ul>\n<li>145 g\/m\u00b2<\/li>\n<li>100 % algod\u00f3n, preencogido, ring-spun (invirtiendo en un mejor algod\u00f3n)<\/li>\n<li>Ajuste cl\u00e1sico moderno #usos m\u00faltiples<\/li>\n<li>Costuras laterales #ajuste<\/li>\n<li>Cuello femenino con V realzado #siluetafemenina<\/li>\n<li>Cinta en la nuca para un acabado limpio #comodidad<\/li>\n<li>Costuras de hombros hacia adelante #moderno<\/li>\n<li>Sin etiqueta, f\u00e1cil de rebrandear<\/li>\n<\/ul>","protected":false},"excerpt":{"rendered":"<p>145 g\/m\u00b2100 % algod\u00f3n, preencogido, ring-spun (invirtiendo en un mejor algod\u00f3n)Ajuste cl\u00e1sico moderno #usos m\u00faltiplesCosturas laterales #ajusteCuello femenino con V realzado #siluetafemeninaCinta en l<\/p>","protected":false},"featured_media":406698,"comment_status":"open","ping_status":"closed","template":"","meta":{"_acf_changed":false},"product_brand":[11653],"product_cat":[13931,13986,13930,13975,13973],"product_tag":[],"class_list":{"0":"post-350605","1":"product","2":"type-product","3":"status-publish","4":"has-post-thumbnail","6":"product_brand-b-c","7":"product_cat-rl-alta-visibilidad","8":"product_cat-m-camisetas-manga-corta","9":"product_cat-laboral","10":"product_cat-ropa-mujer","11":"product_cat-ropa","12":"tm-no-options","14":"first","15":"instock","16":"taxable","17":"shipping-taxable","18":"product-type-variable"},"acf":[],"_links":{"self":[{"href":"https:\/\/grupotextil.es\/ca\/wp-json\/wp\/v2\/product\/350605","targetHints":{"allow":["GET"]}}],"collection":[{"href":"https:\/\/grupotextil.es\/ca\/wp-json\/wp\/v2\/product"}],"about":[{"href":"https:\/\/grupotextil.es\/ca\/wp-json\/wp\/v2\/types\/product"}],"replies":[{"embeddable":true,"href":"https:\/\/grupotextil.es\/ca\/wp-json\/wp\/v2\/comments?post=350605"}],"wp:featuredmedia":[{"embeddable":true,"href":"https:\/\/grupotextil.es\/ca\/wp-json\/wp\/v2\/media\/406698"}],"wp:attachment":[{"href":"https:\/\/grupotextil.es\/ca\/wp-json\/wp\/v2\/media?parent=350605"}],"wp:term":[{"taxonomy":"product_brand","embeddable":true,"href":"https:\/\/grupotextil.es\/ca\/wp-json\/wp\/v2\/product_brand?post=350605"},{"taxonomy":"product_cat","embeddable":true,"href":"https:\/\/grupotextil.es\/ca\/wp-json\/wp\/v2\/product_cat?post=350605"},{"taxonomy":"product_tag","embeddable":true,"href":"https:\/\/grupotextil.es\/ca\/wp-json\/wp\/v2\/product_tag?post=350605"}],"curies":[{"name":"wp","href":"https:\/\/api.w.org\/{rel}","templated":true}]}}

<ul>
<li>145 g/m²</li>
<li>100 % algodón, preencogido, ring-spun (invirtiendo en un mejor algodón)</li>
<li>Ajuste clásico moderno #usos múltiples</li>
<li>Costuras laterales #ajuste</li>
<li>Cuello femenino con V realzado #siluetafemenina</li>
<li>Cinta en la nuca para un acabado limpio #comodidad</li>
<li>Costuras de hombros hacia adelante #moderno</li>
<li>Sin etiqueta, fácil de rebrandear</li>
</ul>

<p>145 g/m²100 % algodón, preencogido, ring-spun (invirtiendo en un mejor algodón)Ajuste clásico moderno #usos múltiplesCosturas laterales #ajusteCuello femenino con V realzado #siluetafemeninaCinta en l</p>
