{"id":350948,"date":"2026-03-08T01:34:23","date_gmt":"2026-03-08T00:34:23","guid":{"rendered":"https:\/\/grupotextil.es\/producto\/botella-con-funda\/"},"modified":"2026-03-08T01:34:23","modified_gmt":"2026-03-08T00:34:23","slug":"botella-con-funda","status":"publish","type":"product","link":"https:\/\/grupotextil.es\/ca\/product\/botella-con-funda\/","title":{"rendered":"Botella con funda"},"content":{"rendered":"<ul>\n<li>100% poli\u00e9ster (600D)<\/li>\n<li>Botella para agua de 500 ml<\/li>\n<li>Botella con amplia abertura para facilitar el llenado y la limpieza<\/li>\n<li>Etiqueta de identificaci\u00f3n interna<\/li>\n<li>Trabilla para el cintur\u00f3n y mosquet\u00f3n<\/li>\n<li>Capacidad: 0,5 litros<\/li>\n<li>Dimensiones: 7,5 x 7,5 x 20 cm<\/li>\n<li>Bordado m\u00e1ximo: aro tubular 9<\/li>\n<li>\u00c1rea de impresi\u00f3n: 9 x 9 cm<\/li>\n<\/ul>","protected":false},"excerpt":{"rendered":"<p>100% poli\u00e9ster (600D)Botella para agua de 500 mlBotella con amplia abertura para facilitar el llenado y la limpiezaEtiqueta de identificaci\u00f3n internaTrabilla para el cintur\u00f3n y mosquet\u00f3nCapacidad: 0,5<\/p>","protected":false},"featured_media":406907,"comment_status":"open","ping_status":"closed","template":"","meta":{"_acf_changed":false},"product_brand":[11657],"product_cat":[13954,13974,13975,13973],"product_tag":[],"class_list":{"0":"post-350948","1":"product","2":"type-product","3":"status-publish","4":"has-post-thumbnail","6":"product_brand-quadra","7":"product_cat-acc-bolsas-y-mochilas","8":"product_cat-ropa-hombre","9":"product_cat-ropa-mujer","10":"product_cat-ropa","11":"tm-no-options","13":"first","14":"instock","15":"taxable","16":"shipping-taxable","17":"product-type-variable"},"acf":[],"_links":{"self":[{"href":"https:\/\/grupotextil.es\/ca\/wp-json\/wp\/v2\/product\/350948","targetHints":{"allow":["GET"]}}],"collection":[{"href":"https:\/\/grupotextil.es\/ca\/wp-json\/wp\/v2\/product"}],"about":[{"href":"https:\/\/grupotextil.es\/ca\/wp-json\/wp\/v2\/types\/product"}],"replies":[{"embeddable":true,"href":"https:\/\/grupotextil.es\/ca\/wp-json\/wp\/v2\/comments?post=350948"}],"wp:featuredmedia":[{"embeddable":true,"href":"https:\/\/grupotextil.es\/ca\/wp-json\/wp\/v2\/media\/406907"}],"wp:attachment":[{"href":"https:\/\/grupotextil.es\/ca\/wp-json\/wp\/v2\/media?parent=350948"}],"wp:term":[{"taxonomy":"product_brand","embeddable":true,"href":"https:\/\/grupotextil.es\/ca\/wp-json\/wp\/v2\/product_brand?post=350948"},{"taxonomy":"product_cat","embeddable":true,"href":"https:\/\/grupotextil.es\/ca\/wp-json\/wp\/v2\/product_cat?post=350948"},{"taxonomy":"product_tag","embeddable":true,"href":"https:\/\/grupotextil.es\/ca\/wp-json\/wp\/v2\/product_tag?post=350948"}],"curies":[{"name":"wp","href":"https:\/\/api.w.org\/{rel}","templated":true}]}}

<ul>
<li>100% poliéster (600D)</li>
<li>Botella para agua de 500 ml</li>
<li>Botella con amplia abertura para facilitar el llenado y la limpieza</li>
<li>Etiqueta de identificación interna</li>
<li>Trabilla para el cinturón y mosquetón</li>
<li>Capacidad: 0,5 litros</li>
<li>Dimensiones: 7,5 x 7,5 x 20 cm</li>
<li>Bordado máximo: aro tubular 9</li>
<li>Área de impresión: 9 x 9 cm</li>
</ul>

<p>100% poliéster (600D)Botella para agua de 500 mlBotella con amplia abertura para facilitar el llenado y la limpiezaEtiqueta de identificación internaTrabilla para el cinturón y mosquetónCapacidad: 0,5</p>
