{"id":350989,"date":"2026-03-08T01:34:29","date_gmt":"2026-03-08T00:34:29","guid":{"rendered":"https:\/\/grupotextil.es\/producto\/botella-de-agua-fria-caliente-nilo\/"},"modified":"2026-03-08T01:34:29","modified_gmt":"2026-03-08T00:34:29","slug":"botella-de-agua-fria-caliente-nilo","status":"publish","type":"product","link":"https:\/\/grupotextil.es\/ca\/product\/botella-de-agua-fria-caliente-nilo\/","title":{"rendered":"Botella de agua fr\u00eda\/caliente Nilo"},"content":{"rendered":"<ul>\n<li>100 % acero inoxidable (exterior: 201, interior: 304)<\/li>\n<li>Tapa fabricada en silicona y polipropileno<\/li>\n<li>Botella moderna de agua caliente y fr\u00eda<\/li>\n<li>Capacidad: 0.5 Litros<\/li>\n<li>Medidas: 7 x 7 x 27 cm<\/li>\n<li>Adecuado para serigraf\u00eda o transfer<\/li>\n<li>M\u00e1x. \u00e1rea de impresi\u00f3n: 21 x 10 cm<\/li>\n<\/ul>","protected":false},"excerpt":{"rendered":"<p>100 % acero inoxidable (exterior: 201, interior: 304)Tapa fabricada en silicona y polipropilenoBotella moderna de agua caliente y fr\u00edaCapacidad: 0.<\/p>","protected":false},"featured_media":406956,"comment_status":"open","ping_status":"closed","template":"","meta":{"_acf_changed":false},"product_brand":[11660],"product_cat":[13954,13974,13975,13973],"product_tag":[],"class_list":{"0":"post-350989","1":"product","2":"type-product","3":"status-publish","4":"has-post-thumbnail","6":"product_brand-shugon","7":"product_cat-acc-bolsas-y-mochilas","8":"product_cat-ropa-hombre","9":"product_cat-ropa-mujer","10":"product_cat-ropa","11":"tm-no-options","13":"first","14":"instock","15":"taxable","16":"shipping-taxable","17":"product-type-variable"},"acf":[],"_links":{"self":[{"href":"https:\/\/grupotextil.es\/ca\/wp-json\/wp\/v2\/product\/350989","targetHints":{"allow":["GET"]}}],"collection":[{"href":"https:\/\/grupotextil.es\/ca\/wp-json\/wp\/v2\/product"}],"about":[{"href":"https:\/\/grupotextil.es\/ca\/wp-json\/wp\/v2\/types\/product"}],"replies":[{"embeddable":true,"href":"https:\/\/grupotextil.es\/ca\/wp-json\/wp\/v2\/comments?post=350989"}],"wp:featuredmedia":[{"embeddable":true,"href":"https:\/\/grupotextil.es\/ca\/wp-json\/wp\/v2\/media\/406956"}],"wp:attachment":[{"href":"https:\/\/grupotextil.es\/ca\/wp-json\/wp\/v2\/media?parent=350989"}],"wp:term":[{"taxonomy":"product_brand","embeddable":true,"href":"https:\/\/grupotextil.es\/ca\/wp-json\/wp\/v2\/product_brand?post=350989"},{"taxonomy":"product_cat","embeddable":true,"href":"https:\/\/grupotextil.es\/ca\/wp-json\/wp\/v2\/product_cat?post=350989"},{"taxonomy":"product_tag","embeddable":true,"href":"https:\/\/grupotextil.es\/ca\/wp-json\/wp\/v2\/product_tag?post=350989"}],"curies":[{"name":"wp","href":"https:\/\/api.w.org\/{rel}","templated":true}]}}

Botella de agua fría/caliente Nilo

<ul>
<li>100 % acero inoxidable (exterior: 201, interior: 304)</li>
<li>Tapa fabricada en silicona y polipropileno</li>
<li>Botella moderna de agua caliente y fría</li>
<li>Capacidad: 0.5 Litros</li>
<li>Medidas: 7 x 7 x 27 cm</li>
<li>Adecuado para serigrafía o transfer</li>
<li>Máx. área de impresión: 21 x 10 cm</li>
</ul>

<p>100 % acero inoxidable (exterior: 201, interior: 304)Tapa fabricada en silicona y polipropilenoBotella moderna de agua caliente y fríaCapacidad: 0.</p>
