{"id":351197,"date":"2026-03-08T01:34:47","date_gmt":"2026-03-08T00:34:47","guid":{"rendered":"https:\/\/grupotextil.es\/producto\/mochila-urbana-tlv\/"},"modified":"2026-03-08T01:34:47","modified_gmt":"2026-03-08T00:34:47","slug":"mochila-urbana-tlv","status":"publish","type":"product","link":"https:\/\/grupotextil.es\/ca\/product\/mochila-urbana-tlv\/","title":{"rendered":"Mochila Urbana TLV"},"content":{"rendered":"<ul>\n<li>100% poli\u00e9ster (600D)<\/li>\n<li>Mochila urbana unisex moderna<\/li>\n<li>Asa de manos palmeada<\/li>\n<li>Tirantes acolchados ajustables<\/li>\n<li>Respaldo acolchado de malla<\/li>\n<li>Solapa con cierre de clic<\/li>\n<li>2 grandes compartimentos con cremallera<\/li>\n<li>Bolsillo superior con cremallera para accesorios<\/li>\n<li>Grandes bolsillos laterales con cremallera<\/li>\n<li>Capacidad: 22 Litros<\/li>\n<li>Medidas: 29 x 19 x 46 cm<\/li>\n<li>Adecuado para serigraf\u00eda, transfer o bordado<\/li>\n<li>M\u00e1x. bordado: 10 aro tubular<\/li>\n<li>M\u00e1x. \u00e1rea de impresi\u00f3n: 10 x 10 cm<\/li>\n<\/ul>","protected":false},"excerpt":{"rendered":"<p>100% poli\u00e9ster (600D)Mochila urbana unisex modernaAsa de manos palmeadaTirantes acolchados ajustablesRespaldo acolchado de mallaSolapa con cierre de clic2 grandes compartimentos con cremalleraBolsi&#8230;<\/p>","protected":false},"featured_media":407062,"comment_status":"open","ping_status":"closed","template":"","meta":{"_acf_changed":false},"product_brand":[11660],"product_cat":[13948,13954,13939,13974,13932,13975,13988,13973],"product_tag":[],"class_list":{"0":"post-351197","1":"product","2":"type-product","3":"status-publish","4":"has-post-thumbnail","6":"product_brand-shugon","7":"product_cat-accesorios","8":"product_cat-acc-bolsas-y-mochilas","9":"product_cat-deportivo","10":"product_cat-ropa-hombre","11":"product_cat-hosteleria-horeca","12":"product_cat-ropa-mujer","13":"product_cat-m-polos","14":"product_cat-ropa","15":"tm-no-options","17":"first","18":"instock","19":"taxable","20":"shipping-taxable","21":"product-type-variable"},"acf":[],"_links":{"self":[{"href":"https:\/\/grupotextil.es\/ca\/wp-json\/wp\/v2\/product\/351197","targetHints":{"allow":["GET"]}}],"collection":[{"href":"https:\/\/grupotextil.es\/ca\/wp-json\/wp\/v2\/product"}],"about":[{"href":"https:\/\/grupotextil.es\/ca\/wp-json\/wp\/v2\/types\/product"}],"replies":[{"embeddable":true,"href":"https:\/\/grupotextil.es\/ca\/wp-json\/wp\/v2\/comments?post=351197"}],"wp:featuredmedia":[{"embeddable":true,"href":"https:\/\/grupotextil.es\/ca\/wp-json\/wp\/v2\/media\/407062"}],"wp:attachment":[{"href":"https:\/\/grupotextil.es\/ca\/wp-json\/wp\/v2\/media?parent=351197"}],"wp:term":[{"taxonomy":"product_brand","embeddable":true,"href":"https:\/\/grupotextil.es\/ca\/wp-json\/wp\/v2\/product_brand?post=351197"},{"taxonomy":"product_cat","embeddable":true,"href":"https:\/\/grupotextil.es\/ca\/wp-json\/wp\/v2\/product_cat?post=351197"},{"taxonomy":"product_tag","embeddable":true,"href":"https:\/\/grupotextil.es\/ca\/wp-json\/wp\/v2\/product_tag?post=351197"}],"curies":[{"name":"wp","href":"https:\/\/api.w.org\/{rel}","templated":true}]}}

<ul>
<li>100% poliéster (600D)</li>
<li>Mochila urbana unisex moderna</li>
<li>Asa de manos palmeada</li>
<li>Tirantes acolchados ajustables</li>
<li>Respaldo acolchado de malla</li>
<li>Solapa con cierre de clic</li>
<li>2 grandes compartimentos con cremallera</li>
<li>Bolsillo superior con cremallera para accesorios</li>
<li>Grandes bolsillos laterales con cremallera</li>
<li>Capacidad: 22 Litros</li>
<li>Medidas: 29 x 19 x 46 cm</li>
<li>Adecuado para serigrafía, transfer o bordado</li>
<li>Máx. bordado: 10 aro tubular</li>
<li>Máx. área de impresión: 10 x 10 cm</li>
</ul>

<p>100% poliéster (600D)Mochila urbana unisex modernaAsa de manos palmeadaTirantes acolchados ajustablesRespaldo acolchado de mallaSolapa con cierre de clic2 grandes compartimentos con cremalleraBolsi&#8230;</p>
