{"id":351372,"date":"2026-03-08T01:34:56","date_gmt":"2026-03-08T00:34:56","guid":{"rendered":"https:\/\/grupotextil.es\/producto\/pantalon-organico-bebe\/"},"modified":"2026-03-08T01:34:56","modified_gmt":"2026-03-08T00:34:56","slug":"pantalon-organico-bebe","status":"publish","type":"product","link":"https:\/\/grupotextil.es\/ca\/product\/pantalon-organico-bebe\/","title":{"rendered":"Pantal\u00f3n org\u00e1nico beb\u00e9"},"content":{"rendered":"<ul>\n<li>200 g\/m\u00b2<\/li>\n<li>100% algod\u00f3n org\u00e1nico<\/li>\n<li>Heather Grey Melange: 85% algod\u00f3n, 15% viscosa<\/li>\n<li>Tela suave y el\u00e1stica<\/li>\n<li>Cintura suavemente el\u00e1stica<\/li>\n<li>Sin costuras centrales para una mejor decoraci\u00f3n<\/li>\n<li>Etiqueta extra\u00edble<\/li>\n<\/ul>","protected":false},"excerpt":{"rendered":"<p>200 g\/m\u00b2100% algod\u00f3n org\u00e1nicoHeather Grey Melange: 85% algod\u00f3n, 15% viscosaTela suave y el\u00e1sticaCintura suavemente el\u00e1sticaSin costuras centrales para una mejor decoraci\u00f3nEtiqueta extra\u00edble<\/p>","protected":false},"featured_media":407294,"comment_status":"open","ping_status":"closed","template":"","meta":{"_acf_changed":false},"product_brand":[11662],"product_cat":[13948,13954,13939,13976],"product_tag":[],"class_list":{"0":"post-351372","1":"product","2":"type-product","3":"status-publish","4":"has-post-thumbnail","6":"product_brand-babybugz","7":"product_cat-accesorios","8":"product_cat-acc-bolsas-y-mochilas","9":"product_cat-deportivo","10":"product_cat-ropa-nino","11":"tm-no-options","13":"first","14":"instock","15":"taxable","16":"shipping-taxable","17":"product-type-variable"},"acf":[],"_links":{"self":[{"href":"https:\/\/grupotextil.es\/ca\/wp-json\/wp\/v2\/product\/351372","targetHints":{"allow":["GET"]}}],"collection":[{"href":"https:\/\/grupotextil.es\/ca\/wp-json\/wp\/v2\/product"}],"about":[{"href":"https:\/\/grupotextil.es\/ca\/wp-json\/wp\/v2\/types\/product"}],"replies":[{"embeddable":true,"href":"https:\/\/grupotextil.es\/ca\/wp-json\/wp\/v2\/comments?post=351372"}],"wp:featuredmedia":[{"embeddable":true,"href":"https:\/\/grupotextil.es\/ca\/wp-json\/wp\/v2\/media\/407294"}],"wp:attachment":[{"href":"https:\/\/grupotextil.es\/ca\/wp-json\/wp\/v2\/media?parent=351372"}],"wp:term":[{"taxonomy":"product_brand","embeddable":true,"href":"https:\/\/grupotextil.es\/ca\/wp-json\/wp\/v2\/product_brand?post=351372"},{"taxonomy":"product_cat","embeddable":true,"href":"https:\/\/grupotextil.es\/ca\/wp-json\/wp\/v2\/product_cat?post=351372"},{"taxonomy":"product_tag","embeddable":true,"href":"https:\/\/grupotextil.es\/ca\/wp-json\/wp\/v2\/product_tag?post=351372"}],"curies":[{"name":"wp","href":"https:\/\/api.w.org\/{rel}","templated":true}]}}

Pantalón orgánico bebé

<ul>
<li>200 g/m²</li>
<li>100% algodón orgánico</li>
<li>Heather Grey Melange: 85% algodón, 15% viscosa</li>
<li>Tela suave y elástica</li>
<li>Cintura suavemente elástica</li>
<li>Sin costuras centrales para una mejor decoración</li>
<li>Etiqueta extraíble</li>
</ul>

<p>200 g/m²100% algodón orgánicoHeather Grey Melange: 85% algodón, 15% viscosaTela suave y elásticaCintura suavemente elásticaSin costuras centrales para una mejor decoraciónEtiqueta extraíble</p>
