{"id":351457,"date":"2026-03-08T01:35:05","date_gmt":"2026-03-08T00:35:05","guid":{"rendered":"https:\/\/grupotextil.es\/producto\/gorra-baseball\/"},"modified":"2026-03-08T01:35:05","modified_gmt":"2026-03-08T00:35:05","slug":"gorra-baseball","status":"publish","type":"product","link":"https:\/\/grupotextil.es\/ca\/product\/gorra-baseball\/","title":{"rendered":"Cap Baseball"},"content":{"rendered":"<ul>\n<li>100% algod\u00f3n (jersey)<\/li>\n<li>Banda de cabeza de algod\u00f3n sarga<\/li>\n<li>6 paneles, perfil medio<\/li>\n<li>Paneles frontales separados<\/li>\n<li>Visera pre-curvada<\/li>\n<li>Ojales ventilaci\u00f3n cosidos<\/li>\n<li>Cierre del mismo tejido con hebilla deslizable<\/li>\n<li>Etiqueta extra\u00edble<\/li>\n<\/ul>","protected":false},"excerpt":{"rendered":"<p>100% algod\u00f3n (jersey)Banda de cabeza de algod\u00f3n sarga6 paneles, perfil medioPaneles frontales separadosVisera pre-curvadaOjales ventilaci\u00f3n cosidosCierre del mismo tejido con hebilla deslizableEtiquet<\/p>","protected":false},"featured_media":407408,"comment_status":"open","ping_status":"closed","template":"","meta":{"_acf_changed":false},"product_brand":[11655],"product_cat":[13948,13954,13939,13976],"product_tag":[],"class_list":{"0":"post-351457","1":"product","2":"type-product","3":"status-publish","4":"has-post-thumbnail","6":"product_brand-beechfield","7":"product_cat-accesorios","8":"product_cat-acc-bolsas-y-mochilas","9":"product_cat-deportivo","10":"product_cat-ropa-nino","11":"tm-no-options","13":"first","14":"instock","15":"taxable","16":"shipping-taxable","17":"product-type-variable"},"acf":[],"_links":{"self":[{"href":"https:\/\/grupotextil.es\/ca\/wp-json\/wp\/v2\/product\/351457","targetHints":{"allow":["GET"]}}],"collection":[{"href":"https:\/\/grupotextil.es\/ca\/wp-json\/wp\/v2\/product"}],"about":[{"href":"https:\/\/grupotextil.es\/ca\/wp-json\/wp\/v2\/types\/product"}],"replies":[{"embeddable":true,"href":"https:\/\/grupotextil.es\/ca\/wp-json\/wp\/v2\/comments?post=351457"}],"wp:featuredmedia":[{"embeddable":true,"href":"https:\/\/grupotextil.es\/ca\/wp-json\/wp\/v2\/media\/407408"}],"wp:attachment":[{"href":"https:\/\/grupotextil.es\/ca\/wp-json\/wp\/v2\/media?parent=351457"}],"wp:term":[{"taxonomy":"product_brand","embeddable":true,"href":"https:\/\/grupotextil.es\/ca\/wp-json\/wp\/v2\/product_brand?post=351457"},{"taxonomy":"product_cat","embeddable":true,"href":"https:\/\/grupotextil.es\/ca\/wp-json\/wp\/v2\/product_cat?post=351457"},{"taxonomy":"product_tag","embeddable":true,"href":"https:\/\/grupotextil.es\/ca\/wp-json\/wp\/v2\/product_tag?post=351457"}],"curies":[{"name":"wp","href":"https:\/\/api.w.org\/{rel}","templated":true}]}}

<ul>
<li>100% algodón (jersey)</li>
<li>Banda de cabeza de algodón sarga</li>
<li>6 paneles, perfil medio</li>
<li>Paneles frontales separados</li>
<li>Visera pre-curvada</li>
<li>Ojales ventilación cosidos</li>
<li>Cierre del mismo tejido con hebilla deslizable</li>
<li>Etiqueta extraíble</li>
</ul>

<p>100% algodón (jersey)Banda de cabeza de algodón sarga6 paneles, perfil medioPaneles frontales separadosVisera pre-curvadaOjales ventilación cosidosCierre del mismo tejido con hebilla deslizableEtiquet</p>
