{"id":351465,"date":"2026-03-08T01:35:06","date_gmt":"2026-03-08T00:35:06","guid":{"rendered":"https:\/\/grupotextil.es\/producto\/babero-de-una-capa\/"},"modified":"2026-03-08T01:35:06","modified_gmt":"2026-03-08T00:35:06","slug":"babero-de-una-capa","status":"publish","type":"product","link":"https:\/\/grupotextil.es\/ca\/product\/babero-de-una-capa\/","title":{"rendered":"Babero de una capa"},"content":{"rendered":"<ul>\n<li>200 g\/m\u00b2<\/li>\n<li>100% algod\u00f3n org\u00e1nico ringpsun<\/li>\n<li>Tejido de una sola capa<\/li>\n<li>Cierre de botones autom\u00e1ticos en la nuca<\/li>\n<li>Bordes unidos para conservar la forma<\/li>\n<li>Etiqueta extra\u00edble<\/li>\n<\/ul>","protected":false},"excerpt":{"rendered":"<p>200 g\/m\u00b2100% algod\u00f3n org\u00e1nico ringpsunTejido de una sola capaCierre de botones autom\u00e1ticos en la nucaBordes unidos para conservar la formaEtiqueta extra\u00edble<\/p>","protected":false},"featured_media":407426,"comment_status":"open","ping_status":"closed","template":"","meta":{"_acf_changed":false},"product_brand":[11662],"product_cat":[13948,13954,13939,13976],"product_tag":[],"class_list":{"0":"post-351465","1":"product","2":"type-product","3":"status-publish","4":"has-post-thumbnail","6":"product_brand-babybugz","7":"product_cat-accesorios","8":"product_cat-acc-bolsas-y-mochilas","9":"product_cat-deportivo","10":"product_cat-ropa-nino","11":"tm-no-options","13":"first","14":"instock","15":"taxable","16":"shipping-taxable","17":"product-type-variable"},"acf":[],"_links":{"self":[{"href":"https:\/\/grupotextil.es\/ca\/wp-json\/wp\/v2\/product\/351465","targetHints":{"allow":["GET"]}}],"collection":[{"href":"https:\/\/grupotextil.es\/ca\/wp-json\/wp\/v2\/product"}],"about":[{"href":"https:\/\/grupotextil.es\/ca\/wp-json\/wp\/v2\/types\/product"}],"replies":[{"embeddable":true,"href":"https:\/\/grupotextil.es\/ca\/wp-json\/wp\/v2\/comments?post=351465"}],"wp:featuredmedia":[{"embeddable":true,"href":"https:\/\/grupotextil.es\/ca\/wp-json\/wp\/v2\/media\/407426"}],"wp:attachment":[{"href":"https:\/\/grupotextil.es\/ca\/wp-json\/wp\/v2\/media?parent=351465"}],"wp:term":[{"taxonomy":"product_brand","embeddable":true,"href":"https:\/\/grupotextil.es\/ca\/wp-json\/wp\/v2\/product_brand?post=351465"},{"taxonomy":"product_cat","embeddable":true,"href":"https:\/\/grupotextil.es\/ca\/wp-json\/wp\/v2\/product_cat?post=351465"},{"taxonomy":"product_tag","embeddable":true,"href":"https:\/\/grupotextil.es\/ca\/wp-json\/wp\/v2\/product_tag?post=351465"}],"curies":[{"name":"wp","href":"https:\/\/api.w.org\/{rel}","templated":true}]}}

<ul>
<li>200 g/m²</li>
<li>100% algodón orgánico ringpsun</li>
<li>Tejido de una sola capa</li>
<li>Cierre de botones automáticos en la nuca</li>
<li>Bordes unidos para conservar la forma</li>
<li>Etiqueta extraíble</li>
</ul>

<p>200 g/m²100% algodón orgánico ringpsunTejido de una sola capaCierre de botones automáticos en la nucaBordes unidos para conservar la formaEtiqueta extraíble</p>
