{"id":351784,"date":"2026-03-08T01:35:42","date_gmt":"2026-03-08T00:35:42","guid":{"rendered":"https:\/\/grupotextil.es\/producto\/bolsa-heritage-de-lona-encerada\/"},"modified":"2026-03-08T01:35:42","modified_gmt":"2026-03-08T00:35:42","slug":"bolsa-heritage-de-lona-encerada","status":"publish","type":"product","link":"https:\/\/grupotextil.es\/ca\/product\/bolsa-heritage-de-lona-encerada\/","title":{"rendered":"Bag Heritage Canvas encerada"},"content":{"rendered":"<ul>\n<li>100% algod\u00f3n (lona encerada)<\/li>\n<li>Totalmente forrada<\/li>\n<li>Correas de algod\u00f3n<\/li>\n<li>Correa de hombro ajustable y desmontable<\/li>\n<li>Compartimiento principal extra largo con cremallera<\/li>\n<li>Cierre a presi\u00f3n en los extremos plegados<\/li>\n<li>Acabados en lat\u00f3n antiguo y detalles en cuero genuino.<\/li>\n<li>Bolsillo frontal con cremallera, bolsillo interior para objetos de valor<\/li>\n<li>Forro oculto con cremallera para un f\u00e1cil acceso a la decoraci\u00f3n.<\/li>\n<li>Etiqueta extra\u00edble (TearAway) para facilitar el rebranding<\/li>\n<li>Capacidad: 19 litros<\/li>\n<li>Medidas: 26 x 48 x 24 cm.<\/li>\n<li>Max. bordado: aro tubular 12<\/li>\n<li>Max. \u00c1rea de impresi\u00f3n: 12 x 14 cm.<\/li>\n<li>Debido a c\u00f3mo es el tejido, es normal que aparezcan marcas y cambios de color con el tiempo, lo que le confiere un car\u00e1cter \u00fanico.<\/li>\n<li>CUIDADO: Para garantizar la durabilidad del revestimiento resistente al agua, use agua fr\u00eda y un pa\u00f1o limpio para limpiar suavemente la superficie. No utilice detergente<\/li>\n<\/ul>","protected":false},"excerpt":{"rendered":"<p>100% algod\u00f3n (lona encerada)Totalmente forradaCorreas de algod\u00f3nCorrea de hombro ajustable y desmontableCompartimiento principal extra largo con cremalleraCierre a presi\u00f3n en los extremos plegadosA&#8230;<\/p>","protected":false},"featured_media":407658,"comment_status":"open","ping_status":"closed","template":"","meta":{"_acf_changed":false},"product_brand":[11657],"product_cat":[13948,10160,13954,13939,13976,13973,14002],"product_tag":[],"class_list":{"0":"post-351784","1":"product","2":"type-product","3":"status-publish","4":"has-post-thumbnail","6":"product_brand-quadra","7":"product_cat-accesorios","8":"product_cat-ropa-bebe","9":"product_cat-acc-bolsas-y-mochilas","10":"product_cat-deportivo","11":"product_cat-ropa-nino","12":"product_cat-ropa","13":"product_cat-b-sudaderas","14":"tm-no-options","16":"first","17":"instock","18":"taxable","19":"shipping-taxable","20":"product-type-variable"},"acf":[],"_links":{"self":[{"href":"https:\/\/grupotextil.es\/ca\/wp-json\/wp\/v2\/product\/351784","targetHints":{"allow":["GET"]}}],"collection":[{"href":"https:\/\/grupotextil.es\/ca\/wp-json\/wp\/v2\/product"}],"about":[{"href":"https:\/\/grupotextil.es\/ca\/wp-json\/wp\/v2\/types\/product"}],"replies":[{"embeddable":true,"href":"https:\/\/grupotextil.es\/ca\/wp-json\/wp\/v2\/comments?post=351784"}],"wp:featuredmedia":[{"embeddable":true,"href":"https:\/\/grupotextil.es\/ca\/wp-json\/wp\/v2\/media\/407658"}],"wp:attachment":[{"href":"https:\/\/grupotextil.es\/ca\/wp-json\/wp\/v2\/media?parent=351784"}],"wp:term":[{"taxonomy":"product_brand","embeddable":true,"href":"https:\/\/grupotextil.es\/ca\/wp-json\/wp\/v2\/product_brand?post=351784"},{"taxonomy":"product_cat","embeddable":true,"href":"https:\/\/grupotextil.es\/ca\/wp-json\/wp\/v2\/product_cat?post=351784"},{"taxonomy":"product_tag","embeddable":true,"href":"https:\/\/grupotextil.es\/ca\/wp-json\/wp\/v2\/product_tag?post=351784"}],"curies":[{"name":"wp","href":"https:\/\/api.w.org\/{rel}","templated":true}]}}

<ul>
<li>100% algodón (lona encerada)</li>
<li>Totalmente forrada</li>
<li>Correas de algodón</li>
<li>Correa de hombro ajustable y desmontable</li>
<li>Compartimiento principal extra largo con cremallera</li>
<li>Cierre a presión en los extremos plegados</li>
<li>Acabados en latón antiguo y detalles en cuero genuino.</li>
<li>Bolsillo frontal con cremallera, bolsillo interior para objetos de valor</li>
<li>Forro oculto con cremallera para un fácil acceso a la decoración.</li>
<li>Etiqueta extraíble (TearAway) para facilitar el rebranding</li>
<li>Capacidad: 19 litros</li>
<li>Medidas: 26 x 48 x 24 cm.</li>
<li>Max. bordado: aro tubular 12</li>
<li>Max. Área de impresión: 12 x 14 cm.</li>
<li>Debido a cómo es el tejido, es normal que aparezcan marcas y cambios de color con el tiempo, lo que le confiere un carácter único.</li>
<li>CUIDADO: Para garantizar la durabilidad del revestimiento resistente al agua, use agua fría y un paño limpio para limpiar suavemente la superficie. No utilice detergente</li>
</ul>

<p>100% algodón (lona encerada)Totalmente forradaCorreas de algodónCorrea de hombro ajustable y desmontableCompartimiento principal extra largo con cremalleraCierre a presión en los extremos plegadosA&#8230;</p>
