{"id":351838,"date":"2026-03-08T01:35:45","date_gmt":"2026-03-08T00:35:45","guid":{"rendered":"https:\/\/grupotextil.es\/producto\/mochila-messenger-heritage-de-lona-encerada\/"},"modified":"2026-03-08T01:35:45","modified_gmt":"2026-03-08T00:35:45","slug":"mochila-messenger-heritage-de-lona-encerada","status":"publish","type":"product","link":"https:\/\/grupotextil.es\/ca\/product\/mochila-messenger-heritage-de-lona-encerada\/","title":{"rendered":"Mochila messenger Heritage de lona encerada"},"content":{"rendered":"<ul>\n<li>100% algod\u00f3n (lona encerada)<\/li>\n<li>Totalmente forrado<\/li>\n<li>Asa de algod\u00f3n y correa ajustable para el hombro<\/li>\n<li>Compartimiento principal con cremallera, compatible con port\u00e1tiles de hasta 14<\/li>\n<li>Sujeci\u00f3n segura de los cierres<\/li>\n<li>Dos bolsillos delanteros y bolsillo interior<\/li>\n<li>Acabados en lat\u00f3n antiguo y detalles en cuero genuino.<\/li>\n<li>Etiqueta extra\u00edble (TearAway) para facilitar el rebranding<\/li>\n<li>Capacidad: 7 litros<\/li>\n<li>Medidas: 28 x 34 x 12 cm.<\/li>\n<li>Max. bordado: 15 aro tubular<\/li>\n<li>Max. \u00c1rea de impresi\u00f3n: 13 x 14 cm.<\/li>\n<li>Debido a c\u00f3mo es el tejido, es normal que aparezcan marcas y cambios de color con el tiempo, lo que le confiere un car\u00e1cter \u00fanico<\/li>\n<li>CUIDADO: Para garantizar la durabilidad del revestimiento resistente al agua, use agua fr\u00eda y un pa\u00f1o limpio para limpiar suavemente la superficie. No utilice detergente.<\/li>\n<\/ul>","protected":false},"excerpt":{"rendered":"<p>100% algod\u00f3n (lona encerada)Totalmente forradoAsa de algod\u00f3n y correa ajustable para el hombroCompartimiento principal con cremallera, compatible con port\u00e1tiles de hasta 14Sujeci\u00f3n segura de los ci&#8230;<\/p>","protected":false},"featured_media":407761,"comment_status":"open","ping_status":"closed","template":"","meta":{"_acf_changed":false},"product_brand":[11657],"product_cat":[13948,13954,13939,13974,13930,13975,13973],"product_tag":[],"class_list":{"0":"post-351838","1":"product","2":"type-product","3":"status-publish","4":"has-post-thumbnail","6":"product_brand-quadra","7":"product_cat-accesorios","8":"product_cat-acc-bolsas-y-mochilas","9":"product_cat-deportivo","10":"product_cat-ropa-hombre","11":"product_cat-laboral","12":"product_cat-ropa-mujer","13":"product_cat-ropa","14":"tm-no-options","16":"first","17":"instock","18":"taxable","19":"shipping-taxable","20":"product-type-variable"},"acf":[],"_links":{"self":[{"href":"https:\/\/grupotextil.es\/ca\/wp-json\/wp\/v2\/product\/351838","targetHints":{"allow":["GET"]}}],"collection":[{"href":"https:\/\/grupotextil.es\/ca\/wp-json\/wp\/v2\/product"}],"about":[{"href":"https:\/\/grupotextil.es\/ca\/wp-json\/wp\/v2\/types\/product"}],"replies":[{"embeddable":true,"href":"https:\/\/grupotextil.es\/ca\/wp-json\/wp\/v2\/comments?post=351838"}],"wp:featuredmedia":[{"embeddable":true,"href":"https:\/\/grupotextil.es\/ca\/wp-json\/wp\/v2\/media\/407761"}],"wp:attachment":[{"href":"https:\/\/grupotextil.es\/ca\/wp-json\/wp\/v2\/media?parent=351838"}],"wp:term":[{"taxonomy":"product_brand","embeddable":true,"href":"https:\/\/grupotextil.es\/ca\/wp-json\/wp\/v2\/product_brand?post=351838"},{"taxonomy":"product_cat","embeddable":true,"href":"https:\/\/grupotextil.es\/ca\/wp-json\/wp\/v2\/product_cat?post=351838"},{"taxonomy":"product_tag","embeddable":true,"href":"https:\/\/grupotextil.es\/ca\/wp-json\/wp\/v2\/product_tag?post=351838"}],"curies":[{"name":"wp","href":"https:\/\/api.w.org\/{rel}","templated":true}]}}

<ul>
<li>100% algodón (lona encerada)</li>
<li>Totalmente forrado</li>
<li>Asa de algodón y correa ajustable para el hombro</li>
<li>Compartimiento principal con cremallera, compatible con portátiles de hasta 14</li>
<li>Sujeción segura de los cierres</li>
<li>Dos bolsillos delanteros y bolsillo interior</li>
<li>Acabados en latón antiguo y detalles en cuero genuino.</li>
<li>Etiqueta extraíble (TearAway) para facilitar el rebranding</li>
<li>Capacidad: 7 litros</li>
<li>Medidas: 28 x 34 x 12 cm.</li>
<li>Max. bordado: 15 aro tubular</li>
<li>Max. Área de impresión: 13 x 14 cm.</li>
<li>Debido a cómo es el tejido, es normal que aparezcan marcas y cambios de color con el tiempo, lo que le confiere un carácter único</li>
<li>CUIDADO: Para garantizar la durabilidad del revestimiento resistente al agua, use agua fría y un paño limpio para limpiar suavemente la superficie. No utilice detergente.</li>
</ul>

<p>100% algodón (lona encerada)Totalmente forradoAsa de algodón y correa ajustable para el hombroCompartimiento principal con cremallera, compatible con portátiles de hasta 14Sujeción segura de los ci&#8230;</p>
