{"id":352227,"date":"2026-03-08T01:36:23","date_gmt":"2026-03-08T00:36:23","guid":{"rendered":"https:\/\/grupotextil.es\/producto\/delantal-peto-corto-basic-con-hebilla-y-bolsillo\/"},"modified":"2026-03-08T01:36:23","modified_gmt":"2026-03-08T00:36:23","slug":"delantal-peto-corto-basic-con-hebilla-y-bolsillo","status":"publish","type":"product","link":"https:\/\/grupotextil.es\/ca\/product\/delantal-peto-corto-basic-con-hebilla-y-bolsillo\/","title":{"rendered":"Apron peto corto Basic con hebilla y bolsillo"},"content":{"rendered":"<ul>\n<li>215 g\/m\u00b2<\/li>\n<li>65% Poli\u00e9ster, 35% Algod\u00f3n<\/li>\n<li>Cintas de tela de delantal con puntos de tensi\u00f3n reforzados.<\/li>\n<li>Cinta para el cuello de 70 cm, ajustable con hebilla.<\/li>\n<li>Bolsillo tipo parche (40x20cm) con 2 compartimentos<\/li>\n<li>Lavable hasta 60\u00b0C<\/li>\n<li>Limpieza en seco<\/li>\n<li>Dimensiones: 75 x 60 cm.<\/li>\n<\/ul>","protected":false},"excerpt":{"rendered":"<p>215 g\/m\u00b265% Poli\u00e9ster, 35% Algod\u00f3nCintas de tela de delantal con puntos de tensi\u00f3n reforzados.<\/p>","protected":false},"featured_media":408064,"comment_status":"open","ping_status":"closed","template":"","meta":{"_acf_changed":false},"product_brand":[11673],"product_cat":[13948,13954,13939,13974,13930,13975,13973],"product_tag":[],"class_list":{"0":"post-352227","1":"product","2":"type-product","3":"status-publish","4":"has-post-thumbnail","6":"product_brand-karlowsky","7":"product_cat-accesorios","8":"product_cat-acc-bolsas-y-mochilas","9":"product_cat-deportivo","10":"product_cat-ropa-hombre","11":"product_cat-laboral","12":"product_cat-ropa-mujer","13":"product_cat-ropa","14":"tm-no-options","16":"first","17":"instock","18":"taxable","19":"shipping-taxable","20":"product-type-variable"},"acf":[],"_links":{"self":[{"href":"https:\/\/grupotextil.es\/ca\/wp-json\/wp\/v2\/product\/352227","targetHints":{"allow":["GET"]}}],"collection":[{"href":"https:\/\/grupotextil.es\/ca\/wp-json\/wp\/v2\/product"}],"about":[{"href":"https:\/\/grupotextil.es\/ca\/wp-json\/wp\/v2\/types\/product"}],"replies":[{"embeddable":true,"href":"https:\/\/grupotextil.es\/ca\/wp-json\/wp\/v2\/comments?post=352227"}],"wp:featuredmedia":[{"embeddable":true,"href":"https:\/\/grupotextil.es\/ca\/wp-json\/wp\/v2\/media\/408064"}],"wp:attachment":[{"href":"https:\/\/grupotextil.es\/ca\/wp-json\/wp\/v2\/media?parent=352227"}],"wp:term":[{"taxonomy":"product_brand","embeddable":true,"href":"https:\/\/grupotextil.es\/ca\/wp-json\/wp\/v2\/product_brand?post=352227"},{"taxonomy":"product_cat","embeddable":true,"href":"https:\/\/grupotextil.es\/ca\/wp-json\/wp\/v2\/product_cat?post=352227"},{"taxonomy":"product_tag","embeddable":true,"href":"https:\/\/grupotextil.es\/ca\/wp-json\/wp\/v2\/product_tag?post=352227"}],"curies":[{"name":"wp","href":"https:\/\/api.w.org\/{rel}","templated":true}]}}

<ul>
<li>215 g/m²</li>
<li>65% Poliéster, 35% Algodón</li>
<li>Cintas de tela de delantal con puntos de tensión reforzados.</li>
<li>Cinta para el cuello de 70 cm, ajustable con hebilla.</li>
<li>Bolsillo tipo parche (40x20cm) con 2 compartimentos</li>
<li>Lavable hasta 60°C</li>
<li>Limpieza en seco</li>
<li>Dimensiones: 75 x 60 cm.</li>
</ul>

<p>215 g/m²65% Poliéster, 35% AlgodónCintas de tela de delantal con puntos de tensión reforzados.</p>
