{"id":354179,"date":"2026-03-08T01:39:31","date_gmt":"2026-03-08T00:39:31","guid":{"rendered":"https:\/\/grupotextil.es\/producto\/gorro-con-parche-tonal\/"},"modified":"2026-03-08T01:39:31","modified_gmt":"2026-03-08T00:39:31","slug":"gorro-con-parche-tonal","status":"publish","type":"product","link":"https:\/\/grupotextil.es\/ca\/product\/gorro-con-parche-tonal\/","title":{"rendered":"Beanie con Parche Tonal"},"content":{"rendered":"<ul>\n<li>100% poli\u00e9ster reciclado<\/li>\n<li>Punto acanalado<\/li>\n<li>Tejido de doble capa<\/li>\n<li>Corona dise\u00f1ada para m\u00e1xima comodidad.<\/li>\n<li>Parche de sarga de algod\u00f3n tonal para decoraci\u00f3n<\/li>\n<li>Dise\u00f1o de pu\u00f1os anchos para una decoraci\u00f3n \u00f3ptima.<\/li>\n<li>Max. \u00e1rea de impresi\u00f3n: 5 x 5cm<\/li>\n<\/ul>","protected":false},"excerpt":{"rendered":"<p>100% poli\u00e9ster recicladoPunto acanaladoTejido de doble capaCorona dise\u00f1ada para m\u00e1xima comodidad.<\/p>","protected":false},"featured_media":408570,"comment_status":"open","ping_status":"closed","template":"","meta":{"_acf_changed":false},"product_brand":[11655],"product_cat":[13931,13977,13986,13974,13930,13975,13973],"product_tag":[],"class_list":{"0":"post-354179","1":"product","2":"type-product","3":"status-publish","4":"has-post-thumbnail","6":"product_brand-beechfield","7":"product_cat-rl-alta-visibilidad","8":"product_cat-h-camisetas-manga-corta","9":"product_cat-m-camisetas-manga-corta","10":"product_cat-ropa-hombre","11":"product_cat-laboral","12":"product_cat-ropa-mujer","13":"product_cat-ropa","14":"tm-no-options","16":"first","17":"instock","18":"taxable","19":"shipping-taxable","20":"product-type-variable"},"acf":[],"_links":{"self":[{"href":"https:\/\/grupotextil.es\/ca\/wp-json\/wp\/v2\/product\/354179","targetHints":{"allow":["GET"]}}],"collection":[{"href":"https:\/\/grupotextil.es\/ca\/wp-json\/wp\/v2\/product"}],"about":[{"href":"https:\/\/grupotextil.es\/ca\/wp-json\/wp\/v2\/types\/product"}],"replies":[{"embeddable":true,"href":"https:\/\/grupotextil.es\/ca\/wp-json\/wp\/v2\/comments?post=354179"}],"wp:featuredmedia":[{"embeddable":true,"href":"https:\/\/grupotextil.es\/ca\/wp-json\/wp\/v2\/media\/408570"}],"wp:attachment":[{"href":"https:\/\/grupotextil.es\/ca\/wp-json\/wp\/v2\/media?parent=354179"}],"wp:term":[{"taxonomy":"product_brand","embeddable":true,"href":"https:\/\/grupotextil.es\/ca\/wp-json\/wp\/v2\/product_brand?post=354179"},{"taxonomy":"product_cat","embeddable":true,"href":"https:\/\/grupotextil.es\/ca\/wp-json\/wp\/v2\/product_cat?post=354179"},{"taxonomy":"product_tag","embeddable":true,"href":"https:\/\/grupotextil.es\/ca\/wp-json\/wp\/v2\/product_tag?post=354179"}],"curies":[{"name":"wp","href":"https:\/\/api.w.org\/{rel}","templated":true}]}}

<ul>
<li>100% poliéster reciclado</li>
<li>Punto acanalado</li>
<li>Tejido de doble capa</li>
<li>Corona diseñada para máxima comodidad.</li>
<li>Parche de sarga de algodón tonal para decoración</li>
<li>Diseño de puños anchos para una decoración óptima.</li>
<li>Max. área de impresión: 5 x 5cm</li>
</ul>

<p>100% poliéster recicladoPunto acanaladoTejido de doble capaCorona diseñada para máxima comodidad.</p>
