{"id":354431,"date":"2026-03-08T01:40:05","date_gmt":"2026-03-08T00:40:05","guid":{"rendered":"https:\/\/grupotextil.es\/producto\/camiseta-baloncesto-basketball-quick-dry\/"},"modified":"2026-03-08T01:40:05","modified_gmt":"2026-03-08T00:40:05","slug":"camiseta-baloncesto-basketball-quick-dry","status":"publish","type":"product","link":"https:\/\/grupotextil.es\/ca\/product\/camiseta-baloncesto-basketball-quick-dry\/","title":{"rendered":"T-Shirt baloncesto Basketball Quick Dry"},"content":{"rendered":"<ul>\n<li>145 g\/m\u00b2<\/li>\n<li>100% poli\u00e9ster (tela jacquard)<\/li>\n<li>Muy ligera y con tratamiento QuickDri<\/li>\n<li>Transpirable<\/li>\n<li>Cuello V en color contrastado<\/li>\n<li>Bandas en color contrastadas<\/li>\n<li>C\u00f3moda y holgada<\/li>\n<li>Combinable con el pantal\u00f3n corto baloncesto Quick Dry 092.33 (S279M)<\/li>\n<li>COLORES DESCATALOGADOS: Se retiran 3 colores de la colecci\u00f3n Falk&amp;Ross (Todav\u00eda est\u00e1n en el portfolio del fabricante).<\/li>\n<\/ul>","protected":false},"excerpt":{"rendered":"<p>145 g\/m\u00b2100% poli\u00e9ster (tela jacquard)Muy ligera y con tratamiento QuickDriTranspirableCuello V en color contrastadoBandas en color contrastadasC\u00f3moda y holgadaCombinable con el pantal\u00f3n corto balo&#8230;<\/p>","protected":false},"featured_media":408659,"comment_status":"open","ping_status":"closed","template":"","meta":{"_acf_changed":false},"product_brand":[11669],"product_cat":[13931,13977,13986,13974,13930,13975,13973],"product_tag":[],"class_list":{"0":"post-354431","1":"product","2":"type-product","3":"status-publish","4":"has-post-thumbnail","6":"product_brand-result","7":"product_cat-rl-alta-visibilidad","8":"product_cat-h-camisetas-manga-corta","9":"product_cat-m-camisetas-manga-corta","10":"product_cat-ropa-hombre","11":"product_cat-laboral","12":"product_cat-ropa-mujer","13":"product_cat-ropa","14":"tm-no-options","16":"first","17":"instock","18":"taxable","19":"shipping-taxable","20":"product-type-variable"},"acf":[],"_links":{"self":[{"href":"https:\/\/grupotextil.es\/ca\/wp-json\/wp\/v2\/product\/354431","targetHints":{"allow":["GET"]}}],"collection":[{"href":"https:\/\/grupotextil.es\/ca\/wp-json\/wp\/v2\/product"}],"about":[{"href":"https:\/\/grupotextil.es\/ca\/wp-json\/wp\/v2\/types\/product"}],"replies":[{"embeddable":true,"href":"https:\/\/grupotextil.es\/ca\/wp-json\/wp\/v2\/comments?post=354431"}],"wp:featuredmedia":[{"embeddable":true,"href":"https:\/\/grupotextil.es\/ca\/wp-json\/wp\/v2\/media\/408659"}],"wp:attachment":[{"href":"https:\/\/grupotextil.es\/ca\/wp-json\/wp\/v2\/media?parent=354431"}],"wp:term":[{"taxonomy":"product_brand","embeddable":true,"href":"https:\/\/grupotextil.es\/ca\/wp-json\/wp\/v2\/product_brand?post=354431"},{"taxonomy":"product_cat","embeddable":true,"href":"https:\/\/grupotextil.es\/ca\/wp-json\/wp\/v2\/product_cat?post=354431"},{"taxonomy":"product_tag","embeddable":true,"href":"https:\/\/grupotextil.es\/ca\/wp-json\/wp\/v2\/product_tag?post=354431"}],"curies":[{"name":"wp","href":"https:\/\/api.w.org\/{rel}","templated":true}]}}

<ul>
<li>145 g/m²</li>
<li>100% poliéster (tela jacquard)</li>
<li>Muy ligera y con tratamiento QuickDri</li>
<li>Transpirable</li>
<li>Cuello V en color contrastado</li>
<li>Bandas en color contrastadas</li>
<li>Cómoda y holgada</li>
<li>Combinable con el pantalón corto baloncesto Quick Dry 092.33 (S279M)</li>
<li>COLORES DESCATALOGADOS: Se retiran 3 colores de la colección Falk&amp;Ross (Todavía están en el portfolio del fabricante).</li>
</ul>

<p>145 g/m²100% poliéster (tela jacquard)Muy ligera y con tratamiento QuickDriTranspirableCuello V en color contrastadoBandas en color contrastadasCómoda y holgadaCombinable con el pantalón corto balo&#8230;</p>
