{"id":354841,"date":"2026-03-08T01:40:34","date_gmt":"2026-03-08T00:40:34","guid":{"rendered":"https:\/\/grupotextil.es\/producto\/gorro-con-bloques-de-color\/"},"modified":"2026-03-08T01:40:34","modified_gmt":"2026-03-08T00:40:34","slug":"gorro-con-bloques-de-color","status":"publish","type":"product","link":"https:\/\/grupotextil.es\/ca\/product\/gorro-con-bloques-de-color\/","title":{"rendered":"Beanie con Bloques de Color"},"content":{"rendered":"<ul>\n<li>53 % poli\u00e9ster reciclado, 33 % nailon, 10 % acr\u00edlico, 4 % elastano<\/li>\n<li>Hilo de lujo suave al tacto<\/li>\n<li>Tejido de una sola capa<\/li>\n<li>Dise\u00f1o de rayas en bloque<\/li>\n<li>Corona dise\u00f1ada para m\u00e1xima comodidad.<\/li>\n<li>Dise\u00f1o con pu\u00f1os para una decoraci\u00f3n \u00f3ptima.<\/li>\n<\/ul>","protected":false},"excerpt":{"rendered":"<p>53 % poli\u00e9ster reciclado, 33 % nailon, 10 % acr\u00edlico, 4 % elastanoHilo de lujo suave al tactoTejido de una sola capaDise\u00f1o de rayas en bloqueCorona dise\u00f1ada para m\u00e1xima comodidad.<\/p>","protected":false},"featured_media":408767,"comment_status":"open","ping_status":"closed","template":"","meta":{"_acf_changed":false},"product_brand":[11655],"product_cat":[13931,13977,13986,13974,13930,13975,13973],"product_tag":[],"class_list":{"0":"post-354841","1":"product","2":"type-product","3":"status-publish","4":"has-post-thumbnail","6":"product_brand-beechfield","7":"product_cat-rl-alta-visibilidad","8":"product_cat-h-camisetas-manga-corta","9":"product_cat-m-camisetas-manga-corta","10":"product_cat-ropa-hombre","11":"product_cat-laboral","12":"product_cat-ropa-mujer","13":"product_cat-ropa","14":"tm-no-options","16":"first","17":"instock","18":"taxable","19":"shipping-taxable","20":"product-type-variable"},"acf":[],"_links":{"self":[{"href":"https:\/\/grupotextil.es\/ca\/wp-json\/wp\/v2\/product\/354841","targetHints":{"allow":["GET"]}}],"collection":[{"href":"https:\/\/grupotextil.es\/ca\/wp-json\/wp\/v2\/product"}],"about":[{"href":"https:\/\/grupotextil.es\/ca\/wp-json\/wp\/v2\/types\/product"}],"replies":[{"embeddable":true,"href":"https:\/\/grupotextil.es\/ca\/wp-json\/wp\/v2\/comments?post=354841"}],"wp:featuredmedia":[{"embeddable":true,"href":"https:\/\/grupotextil.es\/ca\/wp-json\/wp\/v2\/media\/408767"}],"wp:attachment":[{"href":"https:\/\/grupotextil.es\/ca\/wp-json\/wp\/v2\/media?parent=354841"}],"wp:term":[{"taxonomy":"product_brand","embeddable":true,"href":"https:\/\/grupotextil.es\/ca\/wp-json\/wp\/v2\/product_brand?post=354841"},{"taxonomy":"product_cat","embeddable":true,"href":"https:\/\/grupotextil.es\/ca\/wp-json\/wp\/v2\/product_cat?post=354841"},{"taxonomy":"product_tag","embeddable":true,"href":"https:\/\/grupotextil.es\/ca\/wp-json\/wp\/v2\/product_tag?post=354841"}],"curies":[{"name":"wp","href":"https:\/\/api.w.org\/{rel}","templated":true}]}}

<ul>
<li>53 % poliéster reciclado, 33 % nailon, 10 % acrílico, 4 % elastano</li>
<li>Hilo de lujo suave al tacto</li>
<li>Tejido de una sola capa</li>
<li>Diseño de rayas en bloque</li>
<li>Corona diseñada para máxima comodidad.</li>
<li>Diseño con puños para una decoración óptima.</li>
</ul>

<p>53 % poliéster reciclado, 33 % nailon, 10 % acrílico, 4 % elastanoHilo de lujo suave al tactoTejido de una sola capaDiseño de rayas en bloqueCorona diseñada para máxima comodidad.</p>
