{"id":354973,"date":"2026-03-08T01:40:40","date_gmt":"2026-03-08T00:40:40","guid":{"rendered":"https:\/\/grupotextil.es\/producto\/camiseta-softstyle-cuello-v-hombre\/"},"modified":"2026-03-08T01:40:40","modified_gmt":"2026-03-08T00:40:40","slug":"camiseta-softstyle-cuello-v-hombre","status":"publish","type":"product","link":"https:\/\/grupotextil.es\/ca\/product\/camiseta-softstyle-cuello-v-hombre\/","title":{"rendered":"Camiseta Softstyle cuello V hombre"},"content":{"rendered":"<ul>\n<li>144-153 g\/m\u00b2<\/li>\n<li>100% algod\u00f3n pre-encogido (Sport Grey: 90% algod\u00f3n, 10% poli\u00e9ster; colores Heather: 35% algod\u00f3n, 65% poli\u00e9ster)<\/li>\n<li>Tejido de alta densidad, superficie de impresi\u00f3n suave<\/li>\n<li>Sin pespuntes, cuello acanalado<\/li>\n<li>Encintado en cuello y hombros<\/li>\n<li>Doble costura en pu\u00f1os y dobladillo inferior<\/li>\n<li>Etiqueta extra\u00edble<\/li>\n<li>Ajuste cl\u00e1sico moderno<\/li>\n<\/ul>","protected":false},"excerpt":{"rendered":"<p>144-153 g\/m\u00b2100% algod\u00f3n pre-encogido (Sport Grey: 90% algod\u00f3n, 10% poli\u00e9ster; colores Heather: 35% algod\u00f3n, 65% poli\u00e9ster)Tejido de alta densidad, superficie de impresi\u00f3n suaveSin pespuntes, cuello a<\/p>","protected":false},"featured_media":408790,"comment_status":"open","ping_status":"closed","template":"","meta":{"_acf_changed":false},"product_brand":[11666],"product_cat":[13931,13986,13977,13974,13930,13975,13973],"product_tag":[],"class_list":{"0":"post-354973","1":"product","2":"type-product","3":"status-publish","4":"has-post-thumbnail","6":"product_brand-gildan","7":"product_cat-rl-alta-visibilidad","8":"product_cat-m-camisetas-manga-corta","9":"product_cat-h-camisetas-manga-corta","10":"product_cat-ropa-hombre","11":"product_cat-laboral","12":"product_cat-ropa-mujer","13":"product_cat-ropa","14":"tm-no-options","16":"first","17":"instock","18":"taxable","19":"shipping-taxable","20":"product-type-variable"},"acf":[],"_links":{"self":[{"href":"https:\/\/grupotextil.es\/ca\/wp-json\/wp\/v2\/product\/354973","targetHints":{"allow":["GET"]}}],"collection":[{"href":"https:\/\/grupotextil.es\/ca\/wp-json\/wp\/v2\/product"}],"about":[{"href":"https:\/\/grupotextil.es\/ca\/wp-json\/wp\/v2\/types\/product"}],"replies":[{"embeddable":true,"href":"https:\/\/grupotextil.es\/ca\/wp-json\/wp\/v2\/comments?post=354973"}],"wp:featuredmedia":[{"embeddable":true,"href":"https:\/\/grupotextil.es\/ca\/wp-json\/wp\/v2\/media\/408790"}],"wp:attachment":[{"href":"https:\/\/grupotextil.es\/ca\/wp-json\/wp\/v2\/media?parent=354973"}],"wp:term":[{"taxonomy":"product_brand","embeddable":true,"href":"https:\/\/grupotextil.es\/ca\/wp-json\/wp\/v2\/product_brand?post=354973"},{"taxonomy":"product_cat","embeddable":true,"href":"https:\/\/grupotextil.es\/ca\/wp-json\/wp\/v2\/product_cat?post=354973"},{"taxonomy":"product_tag","embeddable":true,"href":"https:\/\/grupotextil.es\/ca\/wp-json\/wp\/v2\/product_tag?post=354973"}],"curies":[{"name":"wp","href":"https:\/\/api.w.org\/{rel}","templated":true}]}}

<ul>
<li>144-153 g/m²</li>
<li>100% algodón pre-encogido (Sport Grey: 90% algodón, 10% poliéster; colores Heather: 35% algodón, 65% poliéster)</li>
<li>Tejido de alta densidad, superficie de impresión suave</li>
<li>Sin pespuntes, cuello acanalado</li>
<li>Encintado en cuello y hombros</li>
<li>Doble costura en puños y dobladillo inferior</li>
<li>Etiqueta extraíble</li>
<li>Ajuste clásico moderno</li>
</ul>

<p>144-153 g/m²100% algodón pre-encogido (Sport Grey: 90% algodón, 10% poliéster; colores Heather: 35% algodón, 65% poliéster)Tejido de alta densidad, superficie de impresión suaveSin pespuntes, cuello a</p>
