{"id":355313,"date":"2026-03-08T01:41:05","date_gmt":"2026-03-08T00:41:05","guid":{"rendered":"https:\/\/grupotextil.es\/producto\/camiseta-premium-cuello-v\/"},"modified":"2026-03-08T01:41:05","modified_gmt":"2026-03-08T00:41:05","slug":"camiseta-premium-cuello-v","status":"publish","type":"product","link":"https:\/\/grupotextil.es\/ca\/product\/camiseta-premium-cuello-v\/","title":{"rendered":"T-Shirt Premium V-Neck"},"content":{"rendered":"<ul>\n<li>185 g\/m\u00b2<\/li>\n<li>100% algod\u00f3n ring-spun pre-encogido (Sport Grey: 90% algod\u00f3n, 10% poli\u00e9ster)<\/li>\n<li>Cuello V<\/li>\n<li>Encintado de hombro a hombro<\/li>\n<li>Costura a doble aguja en manga y dobladillo<\/li>\n<\/ul>","protected":false},"excerpt":{"rendered":"<p>185 g\/m\u00b2100% algod\u00f3n ring-spun pre-encogido (Sport Grey: 90% algod\u00f3n, 10% poli\u00e9ster)Cuello VEncintado de hombro a hombroCostura a doble aguja en manga y dobladillo<\/p>","protected":false},"featured_media":408923,"comment_status":"open","ping_status":"closed","template":"","meta":{"_acf_changed":false},"product_brand":[11666],"product_cat":[13931,13977,13986,13974,13930,13975,13973],"product_tag":[],"class_list":{"0":"post-355313","1":"product","2":"type-product","3":"status-publish","4":"has-post-thumbnail","6":"product_brand-gildan","7":"product_cat-rl-alta-visibilidad","8":"product_cat-h-camisetas-manga-corta","9":"product_cat-m-camisetas-manga-corta","10":"product_cat-ropa-hombre","11":"product_cat-laboral","12":"product_cat-ropa-mujer","13":"product_cat-ropa","14":"tm-no-options","16":"first","17":"instock","18":"taxable","19":"shipping-taxable","20":"product-type-variable"},"acf":[],"_links":{"self":[{"href":"https:\/\/grupotextil.es\/ca\/wp-json\/wp\/v2\/product\/355313","targetHints":{"allow":["GET"]}}],"collection":[{"href":"https:\/\/grupotextil.es\/ca\/wp-json\/wp\/v2\/product"}],"about":[{"href":"https:\/\/grupotextil.es\/ca\/wp-json\/wp\/v2\/types\/product"}],"replies":[{"embeddable":true,"href":"https:\/\/grupotextil.es\/ca\/wp-json\/wp\/v2\/comments?post=355313"}],"wp:featuredmedia":[{"embeddable":true,"href":"https:\/\/grupotextil.es\/ca\/wp-json\/wp\/v2\/media\/408923"}],"wp:attachment":[{"href":"https:\/\/grupotextil.es\/ca\/wp-json\/wp\/v2\/media?parent=355313"}],"wp:term":[{"taxonomy":"product_brand","embeddable":true,"href":"https:\/\/grupotextil.es\/ca\/wp-json\/wp\/v2\/product_brand?post=355313"},{"taxonomy":"product_cat","embeddable":true,"href":"https:\/\/grupotextil.es\/ca\/wp-json\/wp\/v2\/product_cat?post=355313"},{"taxonomy":"product_tag","embeddable":true,"href":"https:\/\/grupotextil.es\/ca\/wp-json\/wp\/v2\/product_tag?post=355313"}],"curies":[{"name":"wp","href":"https:\/\/api.w.org\/{rel}","templated":true}]}}

<ul>
<li>185 g/m²</li>
<li>100% algodón ring-spun pre-encogido (Sport Grey: 90% algodón, 10% poliéster)</li>
<li>Cuello V</li>
<li>Encintado de hombro a hombro</li>
<li>Costura a doble aguja en manga y dobladillo</li>
</ul>

<p>185 g/m²100% algodón ring-spun pre-encogido (Sport Grey: 90% algodón, 10% poliéster)Cuello VEncintado de hombro a hombroCostura a doble aguja en manga y dobladillo</p>
