{"id":356104,"date":"2026-03-08T01:42:37","date_gmt":"2026-03-08T00:42:37","guid":{"rendered":"https:\/\/grupotextil.es\/producto\/camiseta-larga-shaped\/"},"modified":"2026-03-08T01:42:37","modified_gmt":"2026-03-08T00:42:37","slug":"camiseta-larga-shaped","status":"publish","type":"product","link":"https:\/\/grupotextil.es\/ca\/product\/camiseta-larga-shaped\/","title":{"rendered":"T-Shirt larga Shaped"},"content":{"rendered":"<ul>\n<li>140 g\/m\u00b2<\/li>\n<li>100 % algod\u00f3n<\/li>\n<li>Jersey sencillo ligero<\/li>\n<li>Etiqueta de tama\u00f1o neutral sin marca, posible impresi\u00f3n en el cuello<\/li>\n<li>corte extra largo<\/li>\n<li>dobladillo con forma de moda<\/li>\n<li>mangas montadas<\/li>\n<li>cinta para el cuello<\/li>\n<li>Peque\u00f1o pu\u00f1o acanalado en la abertura del cuello.<\/li>\n<li>Costuras dobles en el dobladillo<\/li>\n<\/ul>","protected":false},"excerpt":{"rendered":"<p>140 g\/m\u00b2100 % algod\u00f3nJersey sencillo ligeroEtiqueta de tama\u00f1o neutral sin marca, posible impresi\u00f3n en el cuellocorte extra largodobladillo con forma de modamangas montadascinta para el cuelloPeque\u00f1&#8230;<\/p>","protected":false},"featured_media":409030,"comment_status":"open","ping_status":"closed","template":"","meta":{"_acf_changed":false},"product_brand":[11675],"product_cat":[13931,13977,13986,13974,13930,13975,13973],"product_tag":[],"class_list":{"0":"post-356104","1":"product","2":"type-product","3":"status-publish","4":"has-post-thumbnail","6":"product_brand-build-your-brand","7":"product_cat-rl-alta-visibilidad","8":"product_cat-h-camisetas-manga-corta","9":"product_cat-m-camisetas-manga-corta","10":"product_cat-ropa-hombre","11":"product_cat-laboral","12":"product_cat-ropa-mujer","13":"product_cat-ropa","14":"tm-no-options","16":"first","17":"instock","18":"taxable","19":"shipping-taxable","20":"product-type-variable"},"acf":[],"_links":{"self":[{"href":"https:\/\/grupotextil.es\/ca\/wp-json\/wp\/v2\/product\/356104","targetHints":{"allow":["GET"]}}],"collection":[{"href":"https:\/\/grupotextil.es\/ca\/wp-json\/wp\/v2\/product"}],"about":[{"href":"https:\/\/grupotextil.es\/ca\/wp-json\/wp\/v2\/types\/product"}],"replies":[{"embeddable":true,"href":"https:\/\/grupotextil.es\/ca\/wp-json\/wp\/v2\/comments?post=356104"}],"wp:featuredmedia":[{"embeddable":true,"href":"https:\/\/grupotextil.es\/ca\/wp-json\/wp\/v2\/media\/409030"}],"wp:attachment":[{"href":"https:\/\/grupotextil.es\/ca\/wp-json\/wp\/v2\/media?parent=356104"}],"wp:term":[{"taxonomy":"product_brand","embeddable":true,"href":"https:\/\/grupotextil.es\/ca\/wp-json\/wp\/v2\/product_brand?post=356104"},{"taxonomy":"product_cat","embeddable":true,"href":"https:\/\/grupotextil.es\/ca\/wp-json\/wp\/v2\/product_cat?post=356104"},{"taxonomy":"product_tag","embeddable":true,"href":"https:\/\/grupotextil.es\/ca\/wp-json\/wp\/v2\/product_tag?post=356104"}],"curies":[{"name":"wp","href":"https:\/\/api.w.org\/{rel}","templated":true}]}}

<ul>
<li>140 g/m²</li>
<li>100 % algodón</li>
<li>Jersey sencillo ligero</li>
<li>Etiqueta de tamaño neutral sin marca, posible impresión en el cuello</li>
<li>corte extra largo</li>
<li>dobladillo con forma de moda</li>
<li>mangas montadas</li>
<li>cinta para el cuello</li>
<li>Pequeño puño acanalado en la abertura del cuello.</li>
<li>Costuras dobles en el dobladillo</li>
</ul>

<p>140 g/m²100 % algodónJersey sencillo ligeroEtiqueta de tamaño neutral sin marca, posible impresión en el cuellocorte extra largodobladillo con forma de modamangas montadascinta para el cuelloPequeñ&#8230;</p>
