{"id":358652,"date":"2026-03-08T01:52:45","date_gmt":"2026-03-08T00:52:45","guid":{"rendered":"https:\/\/grupotextil.es\/producto\/gorra-reciclada-fleece-outdoor-camper\/"},"modified":"2026-03-08T01:52:45","modified_gmt":"2026-03-08T00:52:45","slug":"gorra-reciclada-fleece-outdoor-camper","status":"publish","type":"product","link":"https:\/\/grupotextil.es\/ca\/product\/gorra-reciclada-fleece-outdoor-camper\/","title":{"rendered":"Cap reciclado Forro Polar Outdoor Camper"},"content":{"rendered":"<ul>\n<li>290 g\/m\u00b2<\/li>\n<li>100 % vell\u00f3n de poli\u00e9ster (reciclado)<\/li>\n<li>100 % poli\u00e9ster Ripstop (reciclado): panel frontal y visera<\/li>\n<li>Dise\u00f1o de 5 paneles<\/li>\n<li>Pico plano<\/li>\n<li>Ojales de ventilaci\u00f3n cosidos<\/li>\n<li>Correa ajustable y cierre de clip.<\/li>\n<li>etiqueta extra\u00edble para facilitar el cambio de marca<\/li>\n<\/ul>","protected":false},"excerpt":{"rendered":"<p>290 g\/m\u00b2100 % vell\u00f3n de poli\u00e9ster (reciclado)100 % poli\u00e9ster Ripstop (reciclado): panel frontal y viseraDise\u00f1o de 5 panelesPico planoOjales de ventilaci\u00f3n cosidosCorrea ajustable y cierre de clip.<\/p>","protected":false},"featured_media":409748,"comment_status":"open","ping_status":"closed","template":"","meta":{"_acf_changed":false},"product_brand":[11655],"product_cat":[13948,13931,13986,13977,13974,13930,13975,13973],"product_tag":[],"class_list":{"0":"post-358652","1":"product","2":"type-product","3":"status-publish","4":"has-post-thumbnail","6":"product_brand-beechfield","7":"product_cat-accesorios","8":"product_cat-rl-alta-visibilidad","9":"product_cat-m-camisetas-manga-corta","10":"product_cat-h-camisetas-manga-corta","11":"product_cat-ropa-hombre","12":"product_cat-laboral","13":"product_cat-ropa-mujer","14":"product_cat-ropa","15":"tm-no-options","17":"first","18":"instock","19":"taxable","20":"shipping-taxable","21":"product-type-variable"},"acf":[],"_links":{"self":[{"href":"https:\/\/grupotextil.es\/ca\/wp-json\/wp\/v2\/product\/358652","targetHints":{"allow":["GET"]}}],"collection":[{"href":"https:\/\/grupotextil.es\/ca\/wp-json\/wp\/v2\/product"}],"about":[{"href":"https:\/\/grupotextil.es\/ca\/wp-json\/wp\/v2\/types\/product"}],"replies":[{"embeddable":true,"href":"https:\/\/grupotextil.es\/ca\/wp-json\/wp\/v2\/comments?post=358652"}],"wp:featuredmedia":[{"embeddable":true,"href":"https:\/\/grupotextil.es\/ca\/wp-json\/wp\/v2\/media\/409748"}],"wp:attachment":[{"href":"https:\/\/grupotextil.es\/ca\/wp-json\/wp\/v2\/media?parent=358652"}],"wp:term":[{"taxonomy":"product_brand","embeddable":true,"href":"https:\/\/grupotextil.es\/ca\/wp-json\/wp\/v2\/product_brand?post=358652"},{"taxonomy":"product_cat","embeddable":true,"href":"https:\/\/grupotextil.es\/ca\/wp-json\/wp\/v2\/product_cat?post=358652"},{"taxonomy":"product_tag","embeddable":true,"href":"https:\/\/grupotextil.es\/ca\/wp-json\/wp\/v2\/product_tag?post=358652"}],"curies":[{"name":"wp","href":"https:\/\/api.w.org\/{rel}","templated":true}]}}

<ul>
<li>290 g/m²</li>
<li>100 % vellón de poliéster (reciclado)</li>
<li>100 % poliéster Ripstop (reciclado): panel frontal y visera</li>
<li>Diseño de 5 paneles</li>
<li>Pico plano</li>
<li>Ojales de ventilación cosidos</li>
<li>Correa ajustable y cierre de clip.</li>
<li>etiqueta extraíble para facilitar el cambio de marca</li>
</ul>

<p>290 g/m²100 % vellón de poliéster (reciclado)100 % poliéster Ripstop (reciclado): panel frontal y viseraDiseño de 5 panelesPico planoOjales de ventilación cosidosCorrea ajustable y cierre de clip.</p>
