{"id":361096,"date":"2026-03-08T01:58:39","date_gmt":"2026-03-08T00:58:39","guid":{"rendered":"https:\/\/grupotextil.es\/producto\/gorro-ondas\/"},"modified":"2026-03-08T01:58:39","modified_gmt":"2026-03-08T00:58:39","slug":"gorro-ondas","status":"publish","type":"product","link":"https:\/\/grupotextil.es\/ca\/product\/gorro-ondas\/","title":{"rendered":"Beanie ondas"},"content":{"rendered":"<ul>\n<li>72 % poli\u00e9ster reciclado, 13 % nailon, 10 % acr\u00edlico, 5 % elastano<\/li>\n<li>Dise\u00f1o de punto jacquard<\/li>\n<li>Tejido suave al tacto<\/li>\n<li>Dise\u00f1o de ondas a tono<\/li>\n<li>Punto de doble capa<\/li>\n<li>Parte superior dise\u00f1ada para m\u00e1xima comodidad<\/li>\n<li>Dise\u00f1o de vuelta ancha para una personalizaci\u00f3n \u00f3ptima<\/li>\n<li>Etiqueta extra\u00edble para facilitar el cambio de marca.<\/li>\n<\/ul>","protected":false},"excerpt":{"rendered":"<p>72 % poli\u00e9ster reciclado, 13 % nailon, 10 % acr\u00edlico, 5 % elastanoDise\u00f1o de punto jacquardTejido suave al tactoDise\u00f1o de ondas a tonoPunto de doble capaParte superior dise\u00f1ada para m\u00e1xima comodidad&#8230;<\/p>","protected":false},"featured_media":410572,"comment_status":"open","ping_status":"closed","template":"","meta":{"_acf_changed":false},"product_brand":[11655],"product_cat":[13931,13938,13977,13986,13974,13930,13975,13973],"product_tag":[14010],"class_list":{"0":"post-361096","1":"product","2":"type-product","3":"status-publish","4":"has-post-thumbnail","6":"product_brand-beechfield","7":"product_cat-rl-alta-visibilidad","8":"product_cat-camisas-corporativas","9":"product_cat-h-camisetas-manga-corta","10":"product_cat-m-camisetas-manga-corta","11":"product_cat-ropa-hombre","12":"product_cat-laboral","13":"product_cat-ropa-mujer","14":"product_cat-ropa","15":"product_tag-nuevo-2026","16":"tm-no-options","18":"first","19":"instock","20":"taxable","21":"shipping-taxable","22":"product-type-variable"},"acf":[],"_links":{"self":[{"href":"https:\/\/grupotextil.es\/ca\/wp-json\/wp\/v2\/product\/361096","targetHints":{"allow":["GET"]}}],"collection":[{"href":"https:\/\/grupotextil.es\/ca\/wp-json\/wp\/v2\/product"}],"about":[{"href":"https:\/\/grupotextil.es\/ca\/wp-json\/wp\/v2\/types\/product"}],"replies":[{"embeddable":true,"href":"https:\/\/grupotextil.es\/ca\/wp-json\/wp\/v2\/comments?post=361096"}],"wp:featuredmedia":[{"embeddable":true,"href":"https:\/\/grupotextil.es\/ca\/wp-json\/wp\/v2\/media\/410572"}],"wp:attachment":[{"href":"https:\/\/grupotextil.es\/ca\/wp-json\/wp\/v2\/media?parent=361096"}],"wp:term":[{"taxonomy":"product_brand","embeddable":true,"href":"https:\/\/grupotextil.es\/ca\/wp-json\/wp\/v2\/product_brand?post=361096"},{"taxonomy":"product_cat","embeddable":true,"href":"https:\/\/grupotextil.es\/ca\/wp-json\/wp\/v2\/product_cat?post=361096"},{"taxonomy":"product_tag","embeddable":true,"href":"https:\/\/grupotextil.es\/ca\/wp-json\/wp\/v2\/product_tag?post=361096"}],"curies":[{"name":"wp","href":"https:\/\/api.w.org\/{rel}","templated":true}]}}

<ul>
<li>72 % poliéster reciclado, 13 % nailon, 10 % acrílico, 5 % elastano</li>
<li>Diseño de punto jacquard</li>
<li>Tejido suave al tacto</li>
<li>Diseño de ondas a tono</li>
<li>Punto de doble capa</li>
<li>Parte superior diseñada para máxima comodidad</li>
<li>Diseño de vuelta ancha para una personalización óptima</li>
<li>Etiqueta extraíble para facilitar el cambio de marca.</li>
</ul>

<p>72 % poliéster reciclado, 13 % nailon, 10 % acrílico, 5 % elastanoDiseño de punto jacquardTejido suave al tactoDiseño de ondas a tonoPunto de doble capaParte superior diseñada para máxima comodidad&#8230;</p>
