{"id":363262,"date":"2026-03-08T02:04:59","date_gmt":"2026-03-08T01:04:59","guid":{"rendered":"https:\/\/grupotextil.es\/producto\/camiseta-cuello-v-ajustada-hombre\/"},"modified":"2026-03-08T02:04:59","modified_gmt":"2026-03-08T01:04:59","slug":"camiseta-cuello-v-ajustada-hombre","status":"publish","type":"product","link":"https:\/\/grupotextil.es\/ca\/product\/camiseta-cuello-v-ajustada-hombre\/","title":{"rendered":"Camiseta cuello V ajustada hombre"},"content":{"rendered":"<ul>\n<li>195 g\/m\u00b2<\/li>\n<li>90% algod\u00f3n peinado ring-spun, 10% elast\u00e1n<\/li>\n<li>Elast\u00e1n full feeder para una superf\u00edcie m\u00e1s tersa y mejor estabilidad<\/li>\n<li>Pre-encogido<\/li>\n<li>Lavado con encimas<\/li>\n<li>Cuello encintado<\/li>\n<li>Cuello con dos capas de lycra<\/li>\n<li>Doble puntada<\/li>\n<\/ul>","protected":false},"excerpt":{"rendered":"<p>195 g\/m\u00b290% algod\u00f3n peinado ring-spun, 10% elast\u00e1nElast\u00e1n full feeder para una superf\u00edcie m\u00e1s tersa y mejor estabilidadPre-encogidoLavado con encimasCuello encintadoCuello con dos capas de lycraDoble<\/p>","protected":false},"featured_media":411188,"comment_status":"open","ping_status":"closed","template":"","meta":{"_acf_changed":false},"product_brand":[11671],"product_cat":[13931,13977,13986,13974,13930,13975,13973],"product_tag":[],"class_list":{"0":"post-363262","1":"product","2":"type-product","3":"status-publish","4":"has-post-thumbnail","6":"product_brand-tee-jays","7":"product_cat-rl-alta-visibilidad","8":"product_cat-h-camisetas-manga-corta","9":"product_cat-m-camisetas-manga-corta","10":"product_cat-ropa-hombre","11":"product_cat-laboral","12":"product_cat-ropa-mujer","13":"product_cat-ropa","14":"tm-no-options","16":"first","17":"instock","18":"taxable","19":"shipping-taxable","20":"product-type-variable"},"acf":[],"_links":{"self":[{"href":"https:\/\/grupotextil.es\/ca\/wp-json\/wp\/v2\/product\/363262","targetHints":{"allow":["GET"]}}],"collection":[{"href":"https:\/\/grupotextil.es\/ca\/wp-json\/wp\/v2\/product"}],"about":[{"href":"https:\/\/grupotextil.es\/ca\/wp-json\/wp\/v2\/types\/product"}],"replies":[{"embeddable":true,"href":"https:\/\/grupotextil.es\/ca\/wp-json\/wp\/v2\/comments?post=363262"}],"wp:featuredmedia":[{"embeddable":true,"href":"https:\/\/grupotextil.es\/ca\/wp-json\/wp\/v2\/media\/411188"}],"wp:attachment":[{"href":"https:\/\/grupotextil.es\/ca\/wp-json\/wp\/v2\/media?parent=363262"}],"wp:term":[{"taxonomy":"product_brand","embeddable":true,"href":"https:\/\/grupotextil.es\/ca\/wp-json\/wp\/v2\/product_brand?post=363262"},{"taxonomy":"product_cat","embeddable":true,"href":"https:\/\/grupotextil.es\/ca\/wp-json\/wp\/v2\/product_cat?post=363262"},{"taxonomy":"product_tag","embeddable":true,"href":"https:\/\/grupotextil.es\/ca\/wp-json\/wp\/v2\/product_tag?post=363262"}],"curies":[{"name":"wp","href":"https:\/\/api.w.org\/{rel}","templated":true}]}}

<ul>
<li>195 g/m²</li>
<li>90% algodón peinado ring-spun, 10% elastán</li>
<li>Elastán full feeder para una superfície más tersa y mejor estabilidad</li>
<li>Pre-encogido</li>
<li>Lavado con encimas</li>
<li>Cuello encintado</li>
<li>Cuello con dos capas de lycra</li>
<li>Doble puntada</li>
</ul>

<p>195 g/m²90% algodón peinado ring-spun, 10% elastánElastán full feeder para una superfície más tersa y mejor estabilidadPre-encogidoLavado con encimasCuello encintadoCuello con dos capas de lycraDoble</p>
