{"id":364285,"date":"2026-03-08T02:07:54","date_gmt":"2026-03-08T01:07:54","guid":{"rendered":"https:\/\/grupotextil.es\/producto\/heavy-hoody\/"},"modified":"2026-03-08T02:07:54","modified_gmt":"2026-03-08T01:07:54","slug":"heavy-hoody","status":"publish","type":"product","link":"https:\/\/grupotextil.es\/ca\/product\/heavy-hoody\/","title":{"rendered":"Heavy Hoody"},"content":{"rendered":"<ul>\n<li>300 g\/m\u00b2<\/li>\n<li>65 % algod\u00f3n, 35 % poli\u00e9ster, forro polar cepillado<\/li>\n<li>Capucha ajustable<\/li>\n<li>Amplio bolsillo de canguro<\/li>\n<li>Canal\u00e9 ancho en el dobladillo y los pu\u00f1os<\/li>\n<li>Ideal para diferentes t\u00e9cnicas de impresi\u00f3n.<\/li>\n<\/ul>","protected":false},"excerpt":{"rendered":"<p>300 g\/m\u00b265 % algod\u00f3n, 35 % poli\u00e9ster, forro polar cepilladoCapucha ajustableAmplio bolsillo de canguroCanal\u00e9 ancho en el dobladillo y los pu\u00f1osIdeal para diferentes t\u00e9cnicas de impresi\u00f3n.<\/p>","protected":false},"featured_media":411369,"comment_status":"open","ping_status":"closed","template":"","meta":{"_acf_changed":false},"product_brand":[11675],"product_cat":[13974,13975,13973,13989,13980],"product_tag":[14009],"class_list":{"0":"post-364285","1":"product","2":"type-product","3":"status-publish","4":"has-post-thumbnail","6":"product_brand-build-your-brand","7":"product_cat-ropa-hombre","8":"product_cat-ropa-mujer","9":"product_cat-ropa","10":"product_cat-m-sudaderas","11":"product_cat-h-sudaderas","12":"product_tag-top-ventas","13":"tm-no-options","15":"first","16":"instock","17":"taxable","18":"shipping-taxable","19":"product-type-variable"},"acf":[],"_links":{"self":[{"href":"https:\/\/grupotextil.es\/ca\/wp-json\/wp\/v2\/product\/364285","targetHints":{"allow":["GET"]}}],"collection":[{"href":"https:\/\/grupotextil.es\/ca\/wp-json\/wp\/v2\/product"}],"about":[{"href":"https:\/\/grupotextil.es\/ca\/wp-json\/wp\/v2\/types\/product"}],"replies":[{"embeddable":true,"href":"https:\/\/grupotextil.es\/ca\/wp-json\/wp\/v2\/comments?post=364285"}],"wp:featuredmedia":[{"embeddable":true,"href":"https:\/\/grupotextil.es\/ca\/wp-json\/wp\/v2\/media\/411369"}],"wp:attachment":[{"href":"https:\/\/grupotextil.es\/ca\/wp-json\/wp\/v2\/media?parent=364285"}],"wp:term":[{"taxonomy":"product_brand","embeddable":true,"href":"https:\/\/grupotextil.es\/ca\/wp-json\/wp\/v2\/product_brand?post=364285"},{"taxonomy":"product_cat","embeddable":true,"href":"https:\/\/grupotextil.es\/ca\/wp-json\/wp\/v2\/product_cat?post=364285"},{"taxonomy":"product_tag","embeddable":true,"href":"https:\/\/grupotextil.es\/ca\/wp-json\/wp\/v2\/product_tag?post=364285"}],"curies":[{"name":"wp","href":"https:\/\/api.w.org\/{rel}","templated":true}]}}

<ul>
<li>300 g/m²</li>
<li>65 % algodón, 35 % poliéster, forro polar cepillado</li>
<li>Capucha ajustable</li>
<li>Amplio bolsillo de canguro</li>
<li>Canalé ancho en el dobladillo y los puños</li>
<li>Ideal para diferentes técnicas de impresión.</li>
</ul>

<p>300 g/m²65 % algodón, 35 % poliéster, forro polar cepilladoCapucha ajustableAmplio bolsillo de canguroCanalé ancho en el dobladillo y los puñosIdeal para diferentes técnicas de impresión.</p>
