{"id":364621,"date":"2026-03-08T02:08:55","date_gmt":"2026-03-08T01:08:55","guid":{"rendered":"https:\/\/grupotextil.es\/producto\/pantalon-corto-reciclado-spiro\/"},"modified":"2026-03-08T02:08:55","modified_gmt":"2026-03-08T01:08:55","slug":"pantalon-corto-reciclado-spiro","status":"publish","type":"product","link":"https:\/\/grupotextil.es\/ca\/product\/pantalon-corto-reciclado-spiro\/","title":{"rendered":"Pantal\u00f3n corto reciclado Spiro"},"content":{"rendered":"<ul>\n<li>130 g\/m\u00b2<\/li>\n<li>90 % poli\u00e9ster (reciclado), 10 % elastano<\/li>\n<li>Elasticidad de alta tecnolog\u00eda para mayor comodidad y mantenimiento de la forma<\/li>\n<li>Cintura el\u00e1stica con cord\u00f3n<\/li>\n<li>Forro interior tipo short con bolsillo<\/li>\n<li>Costura decorativa de doble aguja.<\/li>\n<\/ul>","protected":false},"excerpt":{"rendered":"<p>130 g\/m\u00b290 % poli\u00e9ster (reciclado), 10 % elastanoElasticidad de alta tecnolog\u00eda para mayor comodidad y mantenimiento de la formaCintura el\u00e1stica con cord\u00f3nForro interior tipo short con bolsilloCost&#8230;<\/p>","protected":false},"featured_media":411459,"comment_status":"open","ping_status":"closed","template":"","meta":{"_acf_changed":false},"product_brand":[11669],"product_cat":[13974,13975,13973,13980,13989],"product_tag":[14010],"class_list":{"0":"post-364621","1":"product","2":"type-product","3":"status-publish","4":"has-post-thumbnail","6":"product_brand-result","7":"product_cat-ropa-hombre","8":"product_cat-ropa-mujer","9":"product_cat-ropa","10":"product_cat-h-sudaderas","11":"product_cat-m-sudaderas","12":"product_tag-nuevo-2026","13":"tm-no-options","15":"first","16":"instock","17":"taxable","18":"shipping-taxable","19":"product-type-variable"},"acf":[],"_links":{"self":[{"href":"https:\/\/grupotextil.es\/ca\/wp-json\/wp\/v2\/product\/364621","targetHints":{"allow":["GET"]}}],"collection":[{"href":"https:\/\/grupotextil.es\/ca\/wp-json\/wp\/v2\/product"}],"about":[{"href":"https:\/\/grupotextil.es\/ca\/wp-json\/wp\/v2\/types\/product"}],"replies":[{"embeddable":true,"href":"https:\/\/grupotextil.es\/ca\/wp-json\/wp\/v2\/comments?post=364621"}],"wp:featuredmedia":[{"embeddable":true,"href":"https:\/\/grupotextil.es\/ca\/wp-json\/wp\/v2\/media\/411459"}],"wp:attachment":[{"href":"https:\/\/grupotextil.es\/ca\/wp-json\/wp\/v2\/media?parent=364621"}],"wp:term":[{"taxonomy":"product_brand","embeddable":true,"href":"https:\/\/grupotextil.es\/ca\/wp-json\/wp\/v2\/product_brand?post=364621"},{"taxonomy":"product_cat","embeddable":true,"href":"https:\/\/grupotextil.es\/ca\/wp-json\/wp\/v2\/product_cat?post=364621"},{"taxonomy":"product_tag","embeddable":true,"href":"https:\/\/grupotextil.es\/ca\/wp-json\/wp\/v2\/product_tag?post=364621"}],"curies":[{"name":"wp","href":"https:\/\/api.w.org\/{rel}","templated":true}]}}

Pantalón corto reciclado Spiro

<ul>
<li>130 g/m²</li>
<li>90 % poliéster (reciclado), 10 % elastano</li>
<li>Elasticidad de alta tecnología para mayor comodidad y mantenimiento de la forma</li>
<li>Cintura elástica con cordón</li>
<li>Forro interior tipo short con bolsillo</li>
<li>Costura decorativa de doble aguja.</li>
</ul>

<p>130 g/m²90 % poliéster (reciclado), 10 % elastanoElasticidad de alta tecnología para mayor comodidad y mantenimiento de la formaCintura elástica con cordónForro interior tipo short con bolsilloCost&#8230;</p>
