{"id":366088,"date":"2026-03-08T02:19:41","date_gmt":"2026-03-08T01:19:41","guid":{"rendered":"https:\/\/grupotextil.es\/producto\/jersey-regular-fit-arundel-cuello-redondo\/"},"modified":"2026-03-08T02:19:41","modified_gmt":"2026-03-08T01:19:41","slug":"jersey-regular-fit-arundel-cuello-redondo","status":"publish","type":"product","link":"https:\/\/grupotextil.es\/ca\/product\/jersey-regular-fit-arundel-cuello-redondo\/","title":{"rendered":"Jersey Regular Fit Arundel Round Neck"},"content":{"rendered":"<ul>\n<li>50% algod\u00f3n, 50% poliacr\u00edlico<\/li>\n<li>Punto de medida 12<\/li>\n<li>Marcas de moda en el cuello delantero, la cabeza de la manga y la sisa<\/li>\n<li>Cuello redondo en canal\u00e9 1&#215;1<\/li>\n<li>Pu\u00f1o y ribete en canal\u00e9 1&#215;1<\/li>\n<li>Etiqueta Kustom Kit tejida en el cuello<\/li>\n<\/ul>","protected":false},"excerpt":{"rendered":"<p>50% algod\u00f3n, 50% poliacr\u00edlicoPunto de medida 12Marcas de moda en el cuello delantero, la cabeza de la manga y la sisaCuello redondo en canal\u00e9 1x1Pu\u00f1o y ribete en canal\u00e9 1x1Etiqueta Kustom Kit tejida e<\/p>","protected":false},"featured_media":411946,"comment_status":"open","ping_status":"closed","template":"","meta":{"_acf_changed":false},"product_brand":[11672],"product_cat":[13974,13975,13973],"product_tag":[],"class_list":{"0":"post-366088","1":"product","2":"type-product","3":"status-publish","4":"has-post-thumbnail","6":"product_brand-kustom-kit","7":"product_cat-ropa-hombre","8":"product_cat-ropa-mujer","9":"product_cat-ropa","10":"tm-no-options","12":"first","13":"instock","14":"taxable","15":"shipping-taxable","16":"product-type-variable"},"acf":[],"_links":{"self":[{"href":"https:\/\/grupotextil.es\/ca\/wp-json\/wp\/v2\/product\/366088","targetHints":{"allow":["GET"]}}],"collection":[{"href":"https:\/\/grupotextil.es\/ca\/wp-json\/wp\/v2\/product"}],"about":[{"href":"https:\/\/grupotextil.es\/ca\/wp-json\/wp\/v2\/types\/product"}],"replies":[{"embeddable":true,"href":"https:\/\/grupotextil.es\/ca\/wp-json\/wp\/v2\/comments?post=366088"}],"wp:featuredmedia":[{"embeddable":true,"href":"https:\/\/grupotextil.es\/ca\/wp-json\/wp\/v2\/media\/411946"}],"wp:attachment":[{"href":"https:\/\/grupotextil.es\/ca\/wp-json\/wp\/v2\/media?parent=366088"}],"wp:term":[{"taxonomy":"product_brand","embeddable":true,"href":"https:\/\/grupotextil.es\/ca\/wp-json\/wp\/v2\/product_brand?post=366088"},{"taxonomy":"product_cat","embeddable":true,"href":"https:\/\/grupotextil.es\/ca\/wp-json\/wp\/v2\/product_cat?post=366088"},{"taxonomy":"product_tag","embeddable":true,"href":"https:\/\/grupotextil.es\/ca\/wp-json\/wp\/v2\/product_tag?post=366088"}],"curies":[{"name":"wp","href":"https:\/\/api.w.org\/{rel}","templated":true}]}}

<ul>
<li>50% algodón, 50% poliacrílico</li>
<li>Punto de medida 12</li>
<li>Marcas de moda en el cuello delantero, la cabeza de la manga y la sisa</li>
<li>Cuello redondo en canalé 1&#215;1</li>
<li>Puño y ribete en canalé 1&#215;1</li>
<li>Etiqueta Kustom Kit tejida en el cuello</li>
</ul>

<p>50% algodón, 50% poliacrílicoPunto de medida 12Marcas de moda en el cuello delantero, la cabeza de la manga y la sisaCuello redondo en canalé 1x1Puño y ribete en canalé 1x1Etiqueta Kustom Kit tejida e</p>
