{"id":367529,"date":"2026-03-08T02:25:19","date_gmt":"2026-03-08T01:25:19","guid":{"rendered":"https:\/\/grupotextil.es\/producto\/jersey-arundel-con-cremallera-1-4-corte-regular\/"},"modified":"2026-03-08T02:25:19","modified_gmt":"2026-03-08T01:25:19","slug":"jersey-arundel-con-cremallera-1-4-corte-regular","status":"publish","type":"product","link":"https:\/\/grupotextil.es\/ca\/product\/jersey-arundel-con-cremallera-1-4-corte-regular\/","title":{"rendered":"Jersey Arundel con cremallera 1\/4 corte regular"},"content":{"rendered":"<ul>\n<li>50 % algod\u00f3n, 50 % acr\u00edlico<\/li>\n<li>Corte regular<\/li>\n<li>Lavado enzim\u00e1tico para reducir el pilling<\/li>\n<li>Apto para lavar en lavadora<\/li>\n<li>Cuello de canal\u00e9 1&#215;1 con doble capa<\/li>\n<li>Cremallera met\u00e1lica YKK oculta.<\/li>\n<\/ul>","protected":false},"excerpt":{"rendered":"<p>50 % algod\u00f3n, 50 % acr\u00edlicoCorte regularLavado enzim\u00e1tico para reducir el pillingApto para lavar en lavadoraCuello de canal\u00e9 1&#215;1 con doble capaCremallera met\u00e1lica YKK oculta.<\/p>","protected":false},"featured_media":412540,"comment_status":"open","ping_status":"closed","template":"","meta":{"_acf_changed":false},"product_brand":[11672],"product_cat":[13974,13975,13973],"product_tag":[14010],"class_list":{"0":"post-367529","1":"product","2":"type-product","3":"status-publish","4":"has-post-thumbnail","6":"product_brand-kustom-kit","7":"product_cat-ropa-hombre","8":"product_cat-ropa-mujer","9":"product_cat-ropa","10":"product_tag-nuevo-2026","11":"tm-no-options","13":"first","14":"instock","15":"taxable","16":"shipping-taxable","17":"product-type-variable"},"acf":[],"_links":{"self":[{"href":"https:\/\/grupotextil.es\/ca\/wp-json\/wp\/v2\/product\/367529","targetHints":{"allow":["GET"]}}],"collection":[{"href":"https:\/\/grupotextil.es\/ca\/wp-json\/wp\/v2\/product"}],"about":[{"href":"https:\/\/grupotextil.es\/ca\/wp-json\/wp\/v2\/types\/product"}],"replies":[{"embeddable":true,"href":"https:\/\/grupotextil.es\/ca\/wp-json\/wp\/v2\/comments?post=367529"}],"wp:featuredmedia":[{"embeddable":true,"href":"https:\/\/grupotextil.es\/ca\/wp-json\/wp\/v2\/media\/412540"}],"wp:attachment":[{"href":"https:\/\/grupotextil.es\/ca\/wp-json\/wp\/v2\/media?parent=367529"}],"wp:term":[{"taxonomy":"product_brand","embeddable":true,"href":"https:\/\/grupotextil.es\/ca\/wp-json\/wp\/v2\/product_brand?post=367529"},{"taxonomy":"product_cat","embeddable":true,"href":"https:\/\/grupotextil.es\/ca\/wp-json\/wp\/v2\/product_cat?post=367529"},{"taxonomy":"product_tag","embeddable":true,"href":"https:\/\/grupotextil.es\/ca\/wp-json\/wp\/v2\/product_tag?post=367529"}],"curies":[{"name":"wp","href":"https:\/\/api.w.org\/{rel}","templated":true}]}}

<ul>
<li>50 % algodón, 50 % acrílico</li>
<li>Corte regular</li>
<li>Lavado enzimático para reducir el pilling</li>
<li>Apto para lavar en lavadora</li>
<li>Cuello de canalé 1&#215;1 con doble capa</li>
<li>Cremallera metálica YKK oculta.</li>
</ul>

<p>50 % algodón, 50 % acrílicoCorte regularLavado enzimático para reducir el pillingApto para lavar en lavadoraCuello de canalé 1&#215;1 con doble capaCremallera metálica YKK oculta.</p>
