{"id":369539,"date":"2026-03-08T02:35:26","date_gmt":"2026-03-08T01:35:26","guid":{"rendered":"https:\/\/grupotextil.es\/producto\/sudadera-con-capucha-unlabeled\/"},"modified":"2026-03-08T02:35:26","modified_gmt":"2026-03-08T01:35:26","slug":"sudadera-con-capucha-unlabeled","status":"publish","type":"product","link":"https:\/\/grupotextil.es\/ca\/product\/sudadera-con-capucha-unlabeled\/","title":{"rendered":"Hoodie UNLABELED"},"content":{"rendered":"<ul>\n<li>300 g\/m\u00b2<\/li>\n<li>70 % algod\u00f3n ring-spun (org\u00e1nico), 30 % poli\u00e9ster (reciclado)<\/li>\n<li>Ajuste relajado<\/li>\n<li>Cepillado por dentro<\/li>\n<li>Media luna para marca personalizada<\/li>\n<li>Etiqueta del cuello extra\u00edble<\/li>\n<\/ul>","protected":false},"excerpt":{"rendered":"<p>300 g\/m\u00b270 % algod\u00f3n ring-spun (org\u00e1nico), 30 % poli\u00e9ster (reciclado)Ajuste relajadoCepillado por dentroMedia luna para marca personalizadaEtiqueta del cuello extra\u00edble<\/p>","protected":false},"featured_media":413041,"comment_status":"open","ping_status":"closed","template":"","meta":{"_acf_changed":false},"product_brand":[11671],"product_cat":[13974,13975,13973],"product_tag":[14010],"class_list":{"0":"post-369539","1":"product","2":"type-product","3":"status-publish","4":"has-post-thumbnail","6":"product_brand-tee-jays","7":"product_cat-ropa-hombre","8":"product_cat-ropa-mujer","9":"product_cat-ropa","10":"product_tag-nuevo-2026","11":"tm-no-options","13":"first","14":"instock","15":"taxable","16":"shipping-taxable","17":"product-type-variable"},"acf":[],"_links":{"self":[{"href":"https:\/\/grupotextil.es\/ca\/wp-json\/wp\/v2\/product\/369539","targetHints":{"allow":["GET"]}}],"collection":[{"href":"https:\/\/grupotextil.es\/ca\/wp-json\/wp\/v2\/product"}],"about":[{"href":"https:\/\/grupotextil.es\/ca\/wp-json\/wp\/v2\/types\/product"}],"replies":[{"embeddable":true,"href":"https:\/\/grupotextil.es\/ca\/wp-json\/wp\/v2\/comments?post=369539"}],"wp:featuredmedia":[{"embeddable":true,"href":"https:\/\/grupotextil.es\/ca\/wp-json\/wp\/v2\/media\/413041"}],"wp:attachment":[{"href":"https:\/\/grupotextil.es\/ca\/wp-json\/wp\/v2\/media?parent=369539"}],"wp:term":[{"taxonomy":"product_brand","embeddable":true,"href":"https:\/\/grupotextil.es\/ca\/wp-json\/wp\/v2\/product_brand?post=369539"},{"taxonomy":"product_cat","embeddable":true,"href":"https:\/\/grupotextil.es\/ca\/wp-json\/wp\/v2\/product_cat?post=369539"},{"taxonomy":"product_tag","embeddable":true,"href":"https:\/\/grupotextil.es\/ca\/wp-json\/wp\/v2\/product_tag?post=369539"}],"curies":[{"name":"wp","href":"https:\/\/api.w.org\/{rel}","templated":true}]}}

<ul>
<li>300 g/m²</li>
<li>70 % algodón ring-spun (orgánico), 30 % poliéster (reciclado)</li>
<li>Ajuste relajado</li>
<li>Cepillado por dentro</li>
<li>Media luna para marca personalizada</li>
<li>Etiqueta del cuello extraíble</li>
</ul>

<p>300 g/m²70 % algodón ring-spun (orgánico), 30 % poliéster (reciclado)Ajuste relajadoCepillado por dentroMedia luna para marca personalizadaEtiqueta del cuello extraíble</p>
