{"id":369986,"date":"2026-03-08T02:37:56","date_gmt":"2026-03-08T01:37:56","guid":{"rendered":"https:\/\/grupotextil.es\/producto\/sudadera-manga-raglan-ligera\/"},"modified":"2026-03-08T02:37:56","modified_gmt":"2026-03-08T01:37:56","slug":"sudadera-manga-raglan-ligera","status":"publish","type":"product","link":"https:\/\/grupotextil.es\/ca\/product\/sudadera-manga-raglan-ligera\/","title":{"rendered":"Sweatshirt manga ragl\u00e1n Lightweight"},"content":{"rendered":"<ul>\n<li>240 g\/m\u00b2<\/li>\n<li>80% algod\u00f3n, 20% poli\u00e9ster<\/li>\n<li>Sudadera ligera sin felpar<\/li>\n<li>Manga ragl\u00e1n<\/li>\n<li>Cuello, bajo y pu\u00f1o en canal\u00e9 de algod\u00f3n\/elast\u00e1n<\/li>\n<\/ul>","protected":false},"excerpt":{"rendered":"<p>240 g\/m\u00b280% algod\u00f3n, 20% poli\u00e9sterSudadera ligera sin felparManga ragl\u00e1nCuello, bajo y pu\u00f1o en canal\u00e9 de algod\u00f3n\/elast\u00e1n<\/p>","protected":false},"featured_media":413101,"comment_status":"open","ping_status":"closed","template":"","meta":{"_acf_changed":false},"product_brand":[11665],"product_cat":[13974,13975,13973],"product_tag":[],"class_list":{"0":"post-369986","1":"product","2":"type-product","3":"status-publish","4":"has-post-thumbnail","6":"product_brand-fruit-of-the-loom","7":"product_cat-ropa-hombre","8":"product_cat-ropa-mujer","9":"product_cat-ropa","10":"tm-no-options","12":"first","13":"instock","14":"taxable","15":"shipping-taxable","16":"product-type-variable"},"acf":[],"_links":{"self":[{"href":"https:\/\/grupotextil.es\/ca\/wp-json\/wp\/v2\/product\/369986","targetHints":{"allow":["GET"]}}],"collection":[{"href":"https:\/\/grupotextil.es\/ca\/wp-json\/wp\/v2\/product"}],"about":[{"href":"https:\/\/grupotextil.es\/ca\/wp-json\/wp\/v2\/types\/product"}],"replies":[{"embeddable":true,"href":"https:\/\/grupotextil.es\/ca\/wp-json\/wp\/v2\/comments?post=369986"}],"wp:featuredmedia":[{"embeddable":true,"href":"https:\/\/grupotextil.es\/ca\/wp-json\/wp\/v2\/media\/413101"}],"wp:attachment":[{"href":"https:\/\/grupotextil.es\/ca\/wp-json\/wp\/v2\/media?parent=369986"}],"wp:term":[{"taxonomy":"product_brand","embeddable":true,"href":"https:\/\/grupotextil.es\/ca\/wp-json\/wp\/v2\/product_brand?post=369986"},{"taxonomy":"product_cat","embeddable":true,"href":"https:\/\/grupotextil.es\/ca\/wp-json\/wp\/v2\/product_cat?post=369986"},{"taxonomy":"product_tag","embeddable":true,"href":"https:\/\/grupotextil.es\/ca\/wp-json\/wp\/v2\/product_tag?post=369986"}],"curies":[{"name":"wp","href":"https:\/\/api.w.org\/{rel}","templated":true}]}}

Sweatshirt manga raglán Lightweight

<ul>
<li>240 g/m²</li>
<li>80% algodón, 20% poliéster</li>
<li>Sudadera ligera sin felpar</li>
<li>Manga raglán</li>
<li>Cuello, bajo y puño en canalé de algodón/elastán</li>
</ul>

<p>240 g/m²80% algodón, 20% poliésterSudadera ligera sin felparManga raglánCuello, bajo y puño en canalé de algodón/elastán</p>
