{"id":370632,"date":"2026-03-08T02:39:51","date_gmt":"2026-03-08T01:39:51","guid":{"rendered":"https:\/\/grupotextil.es\/producto\/sudadera-unlabeled-bicolor-con-capucha\/"},"modified":"2026-03-08T02:39:51","modified_gmt":"2026-03-08T01:39:51","slug":"sudadera-unlabeled-bicolor-con-capucha","status":"publish","type":"product","link":"https:\/\/grupotextil.es\/ca\/product\/sudadera-unlabeled-bicolor-con-capucha\/","title":{"rendered":"Sudadera UNLABELED bicolor con capucha"},"content":{"rendered":"<ul>\n<li>300 g\/m\u00b2<\/li>\n<li>70 % algod\u00f3n (org\u00e1nico), peinado y ring-spun, 30 % poli\u00e9ster reciclado y certificado<\/li>\n<li>Corte holgado<\/li>\n<li>Cepillado por dentro<\/li>\n<li>Medio \u00f3valo para personalizaci\u00f3n de marca<\/li>\n<li>Capucha de doble capa<\/li>\n<li>Bolsillo canguro<\/li>\n<li>Pu\u00f1os y cinturilla con elastano para mayor estabilidad<\/li>\n<li>Doble te\u00f1ido para un color intenso y duradero<\/li>\n<li>Doble preencogido para mantener la forma<\/li>\n<li>Tela de 3 hilos para superficie suave<\/li>\n<li>Lavable a 60 \u00baC<\/li>\n<li>Sin etiquetas.<\/li>\n<\/ul>","protected":false},"excerpt":{"rendered":"<p>300 g\/m\u00b270 % algod\u00f3n (org\u00e1nico), peinado y ring-spun, 30 % poli\u00e9ster reciclado y certificadoCorte holgadoCepillado por dentroMedio \u00f3valo para personalizaci\u00f3n de marcaCapucha de doble capaBolsillo c&#8230;<\/p>","protected":false},"featured_media":413254,"comment_status":"open","ping_status":"closed","template":"","meta":{"_acf_changed":false},"product_brand":[11671],"product_cat":[13974,13975,13973],"product_tag":[14010],"class_list":{"0":"post-370632","1":"product","2":"type-product","3":"status-publish","4":"has-post-thumbnail","6":"product_brand-tee-jays","7":"product_cat-ropa-hombre","8":"product_cat-ropa-mujer","9":"product_cat-ropa","10":"product_tag-nuevo-2026","11":"tm-no-options","13":"first","14":"instock","15":"taxable","16":"shipping-taxable","17":"product-type-variable"},"acf":[],"_links":{"self":[{"href":"https:\/\/grupotextil.es\/ca\/wp-json\/wp\/v2\/product\/370632","targetHints":{"allow":["GET"]}}],"collection":[{"href":"https:\/\/grupotextil.es\/ca\/wp-json\/wp\/v2\/product"}],"about":[{"href":"https:\/\/grupotextil.es\/ca\/wp-json\/wp\/v2\/types\/product"}],"replies":[{"embeddable":true,"href":"https:\/\/grupotextil.es\/ca\/wp-json\/wp\/v2\/comments?post=370632"}],"wp:featuredmedia":[{"embeddable":true,"href":"https:\/\/grupotextil.es\/ca\/wp-json\/wp\/v2\/media\/413254"}],"wp:attachment":[{"href":"https:\/\/grupotextil.es\/ca\/wp-json\/wp\/v2\/media?parent=370632"}],"wp:term":[{"taxonomy":"product_brand","embeddable":true,"href":"https:\/\/grupotextil.es\/ca\/wp-json\/wp\/v2\/product_brand?post=370632"},{"taxonomy":"product_cat","embeddable":true,"href":"https:\/\/grupotextil.es\/ca\/wp-json\/wp\/v2\/product_cat?post=370632"},{"taxonomy":"product_tag","embeddable":true,"href":"https:\/\/grupotextil.es\/ca\/wp-json\/wp\/v2\/product_tag?post=370632"}],"curies":[{"name":"wp","href":"https:\/\/api.w.org\/{rel}","templated":true}]}}

<ul>
<li>300 g/m²</li>
<li>70 % algodón (orgánico), peinado y ring-spun, 30 % poliéster reciclado y certificado</li>
<li>Corte holgado</li>
<li>Cepillado por dentro</li>
<li>Medio óvalo para personalización de marca</li>
<li>Capucha de doble capa</li>
<li>Bolsillo canguro</li>
<li>Puños y cinturilla con elastano para mayor estabilidad</li>
<li>Doble teñido para un color intenso y duradero</li>
<li>Doble preencogido para mantener la forma</li>
<li>Tela de 3 hilos para superficie suave</li>
<li>Lavable a 60 ºC</li>
<li>Sin etiquetas.</li>
</ul>

<p>300 g/m²70 % algodón (orgánico), peinado y ring-spun, 30 % poliéster reciclado y certificadoCorte holgadoCepillado por dentroMedio óvalo para personalización de marcaCapucha de doble capaBolsillo c&#8230;</p>
