{"id":371484,"date":"2026-03-08T02:46:21","date_gmt":"2026-03-08T01:46:21","guid":{"rendered":"https:\/\/grupotextil.es\/producto\/sudadera-dryblend-cuello-redondo-adulto\/"},"modified":"2026-03-08T02:46:21","modified_gmt":"2026-03-08T01:46:21","slug":"sudadera-dryblend-cuello-redondo-adulto","status":"publish","type":"product","link":"https:\/\/grupotextil.es\/ca\/product\/sudadera-dryblend-cuello-redondo-adulto\/","title":{"rendered":"Sudadera DryBlend cuello redondo adulto"},"content":{"rendered":"<ul>\n<li>305 g\/m\u00b2 (White: 287 g\/m\u00b2)<\/li>\n<li>50% algod\u00f3n, 50% poli\u00e9ster<\/li>\n<li>Doble costura en cuello, sisas, pu\u00f1os y dobladillo<\/li>\n<li>Mangas montadas<\/li>\n<li>Ribete el\u00e1stico acanalado en mangas y dobladillo inferior<\/li>\n<li>Tejido tubular<\/li>\n<li>Sin etiqueta textil, informaci\u00f3n del producto impresa<\/li>\n<li>Ajuste cl\u00e1sico<\/li>\n<\/ul>","protected":false},"excerpt":{"rendered":"<p>305 g\/m\u00b2 (White: 287 g\/m\u00b2)50% algod\u00f3n, 50% poli\u00e9sterDoble costura en cuello, sisas, pu\u00f1os y dobladilloMangas montadasRibete el\u00e1stico acanalado en mangas y dobladillo inferiorTejido tubularSin etiqueta<\/p>","protected":false},"featured_media":413435,"comment_status":"open","ping_status":"closed","template":"","meta":{"_acf_changed":false},"product_brand":[11666],"product_cat":[13974,13975,13973,13980,13989],"product_tag":[],"class_list":{"0":"post-371484","1":"product","2":"type-product","3":"status-publish","4":"has-post-thumbnail","6":"product_brand-gildan","7":"product_cat-ropa-hombre","8":"product_cat-ropa-mujer","9":"product_cat-ropa","10":"product_cat-h-sudaderas","11":"product_cat-m-sudaderas","12":"tm-no-options","14":"first","15":"instock","16":"taxable","17":"shipping-taxable","18":"product-type-variable"},"acf":[],"_links":{"self":[{"href":"https:\/\/grupotextil.es\/ca\/wp-json\/wp\/v2\/product\/371484","targetHints":{"allow":["GET"]}}],"collection":[{"href":"https:\/\/grupotextil.es\/ca\/wp-json\/wp\/v2\/product"}],"about":[{"href":"https:\/\/grupotextil.es\/ca\/wp-json\/wp\/v2\/types\/product"}],"replies":[{"embeddable":true,"href":"https:\/\/grupotextil.es\/ca\/wp-json\/wp\/v2\/comments?post=371484"}],"wp:featuredmedia":[{"embeddable":true,"href":"https:\/\/grupotextil.es\/ca\/wp-json\/wp\/v2\/media\/413435"}],"wp:attachment":[{"href":"https:\/\/grupotextil.es\/ca\/wp-json\/wp\/v2\/media?parent=371484"}],"wp:term":[{"taxonomy":"product_brand","embeddable":true,"href":"https:\/\/grupotextil.es\/ca\/wp-json\/wp\/v2\/product_brand?post=371484"},{"taxonomy":"product_cat","embeddable":true,"href":"https:\/\/grupotextil.es\/ca\/wp-json\/wp\/v2\/product_cat?post=371484"},{"taxonomy":"product_tag","embeddable":true,"href":"https:\/\/grupotextil.es\/ca\/wp-json\/wp\/v2\/product_tag?post=371484"}],"curies":[{"name":"wp","href":"https:\/\/api.w.org\/{rel}","templated":true}]}}

<ul>
<li>305 g/m² (White: 287 g/m²)</li>
<li>50% algodón, 50% poliéster</li>
<li>Doble costura en cuello, sisas, puños y dobladillo</li>
<li>Mangas montadas</li>
<li>Ribete elástico acanalado en mangas y dobladillo inferior</li>
<li>Tejido tubular</li>
<li>Sin etiqueta textil, información del producto impresa</li>
<li>Ajuste clásico</li>
</ul>

<p>305 g/m² (White: 287 g/m²)50% algodón, 50% poliésterDoble costura en cuello, sisas, puños y dobladilloMangas montadasRibete elástico acanalado en mangas y dobladillo inferiorTejido tubularSin etiqueta</p>
