{"id":373973,"date":"2026-03-08T03:05:37","date_gmt":"2026-03-08T02:05:37","guid":{"rendered":"https:\/\/grupotextil.es\/producto\/sudadera-con-capucha-mujer\/"},"modified":"2026-03-08T03:05:37","modified_gmt":"2026-03-08T02:05:37","slug":"sudadera-con-capucha-mujer","status":"publish","type":"product","link":"https:\/\/grupotextil.es\/ca\/product\/sudadera-con-capucha-mujer\/","title":{"rendered":"Sudadera con capucha mujer"},"content":{"rendered":"<ul>\n<li>310 g\/m\u00b2<\/li>\n<li>70% algod\u00f3n ring-spun, 30% poli\u00e9ster<\/li>\n<li>Algod\u00f3n egipcio de fibra larga<\/li>\n<li>Tejido de 3 hebras para una superf\u00edcie m\u00e1s tersa<\/li>\n<li>Doblemente te\u00f1ido para conseguir unos colores m\u00e1s brillantes<\/li>\n<li>Interior perchado<\/li>\n<li>Lycra en todos los ribetes para una mayor estabilidad<\/li>\n<li>Doble puntada<\/li>\n<\/ul>","protected":false},"excerpt":{"rendered":"<p>310 g\/m\u00b270% algod\u00f3n ring-spun, 30% poli\u00e9sterAlgod\u00f3n egipcio de fibra largaTejido de 3 hebras para una superf\u00edcie m\u00e1s tersaDoblemente te\u00f1ido para conseguir unos colores m\u00e1s brillantesInterior perchadoL<\/p>","protected":false},"featured_media":414069,"comment_status":"open","ping_status":"closed","template":"","meta":{"_acf_changed":false},"product_brand":[11671],"product_cat":[13973],"product_tag":[14010],"class_list":{"0":"post-373973","1":"product","2":"type-product","3":"status-publish","4":"has-post-thumbnail","6":"product_brand-tee-jays","7":"product_cat-ropa","8":"product_tag-nuevo-2026","9":"tm-no-options","11":"first","12":"instock","13":"taxable","14":"shipping-taxable","15":"product-type-variable"},"acf":[],"_links":{"self":[{"href":"https:\/\/grupotextil.es\/ca\/wp-json\/wp\/v2\/product\/373973","targetHints":{"allow":["GET"]}}],"collection":[{"href":"https:\/\/grupotextil.es\/ca\/wp-json\/wp\/v2\/product"}],"about":[{"href":"https:\/\/grupotextil.es\/ca\/wp-json\/wp\/v2\/types\/product"}],"replies":[{"embeddable":true,"href":"https:\/\/grupotextil.es\/ca\/wp-json\/wp\/v2\/comments?post=373973"}],"wp:featuredmedia":[{"embeddable":true,"href":"https:\/\/grupotextil.es\/ca\/wp-json\/wp\/v2\/media\/414069"}],"wp:attachment":[{"href":"https:\/\/grupotextil.es\/ca\/wp-json\/wp\/v2\/media?parent=373973"}],"wp:term":[{"taxonomy":"product_brand","embeddable":true,"href":"https:\/\/grupotextil.es\/ca\/wp-json\/wp\/v2\/product_brand?post=373973"},{"taxonomy":"product_cat","embeddable":true,"href":"https:\/\/grupotextil.es\/ca\/wp-json\/wp\/v2\/product_cat?post=373973"},{"taxonomy":"product_tag","embeddable":true,"href":"https:\/\/grupotextil.es\/ca\/wp-json\/wp\/v2\/product_tag?post=373973"}],"curies":[{"name":"wp","href":"https:\/\/api.w.org\/{rel}","templated":true}]}}

<ul>
<li>310 g/m²</li>
<li>70% algodón ring-spun, 30% poliéster</li>
<li>Algodón egipcio de fibra larga</li>
<li>Tejido de 3 hebras para una superfície más tersa</li>
<li>Doblemente teñido para conseguir unos colores más brillantes</li>
<li>Interior perchado</li>
<li>Lycra en todos los ribetes para una mayor estabilidad</li>
<li>Doble puntada</li>
</ul>

<p>310 g/m²70% algodón ring-spun, 30% poliésterAlgodón egipcio de fibra largaTejido de 3 hebras para una superfície más tersaDoblemente teñido para conseguir unos colores más brillantesInterior perchadoL</p>
