{"id":375736,"date":"2026-03-08T03:12:40","date_gmt":"2026-03-08T02:12:40","guid":{"rendered":"https:\/\/grupotextil.es\/producto\/sudadera-bajo-abierto-open-hem\/"},"modified":"2026-03-08T03:12:40","modified_gmt":"2026-03-08T02:12:40","slug":"sudadera-bajo-abierto-open-hem","status":"publish","type":"product","link":"https:\/\/grupotextil.es\/ca\/product\/sudadera-bajo-abierto-open-hem\/","title":{"rendered":"Sweatshirt bajo abierto Open Hem"},"content":{"rendered":"<ul>\n<li>280 g\/m\u00b2<\/li>\n<li>80% algod\u00f3n ring-spun peinado, 20% poli\u00e9ster<\/li>\n<li>Cuello en canal\u00e9 con elast\u00e1n<\/li>\n<li>Bajo de manga sin pu\u00f1os<\/li>\n<li>Bajo recto con aberturas laterales<\/li>\n<li>Corte moderno ajustado<\/li>\n<\/ul>","protected":false},"excerpt":{"rendered":"<p>280 g\/m\u00b280% algod\u00f3n ring-spun peinado, 20% poli\u00e9sterCuello en canal\u00e9 con elast\u00e1nBajo de manga sin pu\u00f1osBajo recto con aberturas lateralesCorte moderno ajustado<\/p>","protected":false},"featured_media":414556,"comment_status":"open","ping_status":"closed","template":"","meta":{"_acf_changed":false},"product_brand":[11653],"product_cat":[13976,13973,13997],"product_tag":[],"class_list":{"0":"post-375736","1":"product","2":"type-product","3":"status-publish","4":"has-post-thumbnail","6":"product_brand-b-c","7":"product_cat-ropa-nino","8":"product_cat-ropa","9":"product_cat-n-sudaderas","10":"tm-no-options","12":"first","13":"instock","14":"taxable","15":"shipping-taxable","16":"product-type-variable"},"acf":[],"_links":{"self":[{"href":"https:\/\/grupotextil.es\/ca\/wp-json\/wp\/v2\/product\/375736","targetHints":{"allow":["GET"]}}],"collection":[{"href":"https:\/\/grupotextil.es\/ca\/wp-json\/wp\/v2\/product"}],"about":[{"href":"https:\/\/grupotextil.es\/ca\/wp-json\/wp\/v2\/types\/product"}],"replies":[{"embeddable":true,"href":"https:\/\/grupotextil.es\/ca\/wp-json\/wp\/v2\/comments?post=375736"}],"wp:featuredmedia":[{"embeddable":true,"href":"https:\/\/grupotextil.es\/ca\/wp-json\/wp\/v2\/media\/414556"}],"wp:attachment":[{"href":"https:\/\/grupotextil.es\/ca\/wp-json\/wp\/v2\/media?parent=375736"}],"wp:term":[{"taxonomy":"product_brand","embeddable":true,"href":"https:\/\/grupotextil.es\/ca\/wp-json\/wp\/v2\/product_brand?post=375736"},{"taxonomy":"product_cat","embeddable":true,"href":"https:\/\/grupotextil.es\/ca\/wp-json\/wp\/v2\/product_cat?post=375736"},{"taxonomy":"product_tag","embeddable":true,"href":"https:\/\/grupotextil.es\/ca\/wp-json\/wp\/v2\/product_tag?post=375736"}],"curies":[{"name":"wp","href":"https:\/\/api.w.org\/{rel}","templated":true}]}}

<ul>
<li>280 g/m²</li>
<li>80% algodón ring-spun peinado, 20% poliéster</li>
<li>Cuello en canalé con elastán</li>
<li>Bajo de manga sin puños</li>
<li>Bajo recto con aberturas laterales</li>
<li>Corte moderno ajustado</li>
</ul>

<p>280 g/m²80% algodón ring-spun peinado, 20% poliésterCuello en canalé con elastánBajo de manga sin puñosBajo recto con aberturas lateralesCorte moderno ajustado</p>
