{"id":377429,"date":"2026-03-08T03:18:00","date_gmt":"2026-03-08T02:18:00","guid":{"rendered":"https:\/\/grupotextil.es\/producto\/guantes-con-corte-en-los-dedos\/"},"modified":"2026-03-08T03:18:00","modified_gmt":"2026-03-08T02:18:00","slug":"guantes-con-corte-en-los-dedos","status":"publish","type":"product","link":"https:\/\/grupotextil.es\/ca\/product\/guantes-con-corte-en-los-dedos\/","title":{"rendered":"Glove con corte en los dedos"},"content":{"rendered":"<ul>\n<li>100% poliacr\u00edlico reciclado parcialmente<\/li>\n<li>Ideal para comunicar por m\u00f3vil durante el invierno<\/li>\n<li>Pu\u00f1ode punto en canal\u00e9<\/li>\n<\/ul>","protected":false},"excerpt":{"rendered":"<p>100% poliacr\u00edlico reciclado parcialmenteIdeal para comunicar por m\u00f3vil durante el inviernoPu\u00f1ode punto en canal\u00e9<\/p>","protected":false},"featured_media":415207,"comment_status":"open","ping_status":"closed","template":"","meta":{"_acf_changed":false},"product_brand":[11656],"product_cat":[13948,13954],"product_tag":[],"class_list":{"0":"post-377429","1":"product","2":"type-product","3":"status-publish","4":"has-post-thumbnail","6":"product_brand-regatta","7":"product_cat-accesorios","8":"product_cat-acc-bolsas-y-mochilas","9":"tm-no-options","11":"first","12":"instock","13":"taxable","14":"shipping-taxable","15":"product-type-variable"},"acf":[],"_links":{"self":[{"href":"https:\/\/grupotextil.es\/ca\/wp-json\/wp\/v2\/product\/377429","targetHints":{"allow":["GET"]}}],"collection":[{"href":"https:\/\/grupotextil.es\/ca\/wp-json\/wp\/v2\/product"}],"about":[{"href":"https:\/\/grupotextil.es\/ca\/wp-json\/wp\/v2\/types\/product"}],"replies":[{"embeddable":true,"href":"https:\/\/grupotextil.es\/ca\/wp-json\/wp\/v2\/comments?post=377429"}],"wp:featuredmedia":[{"embeddable":true,"href":"https:\/\/grupotextil.es\/ca\/wp-json\/wp\/v2\/media\/415207"}],"wp:attachment":[{"href":"https:\/\/grupotextil.es\/ca\/wp-json\/wp\/v2\/media?parent=377429"}],"wp:term":[{"taxonomy":"product_brand","embeddable":true,"href":"https:\/\/grupotextil.es\/ca\/wp-json\/wp\/v2\/product_brand?post=377429"},{"taxonomy":"product_cat","embeddable":true,"href":"https:\/\/grupotextil.es\/ca\/wp-json\/wp\/v2\/product_cat?post=377429"},{"taxonomy":"product_tag","embeddable":true,"href":"https:\/\/grupotextil.es\/ca\/wp-json\/wp\/v2\/product_tag?post=377429"}],"curies":[{"name":"wp","href":"https:\/\/api.w.org\/{rel}","templated":true}]}}

<ul>
<li>100% poliacrílico reciclado parcialmente</li>
<li>Ideal para comunicar por móvil durante el invierno</li>
<li>Puñode punto en canalé</li>
</ul>

<p>100% poliacrílico reciclado parcialmenteIdeal para comunicar por móvil durante el inviernoPuñode punto en canalé</p>
