{"id":377862,"date":"2026-03-08T03:18:51","date_gmt":"2026-03-08T02:18:51","guid":{"rendered":"https:\/\/grupotextil.es\/producto\/boutique-pouch-wristlet\/"},"modified":"2026-03-08T03:18:51","modified_gmt":"2026-03-08T02:18:51","slug":"boutique-pouch-wristlet","status":"publish","type":"product","link":"https:\/\/grupotextil.es\/ca\/product\/boutique-pouch-wristlet\/","title":{"rendered":"Boutique Pouch Wristlet"},"content":{"rendered":"<ul>\n<li>775 g\/m\u00b2<\/li>\n<li>100 % piel sint\u00e9tica<\/li>\n<li>Saffiano de grano fino<\/li>\n<li>Producto de tres piezas<\/li>\n<li>Estuche para Airpods con apertura con bot\u00f3n a presi\u00f3n<\/li>\n<li>Correa de mu\u00f1eca de cincha<\/li>\n<li>Cartera con cremallera para tarjetas<\/li>\n<li>Adornos de metal dorado de alto brillo.<\/li>\n<li>Compatible con bolsos y accesorios de la Colecci\u00f3n Boutique<\/li>\n<li>Etiqueta extra\u00edble para facilitar el cambio de marca<\/li>\n<li>Funda de Airpods: 8 x 5 x 3 cm<\/li>\n<li>Bolsillo con Cremallera: 12 x 3 cm<\/li>\n<li>Asa: 13 x 2.6 cm<\/li>\n<li>\u00c1rea M\u00e1xima de Impresi\u00f3n: Funda de Airpods: 7 x 3 cm; Bolsillo con cremallera: 9 x 6 cm<\/li>\n<\/ul>","protected":false},"excerpt":{"rendered":"<p>775 g\/m\u00b2100 % piel sint\u00e9ticaSaffiano de grano finoProducto de tres piezasEstuche para Airpods con apertura con bot\u00f3n a presi\u00f3nCorrea de mu\u00f1eca de cinchaCartera con cremallera para tarjetasAdornos d&#8230;<\/p>","protected":false},"featured_media":415869,"comment_status":"open","ping_status":"closed","template":"","meta":{"_acf_changed":false},"product_brand":[11668],"product_cat":[13948,13954],"product_tag":[],"class_list":{"0":"post-377862","1":"product","2":"type-product","3":"status-publish","4":"has-post-thumbnail","6":"product_brand-bag-base","7":"product_cat-accesorios","8":"product_cat-acc-bolsas-y-mochilas","9":"tm-no-options","11":"first","12":"instock","13":"taxable","14":"shipping-taxable","15":"product-type-variable"},"acf":[],"_links":{"self":[{"href":"https:\/\/grupotextil.es\/ca\/wp-json\/wp\/v2\/product\/377862","targetHints":{"allow":["GET"]}}],"collection":[{"href":"https:\/\/grupotextil.es\/ca\/wp-json\/wp\/v2\/product"}],"about":[{"href":"https:\/\/grupotextil.es\/ca\/wp-json\/wp\/v2\/types\/product"}],"replies":[{"embeddable":true,"href":"https:\/\/grupotextil.es\/ca\/wp-json\/wp\/v2\/comments?post=377862"}],"wp:featuredmedia":[{"embeddable":true,"href":"https:\/\/grupotextil.es\/ca\/wp-json\/wp\/v2\/media\/415869"}],"wp:attachment":[{"href":"https:\/\/grupotextil.es\/ca\/wp-json\/wp\/v2\/media?parent=377862"}],"wp:term":[{"taxonomy":"product_brand","embeddable":true,"href":"https:\/\/grupotextil.es\/ca\/wp-json\/wp\/v2\/product_brand?post=377862"},{"taxonomy":"product_cat","embeddable":true,"href":"https:\/\/grupotextil.es\/ca\/wp-json\/wp\/v2\/product_cat?post=377862"},{"taxonomy":"product_tag","embeddable":true,"href":"https:\/\/grupotextil.es\/ca\/wp-json\/wp\/v2\/product_tag?post=377862"}],"curies":[{"name":"wp","href":"https:\/\/api.w.org\/{rel}","templated":true}]}}

<ul>
<li>775 g/m²</li>
<li>100 % piel sintética</li>
<li>Saffiano de grano fino</li>
<li>Producto de tres piezas</li>
<li>Estuche para Airpods con apertura con botón a presión</li>
<li>Correa de muñeca de cincha</li>
<li>Cartera con cremallera para tarjetas</li>
<li>Adornos de metal dorado de alto brillo.</li>
<li>Compatible con bolsos y accesorios de la Colección Boutique</li>
<li>Etiqueta extraíble para facilitar el cambio de marca</li>
<li>Funda de Airpods: 8 x 5 x 3 cm</li>
<li>Bolsillo con Cremallera: 12 x 3 cm</li>
<li>Asa: 13 x 2.6 cm</li>
<li>Área Máxima de Impresión: Funda de Airpods: 7 x 3 cm; Bolsillo con cremallera: 9 x 6 cm</li>
</ul>

<p>775 g/m²100 % piel sintéticaSaffiano de grano finoProducto de tres piezasEstuche para Airpods con apertura con botón a presiónCorrea de muñeca de cinchaCartera con cremallera para tarjetasAdornos d&#8230;</p>
