{"id":377978,"date":"2026-03-08T03:19:06","date_gmt":"2026-03-08T02:19:06","guid":{"rendered":"https:\/\/grupotextil.es\/producto\/gorra-flexfit-delta-2\/"},"modified":"2026-03-08T03:19:06","modified_gmt":"2026-03-08T02:19:06","slug":"gorra-flexfit-delta-2","status":"publish","type":"product","link":"https:\/\/grupotextil.es\/ca\/product\/gorra-flexfit-delta-2\/","title":{"rendered":"Cap Flexfit Delta"},"content":{"rendered":"<ul>\n<li>92% poli\u00e9ster 8% elastano<\/li>\n<li>Material de alta tecnolog\u00eda con tecnolog\u00eda antimanchas.<\/li>\n<li>Look casual y deportivo<\/li>\n<li>6 paneles<\/li>\n<li>Protecci\u00f3n UV<\/li>\n<li>Sin costuras interiores.<\/li>\n<li>Visera con 1 hilera de costuras<\/li>\n<li>Visera interior contrastada en negro<\/li>\n<li>Visera precurvada<\/li>\n<\/ul>","protected":false},"excerpt":{"rendered":"<p>92% poli\u00e9ster 8% elastanoMaterial de alta tecnolog\u00eda con tecnolog\u00eda antimanchas.<\/p>","protected":false},"featured_media":416117,"comment_status":"open","ping_status":"closed","template":"","meta":{"_acf_changed":false},"product_brand":[11678],"product_cat":[13948,13954],"product_tag":[14009],"class_list":{"0":"post-377978","1":"product","2":"type-product","3":"status-publish","4":"has-post-thumbnail","6":"product_brand-flexfit","7":"product_cat-accesorios","8":"product_cat-acc-bolsas-y-mochilas","9":"product_tag-top-ventas","10":"tm-no-options","12":"first","13":"instock","14":"taxable","15":"shipping-taxable","16":"product-type-variable"},"acf":[],"_links":{"self":[{"href":"https:\/\/grupotextil.es\/ca\/wp-json\/wp\/v2\/product\/377978","targetHints":{"allow":["GET"]}}],"collection":[{"href":"https:\/\/grupotextil.es\/ca\/wp-json\/wp\/v2\/product"}],"about":[{"href":"https:\/\/grupotextil.es\/ca\/wp-json\/wp\/v2\/types\/product"}],"replies":[{"embeddable":true,"href":"https:\/\/grupotextil.es\/ca\/wp-json\/wp\/v2\/comments?post=377978"}],"wp:featuredmedia":[{"embeddable":true,"href":"https:\/\/grupotextil.es\/ca\/wp-json\/wp\/v2\/media\/416117"}],"wp:attachment":[{"href":"https:\/\/grupotextil.es\/ca\/wp-json\/wp\/v2\/media?parent=377978"}],"wp:term":[{"taxonomy":"product_brand","embeddable":true,"href":"https:\/\/grupotextil.es\/ca\/wp-json\/wp\/v2\/product_brand?post=377978"},{"taxonomy":"product_cat","embeddable":true,"href":"https:\/\/grupotextil.es\/ca\/wp-json\/wp\/v2\/product_cat?post=377978"},{"taxonomy":"product_tag","embeddable":true,"href":"https:\/\/grupotextil.es\/ca\/wp-json\/wp\/v2\/product_tag?post=377978"}],"curies":[{"name":"wp","href":"https:\/\/api.w.org\/{rel}","templated":true}]}}

<ul>
<li>92% poliéster 8% elastano</li>
<li>Material de alta tecnología con tecnología antimanchas.</li>
<li>Look casual y deportivo</li>
<li>6 paneles</li>
<li>Protección UV</li>
<li>Sin costuras interiores.</li>
<li>Visera con 1 hilera de costuras</li>
<li>Visera interior contrastada en negro</li>
<li>Visera precurvada</li>
</ul>

<p>92% poliéster 8% elastanoMaterial de alta tecnología con tecnología antimanchas.</p>
