{"id":377997,"date":"2026-03-08T03:19:08","date_gmt":"2026-03-08T02:19:08","guid":{"rendered":"https:\/\/grupotextil.es\/producto\/mochila-sundae-mini\/"},"modified":"2026-03-08T03:19:08","modified_gmt":"2026-03-08T02:19:08","slug":"mochila-sundae-mini","status":"publish","type":"product","link":"https:\/\/grupotextil.es\/ca\/product\/mochila-sundae-mini\/","title":{"rendered":"Mochila Sundae Mini"},"content":{"rendered":"<ul>\n<li>300 g\/m\u00b2<\/li>\n<li>100% nailon<\/li>\n<li>Forro: 100% poli\u00e9ster (reciclado)<\/li>\n<li>Tejido y acabado de primera calidad.<\/li>\n<li>Compartimento principal con cremallera<\/li>\n<li>etiqueta extra\u00edble para facilitar el cambio de marca<\/li>\n<li>Panel trasero acolchado<\/li>\n<li>Correas de hombro ajustables y acolchadas<\/li>\n<li>Bolsillo frontal con cremallera<\/li>\n<li>Asa de mano<\/li>\n<li>Paleta de colores brillantes y llamativos<\/li>\n<li>Cremallera y tiradores de metal dorado cepillado<\/li>\n<li>Capacidad: 10 Litros<\/li>\n<li>Dimensiones: 32 x 26 x 12 cm<\/li>\n<li>Bordado m\u00e1x: 15 aros tubulares (panel frontal)<\/li>\n<li>\u00c1rea de impresi\u00f3n m\u00e1x: 19 x 10 cm (panel frontal), 18 x 9 cm (bolsillo frontal).<\/li>\n<\/ul>","protected":false},"excerpt":{"rendered":"<p>300 g\/m\u00b2100% nailonForro: 100% poli\u00e9ster (reciclado)Tejido y acabado de primera calidad.<\/p>","protected":false},"featured_media":416182,"comment_status":"open","ping_status":"closed","template":"","meta":{"_acf_changed":false},"product_brand":[11668],"product_cat":[13948,13954],"product_tag":[],"class_list":{"0":"post-377997","1":"product","2":"type-product","3":"status-publish","4":"has-post-thumbnail","6":"product_brand-bag-base","7":"product_cat-accesorios","8":"product_cat-acc-bolsas-y-mochilas","9":"tm-no-options","11":"first","12":"instock","13":"taxable","14":"shipping-taxable","15":"product-type-variable"},"acf":[],"_links":{"self":[{"href":"https:\/\/grupotextil.es\/ca\/wp-json\/wp\/v2\/product\/377997","targetHints":{"allow":["GET"]}}],"collection":[{"href":"https:\/\/grupotextil.es\/ca\/wp-json\/wp\/v2\/product"}],"about":[{"href":"https:\/\/grupotextil.es\/ca\/wp-json\/wp\/v2\/types\/product"}],"replies":[{"embeddable":true,"href":"https:\/\/grupotextil.es\/ca\/wp-json\/wp\/v2\/comments?post=377997"}],"wp:featuredmedia":[{"embeddable":true,"href":"https:\/\/grupotextil.es\/ca\/wp-json\/wp\/v2\/media\/416182"}],"wp:attachment":[{"href":"https:\/\/grupotextil.es\/ca\/wp-json\/wp\/v2\/media?parent=377997"}],"wp:term":[{"taxonomy":"product_brand","embeddable":true,"href":"https:\/\/grupotextil.es\/ca\/wp-json\/wp\/v2\/product_brand?post=377997"},{"taxonomy":"product_cat","embeddable":true,"href":"https:\/\/grupotextil.es\/ca\/wp-json\/wp\/v2\/product_cat?post=377997"},{"taxonomy":"product_tag","embeddable":true,"href":"https:\/\/grupotextil.es\/ca\/wp-json\/wp\/v2\/product_tag?post=377997"}],"curies":[{"name":"wp","href":"https:\/\/api.w.org\/{rel}","templated":true}]}}

<ul>
<li>300 g/m²</li>
<li>100% nailon</li>
<li>Forro: 100% poliéster (reciclado)</li>
<li>Tejido y acabado de primera calidad.</li>
<li>Compartimento principal con cremallera</li>
<li>etiqueta extraíble para facilitar el cambio de marca</li>
<li>Panel trasero acolchado</li>
<li>Correas de hombro ajustables y acolchadas</li>
<li>Bolsillo frontal con cremallera</li>
<li>Asa de mano</li>
<li>Paleta de colores brillantes y llamativos</li>
<li>Cremallera y tiradores de metal dorado cepillado</li>
<li>Capacidad: 10 Litros</li>
<li>Dimensiones: 32 x 26 x 12 cm</li>
<li>Bordado máx: 15 aros tubulares (panel frontal)</li>
<li>Área de impresión máx: 19 x 10 cm (panel frontal), 18 x 9 cm (bolsillo frontal).</li>
</ul>

<p>300 g/m²100% nailonForro: 100% poliéster (reciclado)Tejido y acabado de primera calidad.</p>
