{"id":378038,"date":"2026-03-08T03:19:15","date_gmt":"2026-03-08T02:19:15","guid":{"rendered":"https:\/\/grupotextil.es\/producto\/bolsa-de-tela-carryall-estampado-leopardo\/"},"modified":"2026-03-08T03:19:15","modified_gmt":"2026-03-08T02:19:15","slug":"bolsa-de-tela-carryall-estampado-leopardo","status":"publish","type":"product","link":"https:\/\/grupotextil.es\/ca\/product\/bolsa-de-tela-carryall-estampado-leopardo\/","title":{"rendered":"Bag Fabric carryall estampado leopardo"},"content":{"rendered":"<ul>\n<li>230 g\/m\u00b2<\/li>\n<li>100 % poli\u00e9ster (reciclado, 600 D)<\/li>\n<li>Contiene 100 % poli\u00e9ster reciclado certificado GRS (certificado por Control Union CU811033)<\/li>\n<li>Dise\u00f1o con estampado de leopardo<\/li>\n<li>Bolsillo interior con cremallera<\/li>\n<li>Forro con acceso mediante cremallera oculta para personalizaci\u00f3n<\/li>\n<li>Cierre con bot\u00f3n a presi\u00f3n<\/li>\n<li>Asa de mano con cierre de bot\u00f3n a presi\u00f3n<\/li>\n<li>Se puede llevar en la mano o sobre el hombro<\/li>\n<li>Etiqueta extra\u00edble para facilitar el cambio de marca<\/li>\n<li>Capacidad: 25 litros<\/li>\n<li>Dimensiones: 37 x 36 x 20 cm<\/li>\n<\/ul>","protected":false},"excerpt":{"rendered":"<p>230 g\/m\u00b2100 % poli\u00e9ster (reciclado, 600 D)Contiene 100 % poli\u00e9ster reciclado certificado GRS (certificado por Control Union CU811033)Dise\u00f1o con estampado de leopardoBolsillo interior con cremalleraFor<\/p>","protected":false},"featured_media":416276,"comment_status":"open","ping_status":"closed","template":"","meta":{"_acf_changed":false},"product_brand":[11668],"product_cat":[13948,13954],"product_tag":[14010],"class_list":{"0":"post-378038","1":"product","2":"type-product","3":"status-publish","4":"has-post-thumbnail","6":"product_brand-bag-base","7":"product_cat-accesorios","8":"product_cat-acc-bolsas-y-mochilas","9":"product_tag-nuevo-2026","10":"tm-no-options","12":"first","13":"instock","14":"taxable","15":"shipping-taxable","16":"product-type-variable"},"acf":[],"_links":{"self":[{"href":"https:\/\/grupotextil.es\/ca\/wp-json\/wp\/v2\/product\/378038","targetHints":{"allow":["GET"]}}],"collection":[{"href":"https:\/\/grupotextil.es\/ca\/wp-json\/wp\/v2\/product"}],"about":[{"href":"https:\/\/grupotextil.es\/ca\/wp-json\/wp\/v2\/types\/product"}],"replies":[{"embeddable":true,"href":"https:\/\/grupotextil.es\/ca\/wp-json\/wp\/v2\/comments?post=378038"}],"wp:featuredmedia":[{"embeddable":true,"href":"https:\/\/grupotextil.es\/ca\/wp-json\/wp\/v2\/media\/416276"}],"wp:attachment":[{"href":"https:\/\/grupotextil.es\/ca\/wp-json\/wp\/v2\/media?parent=378038"}],"wp:term":[{"taxonomy":"product_brand","embeddable":true,"href":"https:\/\/grupotextil.es\/ca\/wp-json\/wp\/v2\/product_brand?post=378038"},{"taxonomy":"product_cat","embeddable":true,"href":"https:\/\/grupotextil.es\/ca\/wp-json\/wp\/v2\/product_cat?post=378038"},{"taxonomy":"product_tag","embeddable":true,"href":"https:\/\/grupotextil.es\/ca\/wp-json\/wp\/v2\/product_tag?post=378038"}],"curies":[{"name":"wp","href":"https:\/\/api.w.org\/{rel}","templated":true}]}}

<ul>
<li>230 g/m²</li>
<li>100 % poliéster (reciclado, 600 D)</li>
<li>Contiene 100 % poliéster reciclado certificado GRS (certificado por Control Union CU811033)</li>
<li>Diseño con estampado de leopardo</li>
<li>Bolsillo interior con cremallera</li>
<li>Forro con acceso mediante cremallera oculta para personalización</li>
<li>Cierre con botón a presión</li>
<li>Asa de mano con cierre de botón a presión</li>
<li>Se puede llevar en la mano o sobre el hombro</li>
<li>Etiqueta extraíble para facilitar el cambio de marca</li>
<li>Capacidad: 25 litros</li>
<li>Dimensiones: 37 x 36 x 20 cm</li>
</ul>

<p>230 g/m²100 % poliéster (reciclado, 600 D)Contiene 100 % poliéster reciclado certificado GRS (certificado por Control Union CU811033)Diseño con estampado de leopardoBolsillo interior con cremalleraFor</p>
