{"id":378083,"date":"2026-03-08T03:19:19","date_gmt":"2026-03-08T02:19:19","guid":{"rendered":"https:\/\/grupotextil.es\/producto\/mochila-estampado-leopardo\/"},"modified":"2026-03-08T03:19:19","modified_gmt":"2026-03-08T02:19:19","slug":"mochila-estampado-leopardo","status":"publish","type":"product","link":"https:\/\/grupotextil.es\/ca\/product\/mochila-estampado-leopardo\/","title":{"rendered":"Mochila estampado leopardo"},"content":{"rendered":"<ul>\n<li>230 g\/m\u00b2<\/li>\n<li>100 % poli\u00e9ster (reciclado, 600 D)<\/li>\n<li>Contiene 100 % poli\u00e9ster reciclado certificado GRS (certificado por Control Union CU811033)<\/li>\n<li>Dise\u00f1o con estampado de leopardo<\/li>\n<li>Bolsillo frontal con cremallera<\/li>\n<li>Bolsillos laterales<\/li>\n<li>Compartimento interno para port\u00e1til<\/li>\n<li>Panel trasero acolchado<\/li>\n<li>Correas de hombro ajustables y acolchadas<\/li>\n<li>Asa de mano<\/li>\n<li>Etiqueta extra\u00edble para facilitar el cambio de marca<\/li>\n<li>Capacidad: 20 litros<\/li>\n<li>Dimensiones: 45 x 31 x 16 cm<\/li>\n<\/ul>","protected":false},"excerpt":{"rendered":"<p>230 g\/m\u00b2100 % poli\u00e9ster (reciclado, 600 D)Contiene 100 % poli\u00e9ster reciclado certificado GRS (certificado por Control Union CU811033)Dise\u00f1o con estampado de leopardoBolsillo frontal con cremalleraBols<\/p>","protected":false},"featured_media":416335,"comment_status":"open","ping_status":"closed","template":"","meta":{"_acf_changed":false},"product_brand":[11668],"product_cat":[13948,13954],"product_tag":[14010],"class_list":{"0":"post-378083","1":"product","2":"type-product","3":"status-publish","4":"has-post-thumbnail","6":"product_brand-bag-base","7":"product_cat-accesorios","8":"product_cat-acc-bolsas-y-mochilas","9":"product_tag-nuevo-2026","10":"tm-no-options","12":"first","13":"instock","14":"taxable","15":"shipping-taxable","16":"product-type-variable"},"acf":[],"_links":{"self":[{"href":"https:\/\/grupotextil.es\/ca\/wp-json\/wp\/v2\/product\/378083","targetHints":{"allow":["GET"]}}],"collection":[{"href":"https:\/\/grupotextil.es\/ca\/wp-json\/wp\/v2\/product"}],"about":[{"href":"https:\/\/grupotextil.es\/ca\/wp-json\/wp\/v2\/types\/product"}],"replies":[{"embeddable":true,"href":"https:\/\/grupotextil.es\/ca\/wp-json\/wp\/v2\/comments?post=378083"}],"wp:featuredmedia":[{"embeddable":true,"href":"https:\/\/grupotextil.es\/ca\/wp-json\/wp\/v2\/media\/416335"}],"wp:attachment":[{"href":"https:\/\/grupotextil.es\/ca\/wp-json\/wp\/v2\/media?parent=378083"}],"wp:term":[{"taxonomy":"product_brand","embeddable":true,"href":"https:\/\/grupotextil.es\/ca\/wp-json\/wp\/v2\/product_brand?post=378083"},{"taxonomy":"product_cat","embeddable":true,"href":"https:\/\/grupotextil.es\/ca\/wp-json\/wp\/v2\/product_cat?post=378083"},{"taxonomy":"product_tag","embeddable":true,"href":"https:\/\/grupotextil.es\/ca\/wp-json\/wp\/v2\/product_tag?post=378083"}],"curies":[{"name":"wp","href":"https:\/\/api.w.org\/{rel}","templated":true}]}}

<ul>
<li>230 g/m²</li>
<li>100 % poliéster (reciclado, 600 D)</li>
<li>Contiene 100 % poliéster reciclado certificado GRS (certificado por Control Union CU811033)</li>
<li>Diseño con estampado de leopardo</li>
<li>Bolsillo frontal con cremallera</li>
<li>Bolsillos laterales</li>
<li>Compartimento interno para portátil</li>
<li>Panel trasero acolchado</li>
<li>Correas de hombro ajustables y acolchadas</li>
<li>Asa de mano</li>
<li>Etiqueta extraíble para facilitar el cambio de marca</li>
<li>Capacidad: 20 litros</li>
<li>Dimensiones: 45 x 31 x 16 cm</li>
</ul>

<p>230 g/m²100 % poliéster (reciclado, 600 D)Contiene 100 % poliéster reciclado certificado GRS (certificado por Control Union CU811033)Diseño con estampado de leopardoBolsillo frontal con cremalleraBols</p>
