{"id":378280,"date":"2026-03-08T03:19:42","date_gmt":"2026-03-08T02:19:42","guid":{"rendered":"https:\/\/grupotextil.es\/producto\/gorra-classic-snapback-curvada\/"},"modified":"2026-03-08T03:19:42","modified_gmt":"2026-03-08T02:19:42","slug":"gorra-classic-snapback-curvada","status":"publish","type":"product","link":"https:\/\/grupotextil.es\/ca\/product\/gorra-classic-snapback-curvada\/","title":{"rendered":"Cap Classic Snapback curvada"},"content":{"rendered":"<ul>\n<li>290 g\/ m\u00b2<\/li>\n<li>60% algod\u00f3n y 40% poli\u00e9ster<\/li>\n<li>Gorra de 6 paneles<\/li>\n<li>Visera con ocho hileras de costuras<\/li>\n<li>Ojales<\/li>\n<li>Ajustador de tama\u00f1o snapback<\/li>\n<li>Visera permacurvada patentada<\/li>\n<\/ul>","protected":false},"excerpt":{"rendered":"<p>290 g\/ m\u00b260% algod\u00f3n y 40% poli\u00e9sterGorra de 6 panelesVisera con ocho hileras de costurasOjalesAjustador de tama\u00f1o snapbackVisera permacurvada patentada<\/p>","protected":false},"featured_media":416660,"comment_status":"open","ping_status":"closed","template":"","meta":{"_acf_changed":false},"product_brand":[11678],"product_cat":[13948,13954],"product_tag":[14009],"class_list":{"0":"post-378280","1":"product","2":"type-product","3":"status-publish","4":"has-post-thumbnail","6":"product_brand-flexfit","7":"product_cat-accesorios","8":"product_cat-acc-bolsas-y-mochilas","9":"product_tag-top-ventas","10":"tm-no-options","12":"first","13":"instock","14":"taxable","15":"shipping-taxable","16":"product-type-variable"},"acf":[],"_links":{"self":[{"href":"https:\/\/grupotextil.es\/ca\/wp-json\/wp\/v2\/product\/378280","targetHints":{"allow":["GET"]}}],"collection":[{"href":"https:\/\/grupotextil.es\/ca\/wp-json\/wp\/v2\/product"}],"about":[{"href":"https:\/\/grupotextil.es\/ca\/wp-json\/wp\/v2\/types\/product"}],"replies":[{"embeddable":true,"href":"https:\/\/grupotextil.es\/ca\/wp-json\/wp\/v2\/comments?post=378280"}],"wp:featuredmedia":[{"embeddable":true,"href":"https:\/\/grupotextil.es\/ca\/wp-json\/wp\/v2\/media\/416660"}],"wp:attachment":[{"href":"https:\/\/grupotextil.es\/ca\/wp-json\/wp\/v2\/media?parent=378280"}],"wp:term":[{"taxonomy":"product_brand","embeddable":true,"href":"https:\/\/grupotextil.es\/ca\/wp-json\/wp\/v2\/product_brand?post=378280"},{"taxonomy":"product_cat","embeddable":true,"href":"https:\/\/grupotextil.es\/ca\/wp-json\/wp\/v2\/product_cat?post=378280"},{"taxonomy":"product_tag","embeddable":true,"href":"https:\/\/grupotextil.es\/ca\/wp-json\/wp\/v2\/product_tag?post=378280"}],"curies":[{"name":"wp","href":"https:\/\/api.w.org\/{rel}","templated":true}]}}

<ul>
<li>290 g/ m²</li>
<li>60% algodón y 40% poliéster</li>
<li>Gorra de 6 paneles</li>
<li>Visera con ocho hileras de costuras</li>
<li>Ojales</li>
<li>Ajustador de tamaño snapback</li>
<li>Visera permacurvada patentada</li>
</ul>

<p>290 g/ m²60% algodón y 40% poliésterGorra de 6 panelesVisera con ocho hileras de costurasOjalesAjustador de tamaño snapbackVisera permacurvada patentada</p>
