{"id":378423,"date":"2026-03-08T03:19:55","date_gmt":"2026-03-08T02:19:55","guid":{"rendered":"https:\/\/grupotextil.es\/producto\/sombrero-nino-algodon-flexfit\/"},"modified":"2026-03-08T03:19:55","modified_gmt":"2026-03-08T02:19:55","slug":"sombrero-nino-algodon-flexfit","status":"publish","type":"product","link":"https:\/\/grupotextil.es\/ca\/product\/sombrero-nino-algodon-flexfit\/","title":{"rendered":"Sombrero Kids algod\u00f3n Flexfit"},"content":{"rendered":"<ul>\n<li>277g\/m\u00b2<\/li>\n<li>98% algod\u00f3n, 2% elastano<\/li>\n<li>Forma de arruga cl\u00e1sica<\/li>\n<li>Ojales<\/li>\n<li>Ala plana<\/li>\n<li>Costuras decorativas<\/li>\n<li>Talla \u00fanica para todos<\/li>\n<\/ul>","protected":false},"excerpt":{"rendered":"<p>277g\/m\u00b298% algod\u00f3n, 2% elastanoForma de arruga cl\u00e1sicaOjalesAla planaCosturas decorativasTalla \u00fanica para todos<\/p>","protected":false},"featured_media":416913,"comment_status":"open","ping_status":"closed","template":"","meta":{"_acf_changed":false},"product_brand":[11678],"product_cat":[13948,13954],"product_tag":[],"class_list":{"0":"post-378423","1":"product","2":"type-product","3":"status-publish","4":"has-post-thumbnail","6":"product_brand-flexfit","7":"product_cat-accesorios","8":"product_cat-acc-bolsas-y-mochilas","9":"tm-no-options","11":"first","12":"instock","13":"taxable","14":"shipping-taxable","15":"product-type-variable"},"acf":[],"_links":{"self":[{"href":"https:\/\/grupotextil.es\/ca\/wp-json\/wp\/v2\/product\/378423","targetHints":{"allow":["GET"]}}],"collection":[{"href":"https:\/\/grupotextil.es\/ca\/wp-json\/wp\/v2\/product"}],"about":[{"href":"https:\/\/grupotextil.es\/ca\/wp-json\/wp\/v2\/types\/product"}],"replies":[{"embeddable":true,"href":"https:\/\/grupotextil.es\/ca\/wp-json\/wp\/v2\/comments?post=378423"}],"wp:featuredmedia":[{"embeddable":true,"href":"https:\/\/grupotextil.es\/ca\/wp-json\/wp\/v2\/media\/416913"}],"wp:attachment":[{"href":"https:\/\/grupotextil.es\/ca\/wp-json\/wp\/v2\/media?parent=378423"}],"wp:term":[{"taxonomy":"product_brand","embeddable":true,"href":"https:\/\/grupotextil.es\/ca\/wp-json\/wp\/v2\/product_brand?post=378423"},{"taxonomy":"product_cat","embeddable":true,"href":"https:\/\/grupotextil.es\/ca\/wp-json\/wp\/v2\/product_cat?post=378423"},{"taxonomy":"product_tag","embeddable":true,"href":"https:\/\/grupotextil.es\/ca\/wp-json\/wp\/v2\/product_tag?post=378423"}],"curies":[{"name":"wp","href":"https:\/\/api.w.org\/{rel}","templated":true}]}}

Sombrero Kids algodón Flexfit

<ul>
<li>277g/m²</li>
<li>98% algodón, 2% elastano</li>
<li>Forma de arruga clásica</li>
<li>Ojales</li>
<li>Ala plana</li>
<li>Costuras decorativas</li>
<li>Talla única para todos</li>
</ul>

<p>277g/m²98% algodón, 2% elastanoForma de arruga clásicaOjalesAla planaCosturas decorativasTalla única para todos</p>
