{"id":378453,"date":"2026-03-08T03:19:56","date_gmt":"2026-03-08T02:19:56","guid":{"rendered":"https:\/\/grupotextil.es\/producto\/bolsa-de-tela-edit\/"},"modified":"2026-03-08T03:19:56","modified_gmt":"2026-03-08T02:19:56","slug":"bolsa-de-tela-edit","status":"publish","type":"product","link":"https:\/\/grupotextil.es\/ca\/product\/bolsa-de-tela-edit\/","title":{"rendered":"Bag Fabric Edit"},"content":{"rendered":"<ul>\n<li>270 g\/m\u00b2<\/li>\n<li>62 % poli\u00e9ster (reciclado), 25 % algod\u00f3n, 11 % viscosa y 2 % otras fibras<\/li>\n<li>Contiene 100 % poli\u00e9ster reciclado certificado GRS (certificado por Control Union CU811033)<\/li>\n<li>Compartimento principal con cremallera<\/li>\n<li>Bolsillo delantero abierto<\/li>\n<li>Asas de cinta suave para m\u00e1xima comodidad<\/li>\n<li>Se puede llevar en la mano o sobre el hombro<\/li>\n<li>Etiqueta extra\u00edble para facilitar el cambio de marca<\/li>\n<li>Capacidad: 25 litros<\/li>\n<li>Dimensiones: 40 x 36 x 18 cm<\/li>\n<\/ul>","protected":false},"excerpt":{"rendered":"<p>270 g\/m\u00b262 % poli\u00e9ster (reciclado), 25 % algod\u00f3n, 11 % viscosa y 2 % otras fibrasContiene 100 % poli\u00e9ster reciclado certificado GRS (certificado por Control Union CU811033)Compartimento principal con<\/p>","protected":false},"featured_media":416939,"comment_status":"open","ping_status":"closed","template":"","meta":{"_acf_changed":false},"product_brand":[11668],"product_cat":[13948,13954],"product_tag":[14010],"class_list":{"0":"post-378453","1":"product","2":"type-product","3":"status-publish","4":"has-post-thumbnail","6":"product_brand-bag-base","7":"product_cat-accesorios","8":"product_cat-acc-bolsas-y-mochilas","9":"product_tag-nuevo-2026","10":"tm-no-options","12":"first","13":"instock","14":"taxable","15":"shipping-taxable","16":"product-type-variable"},"acf":[],"_links":{"self":[{"href":"https:\/\/grupotextil.es\/ca\/wp-json\/wp\/v2\/product\/378453","targetHints":{"allow":["GET"]}}],"collection":[{"href":"https:\/\/grupotextil.es\/ca\/wp-json\/wp\/v2\/product"}],"about":[{"href":"https:\/\/grupotextil.es\/ca\/wp-json\/wp\/v2\/types\/product"}],"replies":[{"embeddable":true,"href":"https:\/\/grupotextil.es\/ca\/wp-json\/wp\/v2\/comments?post=378453"}],"wp:featuredmedia":[{"embeddable":true,"href":"https:\/\/grupotextil.es\/ca\/wp-json\/wp\/v2\/media\/416939"}],"wp:attachment":[{"href":"https:\/\/grupotextil.es\/ca\/wp-json\/wp\/v2\/media?parent=378453"}],"wp:term":[{"taxonomy":"product_brand","embeddable":true,"href":"https:\/\/grupotextil.es\/ca\/wp-json\/wp\/v2\/product_brand?post=378453"},{"taxonomy":"product_cat","embeddable":true,"href":"https:\/\/grupotextil.es\/ca\/wp-json\/wp\/v2\/product_cat?post=378453"},{"taxonomy":"product_tag","embeddable":true,"href":"https:\/\/grupotextil.es\/ca\/wp-json\/wp\/v2\/product_tag?post=378453"}],"curies":[{"name":"wp","href":"https:\/\/api.w.org\/{rel}","templated":true}]}}

<ul>
<li>270 g/m²</li>
<li>62 % poliéster (reciclado), 25 % algodón, 11 % viscosa y 2 % otras fibras</li>
<li>Contiene 100 % poliéster reciclado certificado GRS (certificado por Control Union CU811033)</li>
<li>Compartimento principal con cremallera</li>
<li>Bolsillo delantero abierto</li>
<li>Asas de cinta suave para máxima comodidad</li>
<li>Se puede llevar en la mano o sobre el hombro</li>
<li>Etiqueta extraíble para facilitar el cambio de marca</li>
<li>Capacidad: 25 litros</li>
<li>Dimensiones: 40 x 36 x 18 cm</li>
</ul>

<p>270 g/m²62 % poliéster (reciclado), 25 % algodón, 11 % viscosa y 2 % otras fibrasContiene 100 % poliéster reciclado certificado GRS (certificado por Control Union CU811033)Compartimento principal con</p>
