{"id":378674,"date":"2026-03-08T03:20:10","date_gmt":"2026-03-08T02:20:10","guid":{"rendered":"https:\/\/grupotextil.es\/producto\/gorra-cool-and-dry-calocks-trikot\/"},"modified":"2026-03-08T03:20:10","modified_gmt":"2026-03-08T02:20:10","slug":"gorra-cool-and-dry-calocks-trikot","status":"publish","type":"product","link":"https:\/\/grupotextil.es\/ca\/product\/gorra-cool-and-dry-calocks-trikot\/","title":{"rendered":"Cap Cool and Dry Calocks Trikot"},"content":{"rendered":"<ul>\n<li>100% Poli\u00e9ster (Caplocks Tricot)<\/li>\n<li>Gorra deportiva ligera y fresca<\/li>\n<li>Absorbe la humedad y se seca r\u00e1pidamente<\/li>\n<li>Transpirable<\/li>\n<li>Tejido bucaram r\u00edgido<\/li>\n<li>6 paneles<\/li>\n<li>Visera con 8 filas de pespuntes<\/li>\n<li>Visera inferior en color de contraste (plata)<\/li>\n<li>Visera precurvada<\/li>\n<li>Banda el\u00e1stica integrada<\/li>\n<\/ul>","protected":false},"excerpt":{"rendered":"<p>100% Poli\u00e9ster (Caplocks Tricot)Gorra deportiva ligera y frescaAbsorbe la humedad y se seca r\u00e1pidamenteTranspirableTejido bucaram r\u00edgido6 panelesVisera con 8 filas de pespuntesVisera inferior en color<\/p>","protected":false},"featured_media":417344,"comment_status":"open","ping_status":"closed","template":"","meta":{"_acf_changed":false},"product_brand":[11678],"product_cat":[13948],"product_tag":[],"class_list":{"0":"post-378674","1":"product","2":"type-product","3":"status-publish","4":"has-post-thumbnail","6":"product_brand-flexfit","7":"product_cat-accesorios","8":"tm-no-options","10":"first","11":"instock","12":"taxable","13":"shipping-taxable","14":"product-type-variable"},"acf":[],"_links":{"self":[{"href":"https:\/\/grupotextil.es\/ca\/wp-json\/wp\/v2\/product\/378674","targetHints":{"allow":["GET"]}}],"collection":[{"href":"https:\/\/grupotextil.es\/ca\/wp-json\/wp\/v2\/product"}],"about":[{"href":"https:\/\/grupotextil.es\/ca\/wp-json\/wp\/v2\/types\/product"}],"replies":[{"embeddable":true,"href":"https:\/\/grupotextil.es\/ca\/wp-json\/wp\/v2\/comments?post=378674"}],"wp:featuredmedia":[{"embeddable":true,"href":"https:\/\/grupotextil.es\/ca\/wp-json\/wp\/v2\/media\/417344"}],"wp:attachment":[{"href":"https:\/\/grupotextil.es\/ca\/wp-json\/wp\/v2\/media?parent=378674"}],"wp:term":[{"taxonomy":"product_brand","embeddable":true,"href":"https:\/\/grupotextil.es\/ca\/wp-json\/wp\/v2\/product_brand?post=378674"},{"taxonomy":"product_cat","embeddable":true,"href":"https:\/\/grupotextil.es\/ca\/wp-json\/wp\/v2\/product_cat?post=378674"},{"taxonomy":"product_tag","embeddable":true,"href":"https:\/\/grupotextil.es\/ca\/wp-json\/wp\/v2\/product_tag?post=378674"}],"curies":[{"name":"wp","href":"https:\/\/api.w.org\/{rel}","templated":true}]}}

<ul>
<li>100% Poliéster (Caplocks Tricot)</li>
<li>Gorra deportiva ligera y fresca</li>
<li>Absorbe la humedad y se seca rápidamente</li>
<li>Transpirable</li>
<li>Tejido bucaram rígido</li>
<li>6 paneles</li>
<li>Visera con 8 filas de pespuntes</li>
<li>Visera inferior en color de contraste (plata)</li>
<li>Visera precurvada</li>
<li>Banda elástica integrada</li>
</ul>

<p>100% Poliéster (Caplocks Tricot)Gorra deportiva ligera y frescaAbsorbe la humedad y se seca rápidamenteTranspirableTejido bucaram rígido6 panelesVisera con 8 filas de pespuntesVisera inferior en color</p>
