{"id":378723,"date":"2026-03-08T03:20:18","date_gmt":"2026-03-08T02:20:18","guid":{"rendered":"https:\/\/grupotextil.es\/producto\/gorra-de-seguridad-bump\/"},"modified":"2026-03-08T03:20:18","modified_gmt":"2026-03-08T02:20:18","slug":"gorra-de-seguridad-bump","status":"publish","type":"product","link":"https:\/\/grupotextil.es\/ca\/product\/gorra-de-seguridad-bump\/","title":{"rendered":"Cap Safety Bump"},"content":{"rendered":"<ul>\n<li>100% poli\u00e9ster<\/li>\n<li>Ojales amplios de ventilaci\u00f3n con malla<\/li>\n<li>Cinta de algod\u00f3n incorporada para el sudor<\/li>\n<li>Ribete reflectante en la visera<\/li>\n<li>Cierre ajustable trasero<\/li>\n<li>Cumple con EN812: 2012<\/li>\n<\/ul>","protected":false},"excerpt":{"rendered":"<p>100% poli\u00e9sterOjales amplios de ventilaci\u00f3n con mallaCinta de algod\u00f3n incorporada para el sudorRibete reflectante en la viseraCierre ajustable traseroCumple con EN812: 2012<\/p>","protected":false},"featured_media":417491,"comment_status":"open","ping_status":"closed","template":"","meta":{"_acf_changed":false},"product_brand":[11663],"product_cat":[13948],"product_tag":[],"class_list":{"0":"post-378723","1":"product","2":"type-product","3":"status-publish","4":"has-post-thumbnail","6":"product_brand-yoko","7":"product_cat-accesorios","8":"tm-no-options","10":"first","11":"instock","12":"taxable","13":"shipping-taxable","14":"product-type-variable"},"acf":[],"_links":{"self":[{"href":"https:\/\/grupotextil.es\/ca\/wp-json\/wp\/v2\/product\/378723","targetHints":{"allow":["GET"]}}],"collection":[{"href":"https:\/\/grupotextil.es\/ca\/wp-json\/wp\/v2\/product"}],"about":[{"href":"https:\/\/grupotextil.es\/ca\/wp-json\/wp\/v2\/types\/product"}],"replies":[{"embeddable":true,"href":"https:\/\/grupotextil.es\/ca\/wp-json\/wp\/v2\/comments?post=378723"}],"wp:featuredmedia":[{"embeddable":true,"href":"https:\/\/grupotextil.es\/ca\/wp-json\/wp\/v2\/media\/417491"}],"wp:attachment":[{"href":"https:\/\/grupotextil.es\/ca\/wp-json\/wp\/v2\/media?parent=378723"}],"wp:term":[{"taxonomy":"product_brand","embeddable":true,"href":"https:\/\/grupotextil.es\/ca\/wp-json\/wp\/v2\/product_brand?post=378723"},{"taxonomy":"product_cat","embeddable":true,"href":"https:\/\/grupotextil.es\/ca\/wp-json\/wp\/v2\/product_cat?post=378723"},{"taxonomy":"product_tag","embeddable":true,"href":"https:\/\/grupotextil.es\/ca\/wp-json\/wp\/v2\/product_tag?post=378723"}],"curies":[{"name":"wp","href":"https:\/\/api.w.org\/{rel}","templated":true}]}}

<ul>
<li>100% poliéster</li>
<li>Ojales amplios de ventilación con malla</li>
<li>Cinta de algodón incorporada para el sudor</li>
<li>Ribete reflectante en la visera</li>
<li>Cierre ajustable trasero</li>
<li>Cumple con EN812: 2012</li>
</ul>

<p>100% poliésterOjales amplios de ventilación con mallaCinta de algodón incorporada para el sudorRibete reflectante en la viseraCierre ajustable traseroCumple con EN812: 2012</p>
