{"id":378735,"date":"2026-03-08T03:20:19","date_gmt":"2026-03-08T02:20:19","guid":{"rendered":"https:\/\/grupotextil.es\/producto\/gorra-snapback-joven\/"},"modified":"2026-03-08T03:20:19","modified_gmt":"2026-03-08T02:20:19","slug":"gorra-snapback-joven","status":"publish","type":"product","link":"https:\/\/grupotextil.es\/ca\/product\/gorra-snapback-joven\/","title":{"rendered":"Cap Snapback Joven"},"content":{"rendered":"<ul>\n<li>100% algod\u00f3n<\/li>\n<li>Detalles en color de contraste<\/li>\n<li>5 paneles<\/li>\n<li>Visera plana con 6 filas de pespuntes<\/li>\n<li>Etiqueta extra\u00edble para f\u00e1cil re-etiquetado<\/li>\n<li>Talla joven (53-58 cm)<\/li>\n<li>Cierre ajustable estilo retro<\/li>\n<\/ul>","protected":false},"excerpt":{"rendered":"<p>100% algod\u00f3nDetalles en color de contraste5 panelesVisera plana con 6 filas de pespuntesEtiqueta extra\u00edble para f\u00e1cil re-etiquetadoTalla joven (53-58 cm)Cierre ajustable estilo retro<\/p>","protected":false},"featured_media":417530,"comment_status":"open","ping_status":"closed","template":"","meta":{"_acf_changed":false},"product_brand":[11655],"product_cat":[13948],"product_tag":[],"class_list":{"0":"post-378735","1":"product","2":"type-product","3":"status-publish","4":"has-post-thumbnail","6":"product_brand-beechfield","7":"product_cat-accesorios","8":"tm-no-options","10":"first","11":"instock","12":"taxable","13":"shipping-taxable","14":"product-type-variable"},"acf":[],"_links":{"self":[{"href":"https:\/\/grupotextil.es\/ca\/wp-json\/wp\/v2\/product\/378735","targetHints":{"allow":["GET"]}}],"collection":[{"href":"https:\/\/grupotextil.es\/ca\/wp-json\/wp\/v2\/product"}],"about":[{"href":"https:\/\/grupotextil.es\/ca\/wp-json\/wp\/v2\/types\/product"}],"replies":[{"embeddable":true,"href":"https:\/\/grupotextil.es\/ca\/wp-json\/wp\/v2\/comments?post=378735"}],"wp:featuredmedia":[{"embeddable":true,"href":"https:\/\/grupotextil.es\/ca\/wp-json\/wp\/v2\/media\/417530"}],"wp:attachment":[{"href":"https:\/\/grupotextil.es\/ca\/wp-json\/wp\/v2\/media?parent=378735"}],"wp:term":[{"taxonomy":"product_brand","embeddable":true,"href":"https:\/\/grupotextil.es\/ca\/wp-json\/wp\/v2\/product_brand?post=378735"},{"taxonomy":"product_cat","embeddable":true,"href":"https:\/\/grupotextil.es\/ca\/wp-json\/wp\/v2\/product_cat?post=378735"},{"taxonomy":"product_tag","embeddable":true,"href":"https:\/\/grupotextil.es\/ca\/wp-json\/wp\/v2\/product_tag?post=378735"}],"curies":[{"name":"wp","href":"https:\/\/api.w.org\/{rel}","templated":true}]}}

<ul>
<li>100% algodón</li>
<li>Detalles en color de contraste</li>
<li>5 paneles</li>
<li>Visera plana con 6 filas de pespuntes</li>
<li>Etiqueta extraíble para fácil re-etiquetado</li>
<li>Talla joven (53-58 cm)</li>
<li>Cierre ajustable estilo retro</li>
</ul>

<p>100% algodónDetalles en color de contraste5 panelesVisera plana con 6 filas de pespuntesEtiqueta extraíble para fácil re-etiquetadoTalla joven (53-58 cm)Cierre ajustable estilo retro</p>
