{"id":378739,"date":"2026-03-08T03:20:20","date_gmt":"2026-03-08T02:20:20","guid":{"rendered":"https:\/\/grupotextil.es\/producto\/snapback-clasica-multicam\/"},"modified":"2026-03-08T03:20:20","modified_gmt":"2026-03-08T02:20:20","slug":"snapback-clasica-multicam","status":"publish","type":"product","link":"https:\/\/grupotextil.es\/ca\/product\/snapback-clasica-multicam\/","title":{"rendered":"Snapback Classic Multicam\u00ae"},"content":{"rendered":"<ul>\n<li>239 g\/m\u00b2<\/li>\n<li>98% Poli\u00e9ster, 2% Elastano<\/li>\n<li>Patr\u00f3n Multicam (patr\u00f3n de camuflaje especial)<\/li>\n<li>Forma cl\u00e1sica<\/li>\n<li>6 paneles<\/li>\n<li>Visera plana con 8 filas de pespuntes<\/li>\n<li>Visera inferior negra<\/li>\n<li>Cierre ajustable snapback<\/li>\n<\/ul>","protected":false},"excerpt":{"rendered":"<p>239 g\/m\u00b298% Poli\u00e9ster, 2% ElastanoPatr\u00f3n Multicam (patr\u00f3n de camuflaje especial)Forma cl\u00e1sica6 panelesVisera plana con 8 filas de pespuntesVisera inferior negraCierre ajustable snapback<\/p>","protected":false},"featured_media":417552,"comment_status":"open","ping_status":"closed","template":"","meta":{"_acf_changed":false},"product_brand":[11678],"product_cat":[13948],"product_tag":[],"class_list":{"0":"post-378739","1":"product","2":"type-product","3":"status-publish","4":"has-post-thumbnail","6":"product_brand-flexfit","7":"product_cat-accesorios","8":"tm-no-options","10":"first","11":"instock","12":"taxable","13":"shipping-taxable","14":"product-type-variable"},"acf":[],"_links":{"self":[{"href":"https:\/\/grupotextil.es\/ca\/wp-json\/wp\/v2\/product\/378739","targetHints":{"allow":["GET"]}}],"collection":[{"href":"https:\/\/grupotextil.es\/ca\/wp-json\/wp\/v2\/product"}],"about":[{"href":"https:\/\/grupotextil.es\/ca\/wp-json\/wp\/v2\/types\/product"}],"replies":[{"embeddable":true,"href":"https:\/\/grupotextil.es\/ca\/wp-json\/wp\/v2\/comments?post=378739"}],"wp:featuredmedia":[{"embeddable":true,"href":"https:\/\/grupotextil.es\/ca\/wp-json\/wp\/v2\/media\/417552"}],"wp:attachment":[{"href":"https:\/\/grupotextil.es\/ca\/wp-json\/wp\/v2\/media?parent=378739"}],"wp:term":[{"taxonomy":"product_brand","embeddable":true,"href":"https:\/\/grupotextil.es\/ca\/wp-json\/wp\/v2\/product_brand?post=378739"},{"taxonomy":"product_cat","embeddable":true,"href":"https:\/\/grupotextil.es\/ca\/wp-json\/wp\/v2\/product_cat?post=378739"},{"taxonomy":"product_tag","embeddable":true,"href":"https:\/\/grupotextil.es\/ca\/wp-json\/wp\/v2\/product_tag?post=378739"}],"curies":[{"name":"wp","href":"https:\/\/api.w.org\/{rel}","templated":true}]}}

<ul>
<li>239 g/m²</li>
<li>98% Poliéster, 2% Elastano</li>
<li>Patrón Multicam (patrón de camuflaje especial)</li>
<li>Forma clásica</li>
<li>6 paneles</li>
<li>Visera plana con 8 filas de pespuntes</li>
<li>Visera inferior negra</li>
<li>Cierre ajustable snapback</li>
</ul>

<p>239 g/m²98% Poliéster, 2% ElastanoPatrón Multicam (patrón de camuflaje especial)Forma clásica6 panelesVisera plana con 8 filas de pespuntesVisera inferior negraCierre ajustable snapback</p>
