{"id":379162,"date":"2026-03-08T03:21:19","date_gmt":"2026-03-08T02:21:19","guid":{"rendered":"https:\/\/grupotextil.es\/producto\/windrunner\/"},"modified":"2026-03-08T03:21:19","modified_gmt":"2026-03-08T02:21:19","slug":"windrunner","status":"publish","type":"product","link":"https:\/\/grupotextil.es\/ca\/product\/windrunner\/","title":{"rendered":"Windrunner"},"content":{"rendered":"<ul>\n<li>70 g\/m\u00b2<\/li>\n<li>100% nailon, 230T<\/li>\n<li>Forro 1: 100% Poli\u00e9ster, Malla (130 g\/m\u00b2)<\/li>\n<li>Forro 2: 100% poli\u00e9ster, 230T, tafet\u00e1n<\/li>\n<li>Capucha con costura divisoria<\/li>\n<li>Cremallera a juego<\/li>\n<li>Pu\u00f1os anchos de canal\u00e9<\/li>\n<li>Bolsillos laterales con cremallera.<\/li>\n<\/ul>","protected":false},"excerpt":{"rendered":"<p>70 g\/m\u00b2100% nailon, 230TForro 1: 100% Poli\u00e9ster, Malla (130 g\/m\u00b2)Forro 2: 100% poli\u00e9ster, 230T, tafet\u00e1nCapucha con costura divisoriaCremallera a juegoPu\u00f1os anchos de canal\u00e9Bolsillos laterales con c&#8230;<\/p>","protected":false},"featured_media":418548,"comment_status":"open","ping_status":"closed","template":"","meta":{"_acf_changed":false},"product_brand":[11675],"product_cat":[13981,13990,13974,13975,13973],"product_tag":[14009],"class_list":{"0":"post-379162","1":"product","2":"type-product","3":"status-publish","4":"has-post-thumbnail","6":"product_brand-build-your-brand","7":"product_cat-h-chaquetas-y-abrigos","8":"product_cat-m-chaquetas-y-abrigos","9":"product_cat-ropa-hombre","10":"product_cat-ropa-mujer","11":"product_cat-ropa","12":"product_tag-top-ventas","13":"tm-no-options","15":"first","16":"instock","17":"taxable","18":"shipping-taxable","19":"product-type-variable"},"acf":[],"_links":{"self":[{"href":"https:\/\/grupotextil.es\/ca\/wp-json\/wp\/v2\/product\/379162","targetHints":{"allow":["GET"]}}],"collection":[{"href":"https:\/\/grupotextil.es\/ca\/wp-json\/wp\/v2\/product"}],"about":[{"href":"https:\/\/grupotextil.es\/ca\/wp-json\/wp\/v2\/types\/product"}],"replies":[{"embeddable":true,"href":"https:\/\/grupotextil.es\/ca\/wp-json\/wp\/v2\/comments?post=379162"}],"wp:featuredmedia":[{"embeddable":true,"href":"https:\/\/grupotextil.es\/ca\/wp-json\/wp\/v2\/media\/418548"}],"wp:attachment":[{"href":"https:\/\/grupotextil.es\/ca\/wp-json\/wp\/v2\/media?parent=379162"}],"wp:term":[{"taxonomy":"product_brand","embeddable":true,"href":"https:\/\/grupotextil.es\/ca\/wp-json\/wp\/v2\/product_brand?post=379162"},{"taxonomy":"product_cat","embeddable":true,"href":"https:\/\/grupotextil.es\/ca\/wp-json\/wp\/v2\/product_cat?post=379162"},{"taxonomy":"product_tag","embeddable":true,"href":"https:\/\/grupotextil.es\/ca\/wp-json\/wp\/v2\/product_tag?post=379162"}],"curies":[{"name":"wp","href":"https:\/\/api.w.org\/{rel}","templated":true}]}}

<ul>
<li>70 g/m²</li>
<li>100% nailon, 230T</li>
<li>Forro 1: 100% Poliéster, Malla (130 g/m²)</li>
<li>Forro 2: 100% poliéster, 230T, tafetán</li>
<li>Capucha con costura divisoria</li>
<li>Cremallera a juego</li>
<li>Puños anchos de canalé</li>
<li>Bolsillos laterales con cremallera.</li>
</ul>

<p>70 g/m²100% nailon, 230TForro 1: 100% Poliéster, Malla (130 g/m²)Forro 2: 100% poliéster, 230T, tafetánCapucha con costura divisoriaCremallera a juegoPuños anchos de canaléBolsillos laterales con c&#8230;</p>
